{"id":1217,"date":"2024-12-20T15:25:04","date_gmt":"2024-12-20T14:25:04","guid":{"rendered":"https:\/\/spectacles.lamaisonduconte.com\/?page_id=1217"},"modified":"2025-01-14T11:50:28","modified_gmt":"2025-01-14T10:50:28","slug":"olivier-villanove-ici-maintenant","status":"publish","type":"page","link":"https:\/\/spectacles.lamaisonduconte.com\/index.php\/olivier-villanove-ici-maintenant\/","title":{"rendered":"Olivier Villanove &#8211; Ici maintenant"},"content":{"rendered":"\n<figure class=\"wp-block-image size-full is-resized\" style=\"margin-right:var(--wp--preset--spacing--40);margin-left:var(--wp--preset--spacing--40)\"><img loading=\"lazy\" decoding=\"async\" width=\"567\" height=\"700\" src=\"http:\/\/spectacles.lamaisonduconte.com\/wp-content\/uploads\/2024\/12\/SP-Villanove-ici-maintenant.jpg\" alt=\"\" class=\"wp-image-1215\" style=\"width:357px\" srcset=\"https:\/\/spectacles.lamaisonduconte.com\/wp-content\/uploads\/2024\/12\/SP-Villanove-ici-maintenant.jpg 567w, https:\/\/spectacles.lamaisonduconte.com\/wp-content\/uploads\/2024\/12\/SP-Villanove-ici-maintenant-243x300.jpg 243w\" sizes=\"auto, (max-width: 567px) 100vw, 567px\" \/><\/figure>\n\n\n\n<h2 class=\"wp-block-heading has-foreground-color has-text-color has-link-color wp-elements-fab40a3283761d7119493e0911b49b66\" style=\"padding-right:var(--wp--preset--spacing--40);padding-left:var(--wp--preset--spacing--40)\"><br>ICI, MAINTENANT ?<br><\/h2>\n\n\n\n<blockquote class=\"wp-block-quote has-foreground-color has-text-color has-link-color has-extra-small-font-size wp-elements-6c8a1ca643e12750c95a4d6b4312be61 is-layout-flow wp-block-quote-is-layout-flow\" style=\"padding-right:0;padding-left:0\">\n<h6 class=\"wp-block-heading has-raleway-font-family has-extra-small-font-size\" style=\"padding-right:var(--wp--preset--spacing--40);padding-left:var(--wp--preset--spacing--40)\">G\u00e9ographie, imaginaire, Souvenirs, Lieu, Collectage, M\u00e9moire<br>\u00c2ge\u00a0: lyc\u00e9e, adultes<\/h6>\n\n\n\n<p><\/p>\n<\/blockquote>\n\n\n\n<p class=\"has-foreground-color has-text-color has-link-color wp-elements-122a67e2e19d54ec30b20a2a02452eaf\" style=\"padding-right:var(--wp--preset--spacing--40);padding-left:var(--wp--preset--spacing--40)\"><br>\u00ab Qu\u2019est ce qu\u2019un lieu nous raconte, habit\u00e9 de ses souvenirs et r\u00e9v\u00e9lant plusieurs strates d\u2019histoires ? Un spectacle comme une mise en situation dans un lieu choisi pour son histoire, sa capacit\u00e9 \u00e0 rassembler et \u00e0 cr\u00e9er de l\u2019imaginaire \u00e0 partir du r\u00e9el. Gr\u00e2ce \u00e0 un dispositif de micro dans le lieu et d\u2019\u00e9coute au casque, le spectateur est invit\u00e9 \u00e0 perdre pied dans l\u2019espace temps, au sein d&rsquo;une bulle dans laquelle s\u2019\u00e9crit le portrait du lieu. \u00bb<\/p>\n\n\n\n<p class=\"has-foreground-color has-text-color has-link-color wp-elements-4b9943a40f5816ba74f9591d1d1d6832\" style=\"padding-right:var(--wp--preset--spacing--40);padding-left:var(--wp--preset--spacing--40)\"><\/p>\n\n\n\n<p class=\"has-foreground-color has-text-color has-link-color wp-elements-ba1238313e84d32e61af7a13624464d4\"><\/p>\n\n\n\n<p class=\"has-foreground-color has-text-color has-link-color wp-elements-c22add14bd029ce33e9a3b34b357ac2c\" style=\"padding-right:var(--wp--preset--spacing--40);padding-left:var(--wp--preset--spacing--40)\"><br><strong>Lieux de repr\u00e9sentation&nbsp;<\/strong>: espace public<\/p>\n\n\n\n<p class=\"has-foreground-color has-text-color has-link-color wp-elements-1f60484bfa7138c103d66fa562fa1aa4\" style=\"padding-top:var(--wp--preset--spacing--40);padding-right:var(--wp--preset--spacing--40);padding-bottom:var(--wp--preset--spacing--40);padding-left:var(--wp--preset--spacing--40)\"><strong>\u00c9quipe artiste&nbsp;au plateau<\/strong>&nbsp;: <a href=\"https:\/\/spectacles.lamaisonduconte.com\/index.php\/olivier-villanove-fiche-artiste\/\" data-type=\"page\" data-id=\"1212\">Olivier Villanove<\/a>, Christophe Modica et Marion Bourdil<\/p>\n\n\n\n<p class=\"has-foreground-color has-text-color has-link-color wp-elements-4b9943a40f5816ba74f9591d1d1d6832\" style=\"padding-right:var(--wp--preset--spacing--40);padding-left:var(--wp--preset--spacing--40)\"><\/p>\n\n\n\n<p class=\"has-foreground-color has-text-color has-link-color wp-elements-1c79c1fc3293c927e9c5b23573300450\" style=\"padding-right:var(--wp--preset--spacing--40);padding-left:var(--wp--preset--spacing--40)\"><strong>Production&nbsp;<\/strong>: <\/p>\n\n\n\n<p class=\"has-foreground-color has-text-color has-link-color wp-elements-08957bdbb2a84da5eca0ab3c4f9efffc\" style=\"padding-right:var(--wp--preset--spacing--40);padding-left:var(--wp--preset--spacing--40)\">Agence de G\u00e9ographie Affective \/ Coproductions et accueils en r\u00e9sidence : L\u2019Atelline &#8211; Lieu d\u2019activation art et espace public, La ville de Castries, La Mairie de Libourne &#8211; Service Festivit\u00e9s et Actions Culturelles, La Maison du Conte, La Spedidam, L\u2019OARA \u2013 Office Artistique de la R\u00e9gion Nouvelle-Aquitaine, L\u2019IDDAC \u2013 Institut D\u00e9partemental de D\u00e9veloppement Artistique et Culturel \u2013 Agence culturelle de la Gironde, la Direction R\u00e9gionale des Affaires Culturelles \u2013 Drac Nouvelle-Aquitaine, le Fonds de soutien \u00e0 la cr\u00e9ation de la Mairie de Bordeaux \/ Aide \u00e0 l&rsquo;\u00e9criture : Ecrire pour la rue \u00bb DGCA\/SACD &#8211; La Paperie \u00e0 Angers \/ Soutiens : Le Citron Jaune &#8211; Centre National des Arts de la Rue, La Gare Franche.<\/p>\n\n\n\n<p class=\"has-foreground-color has-text-color has-link-color wp-elements-4861c563b4dadc57a0686e47d2c4b742\" style=\"padding-top:var(--wp--preset--spacing--60);padding-right:var(--wp--preset--spacing--40);padding-bottom:var(--wp--preset--spacing--60);padding-left:var(--wp--preset--spacing--40)\"><strong>Contact : <\/strong><\/p>\n\n\n\n<p class=\"has-foreground-color has-text-color has-link-color wp-elements-2b814471d5d5eab6967f28492b6ae62f\" style=\"margin-top:var(--wp--preset--spacing--30);margin-right:0;margin-bottom:var(--wp--preset--spacing--30);margin-left:var(--wp--preset--spacing--60);padding-right:var(--wp--preset--spacing--40);padding-left:var(--wp--preset--spacing--40)\">e-mail : <a href=\"mailto:contact@geographieaffective.fr\">contact@geographieaffective.fr<\/a><\/p>\n\n\n\n<p class=\"has-foreground-color has-text-color has-link-color wp-elements-438fe8efe52526a0b537b088098ef9d7\" style=\"padding-right:var(--wp--preset--spacing--40);padding-left:var(--wp--preset--spacing--40)\">Site web : <a href=\"https:\/\/www.geographieaffective.fr\">www.geographieaffective.fr<\/a><\/p>\n","protected":false},"excerpt":{"rendered":"<p>ICI, MAINTENANT ? G\u00e9ographie, imaginaire, Souvenirs, Lieu, Collectage, M\u00e9moire\u00c2ge\u00a0: lyc\u00e9e, adultes \u00ab Qu\u2019est ce qu\u2019un lieu nous raconte, habit\u00e9 de [&hellip;]<\/p>\n","protected":false},"author":1,"featured_media":1215,"parent":0,"menu_order":0,"comment_status":"closed","ping_status":"closed","template":"","meta":{"footnotes":""},"class_list":["post-1217","page","type-page","status-publish","has-post-thumbnail","hentry"],"_links":{"self":[{"href":"https:\/\/spectacles.lamaisonduconte.com\/index.php\/wp-json\/wp\/v2\/pages\/1217","targetHints":{"allow":["GET"]}}],"collection":[{"href":"https:\/\/spectacles.lamaisonduconte.com\/index.php\/wp-json\/wp\/v2\/pages"}],"about":[{"href":"https:\/\/spectacles.lamaisonduconte.com\/index.php\/wp-json\/wp\/v2\/types\/page"}],"author":[{"embeddable":true,"href":"https:\/\/spectacles.lamaisonduconte.com\/index.php\/wp-json\/wp\/v2\/users\/1"}],"replies":[{"embeddable":true,"href":"https:\/\/spectacles.lamaisonduconte.com\/index.php\/wp-json\/wp\/v2\/comments?post=1217"}],"version-history":[{"count":4,"href":"https:\/\/spectacles.lamaisonduconte.com\/index.php\/wp-json\/wp\/v2\/pages\/1217\/revisions"}],"predecessor-version":[{"id":1456,"href":"https:\/\/spectacles.lamaisonduconte.com\/index.php\/wp-json\/wp\/v2\/pages\/1217\/revisions\/1456"}],"wp:featuredmedia":[{"embeddable":true,"href":"https:\/\/spectacles.lamaisonduconte.com\/index.php\/wp-json\/wp\/v2\/media\/1215"}],"wp:attachment":[{"href":"https:\/\/spectacles.lamaisonduconte.com\/index.php\/wp-json\/wp\/v2\/media?parent=1217"}],"curies":[{"name":"wp","href":"https:\/\/api.w.org\/{rel}","templated":true}]}}