{"id":1586,"date":"2025-01-18T15:18:31","date_gmt":"2025-01-18T14:18:31","guid":{"rendered":"https:\/\/spectacles.lamaisonduconte.com\/?page_id=1586"},"modified":"2025-01-21T15:03:47","modified_gmt":"2025-01-21T14:03:47","slug":"sabrina-chezeau-laudace-du-papillon","status":"publish","type":"page","link":"https:\/\/spectacles.lamaisonduconte.com\/index.php\/sabrina-chezeau-laudace-du-papillon\/","title":{"rendered":"Sabrina Ch\u00e9zeau &#8211; L&rsquo;audace du papillon"},"content":{"rendered":"\n<figure class=\"wp-block-image size-full is-resized\" style=\"margin-right:var(--wp--preset--spacing--40);margin-left:var(--wp--preset--spacing--40)\"><img loading=\"lazy\" decoding=\"async\" width=\"567\" height=\"700\" src=\"http:\/\/spectacles.lamaisonduconte.com\/wp-content\/uploads\/2025\/01\/SP-Chezeau-audace-papillon.jpg\" alt=\"\" class=\"wp-image-1584\" style=\"width:357px\" srcset=\"https:\/\/spectacles.lamaisonduconte.com\/wp-content\/uploads\/2025\/01\/SP-Chezeau-audace-papillon.jpg 567w, https:\/\/spectacles.lamaisonduconte.com\/wp-content\/uploads\/2025\/01\/SP-Chezeau-audace-papillon-243x300.jpg 243w\" sizes=\"auto, (max-width: 567px) 100vw, 567px\" \/><\/figure>\n\n\n\n<h2 class=\"wp-block-heading has-foreground-color has-text-color has-link-color wp-elements-274c1b0167a77794250e1c19d6e13b3a\" style=\"padding-right:var(--wp--preset--spacing--40);padding-left:var(--wp--preset--spacing--40);text-transform:uppercase\"><br>l&rsquo;audace du papillon<br><\/h2>\n\n\n\n<blockquote class=\"wp-block-quote has-foreground-color has-text-color has-link-color has-extra-small-font-size wp-elements-027db8bbcdfa4c3ac7d40f5d6edb7e70 is-layout-flow wp-block-quote-is-layout-flow\" style=\"padding-right:0;padding-left:0\">\n<h6 class=\"wp-block-heading has-raleway-font-family has-extra-small-font-size\" style=\"padding-right:var(--wp--preset--spacing--40);padding-left:var(--wp--preset--spacing--40)\">Audace, r\u00eaves, prise de conscience, vie, mort, maladie, gu\u00e9rison, r\u00e9silience, relations de famille, mouvement int\u00e9rieur<br>\u00c2ge\u00a0: 12 ans+<\/h6>\n\n\n\n<p><\/p>\n<\/blockquote>\n\n\n\n<p class=\"has-foreground-color has-text-color has-link-color wp-elements-3aec3a0f8fc9dc597a3fcad29ac21627\" style=\"padding-right:var(--wp--preset--spacing--40);padding-left:var(--wp--preset--spacing--40)\"><br>\u00ab Faut-il attendre de se br\u00fbler les ailes pour oser l\u2019essentiel ? Denise a 55 ans. Une \u00e9preuve de vie vient faire tout basculer et remettre du mouvement dans son existence, en elle et autour d\u2019elle. Dans ce r\u00e9cit lumineux peupl\u00e9 de nombreux personnages, le rire c\u00f4toie la profondeur et le corps danse les mots pour raconter l\u2019urgence de r\u00e9aliser ses r\u00eaves les plus intimes. \u00bb<br><\/p>\n\n\n\n<p class=\"has-foreground-color has-text-color has-link-color wp-elements-ba1238313e84d32e61af7a13624464d4\"><\/p>\n\n\n\n<p class=\"has-foreground-color has-text-color has-link-color wp-elements-0dd571d7468db780e4d625a2c814712c\" style=\"padding-right:var(--wp--preset--spacing--40);padding-left:var(--wp--preset--spacing--40)\"><br><strong>Lieux de repr\u00e9sentation&nbsp;<\/strong>: plateau (r\u00e9gie son et lumi\u00e8re)<\/p>\n\n\n\n<p class=\"has-foreground-color has-text-color has-link-color wp-elements-a54452e89ccd9ab80d12982cdccc454a\" style=\"padding-top:var(--wp--preset--spacing--40);padding-right:var(--wp--preset--spacing--40);padding-bottom:var(--wp--preset--spacing--40);padding-left:var(--wp--preset--spacing--40)\"><strong>\u00c9quipe artiste&nbsp;au plateau<\/strong>&nbsp;: <a href=\"https:\/\/spectacles.lamaisonduconte.com\/index.php\/sabrina-chezeau-fiche-artiste\/\" data-type=\"page\" data-id=\"450\">Sabrina Ch\u00e9zeau<\/a><\/p>\n\n\n\n<p class=\"has-foreground-color has-text-color has-link-color wp-elements-82c996f4047333eb22628ee0372a23ea\" style=\"padding-top:var(--wp--preset--spacing--40);padding-right:var(--wp--preset--spacing--40);padding-bottom:var(--wp--preset--spacing--40);padding-left:var(--wp--preset--spacing--40)\"><strong>Teaser<\/strong>&nbsp;: <\/p>\n\n\n\n<figure class=\"wp-block-embed is-type-video is-provider-youtube wp-block-embed-youtube wp-embed-aspect-16-9 wp-has-aspect-ratio\"><div class=\"wp-block-embed__wrapper\">\n<iframe loading=\"lazy\" title=\"L&#039; Audace du Papillon \u2014 Teaser \u2014 Sabrina Ch\u00e9zeau - 2019\" width=\"500\" height=\"281\" src=\"https:\/\/www.youtube.com\/embed\/TQzw8VgZuZw?feature=oembed\" frameborder=\"0\" allow=\"accelerometer; autoplay; clipboard-write; encrypted-media; gyroscope; picture-in-picture; web-share\" referrerpolicy=\"strict-origin-when-cross-origin\" allowfullscreen><\/iframe>\n<\/div><\/figure>\n\n\n\n<p><\/p>\n\n\n\n<p class=\"has-foreground-color has-text-color has-link-color wp-elements-c5bdcab64ac931c12ff5c078a4a5a6d6\" style=\"padding-right:var(--wp--preset--spacing--40);padding-left:var(--wp--preset--spacing--40)\"><br><strong>Production<\/strong>&nbsp;: La Farouche Compagnie \/ Soutiens financiers : r\u00e9gion Occitanie, D\u00e9partement de l&rsquo;H\u00e9rault \/ Coproductions : Communaut\u00e9 de communes de L\u00e9zignan-Corbi\u00e8res, R\u00e9seau de lecture publique du D\u00e9partement de l\u2019Aude, Ville de Capbreton, Centre culturel Le Chai \u2013 Capendu, Centre culturel Segala Vaur \/ Accueils en r\u00e9sidence : Festival Rumeurs urbaines &#8211; Cie le Temps de vivre, Le Th\u00e9\u00e2tre de l\u2019Arentelle, Commune de F\u00e9lines-Minervois.<\/p>\n\n\n\n<p class=\"has-foreground-color has-text-color has-link-color wp-elements-3a11a4a85727e8c3b894e49a45d2a119\" style=\"padding-top:var(--wp--preset--spacing--60);padding-right:var(--wp--preset--spacing--40);padding-bottom:var(--wp--preset--spacing--60);padding-left:var(--wp--preset--spacing--40)\"><strong>Contact :<\/strong><br>e-mail : <a href=\"mailto:chezeausabrina@gmail.com\">chezeausabrina@gmail.com<\/a><br>Site web : <a href=\"http:\/\/www.sabrinachezeau.com\">www.sabrinachezeau.com<\/a><\/p>\n","protected":false},"excerpt":{"rendered":"<p>l&rsquo;audace du papillon Audace, r\u00eaves, prise de conscience, vie, mort, maladie, gu\u00e9rison, r\u00e9silience, relations de famille, mouvement int\u00e9rieur\u00c2ge\u00a0: 12 ans+ [&hellip;]<\/p>\n","protected":false},"author":1,"featured_media":1584,"parent":0,"menu_order":0,"comment_status":"closed","ping_status":"closed","template":"","meta":{"footnotes":""},"class_list":["post-1586","page","type-page","status-publish","has-post-thumbnail","hentry"],"_links":{"self":[{"href":"https:\/\/spectacles.lamaisonduconte.com\/index.php\/wp-json\/wp\/v2\/pages\/1586","targetHints":{"allow":["GET"]}}],"collection":[{"href":"https:\/\/spectacles.lamaisonduconte.com\/index.php\/wp-json\/wp\/v2\/pages"}],"about":[{"href":"https:\/\/spectacles.lamaisonduconte.com\/index.php\/wp-json\/wp\/v2\/types\/page"}],"author":[{"embeddable":true,"href":"https:\/\/spectacles.lamaisonduconte.com\/index.php\/wp-json\/wp\/v2\/users\/1"}],"replies":[{"embeddable":true,"href":"https:\/\/spectacles.lamaisonduconte.com\/index.php\/wp-json\/wp\/v2\/comments?post=1586"}],"version-history":[{"count":2,"href":"https:\/\/spectacles.lamaisonduconte.com\/index.php\/wp-json\/wp\/v2\/pages\/1586\/revisions"}],"predecessor-version":[{"id":1599,"href":"https:\/\/spectacles.lamaisonduconte.com\/index.php\/wp-json\/wp\/v2\/pages\/1586\/revisions\/1599"}],"wp:featuredmedia":[{"embeddable":true,"href":"https:\/\/spectacles.lamaisonduconte.com\/index.php\/wp-json\/wp\/v2\/media\/1584"}],"wp:attachment":[{"href":"https:\/\/spectacles.lamaisonduconte.com\/index.php\/wp-json\/wp\/v2\/media?parent=1586"}],"curies":[{"name":"wp","href":"https:\/\/api.w.org\/{rel}","templated":true}]}}