{"id":1681,"date":"2025-12-08T11:49:45","date_gmt":"2025-12-08T10:49:45","guid":{"rendered":"https:\/\/spectacles.lamaisonduconte.com\/?page_id=1681"},"modified":"2026-03-09T09:52:05","modified_gmt":"2026-03-09T08:52:05","slug":"nathalie-bondoux-les-herbes-folles-repoussent-toujours","status":"publish","type":"page","link":"https:\/\/spectacles.lamaisonduconte.com\/index.php\/nathalie-bondoux-les-herbes-folles-repoussent-toujours\/","title":{"rendered":"Nathalie Bondoux &#8211; Les herbes folles repoussent toujours"},"content":{"rendered":"\n<figure class=\"wp-block-image size-full is-resized\" style=\"margin-right:var(--wp--preset--spacing--40);margin-left:var(--wp--preset--spacing--40)\"><img loading=\"lazy\" decoding=\"async\" width=\"567\" height=\"700\" src=\"http:\/\/spectacles.lamaisonduconte.com\/wp-content\/uploads\/2025\/12\/SP-Bondoux-Les-herbes-folles.jpg\" alt=\"\" class=\"wp-image-1676\" style=\"width:357px\" srcset=\"https:\/\/spectacles.lamaisonduconte.com\/wp-content\/uploads\/2025\/12\/SP-Bondoux-Les-herbes-folles.jpg 567w, https:\/\/spectacles.lamaisonduconte.com\/wp-content\/uploads\/2025\/12\/SP-Bondoux-Les-herbes-folles-243x300.jpg 243w\" sizes=\"auto, (max-width: 567px) 100vw, 567px\" \/><\/figure>\n\n\n\n<h2 class=\"wp-block-heading has-foreground-color has-text-color has-link-color wp-elements-5512d1256ffbce6dffc13e2cd2928ba8\" style=\"padding-right:var(--wp--preset--spacing--40);padding-left:var(--wp--preset--spacing--40)\"><br>LES HERBES FOLLES REPOUSSENT TOUJOURS<br><\/h2>\n\n\n\n<blockquote class=\"wp-block-quote has-foreground-color has-text-color has-link-color has-extra-small-font-size wp-elements-5d36c2722c78b4c13def28d54164e984 is-layout-flow wp-block-quote-is-layout-flow\" style=\"padding-right:0;padding-left:0\">\n<h6 class=\"wp-block-heading has-raleway-font-family has-extra-small-font-size\" style=\"padding-right:var(--wp--preset--spacing--40);padding-left:var(--wp--preset--spacing--40)\">Conte d&rsquo;anticipation, dystopie, environnement, \u00e9cologie, nature, plastique<br>\u00c2ge\u00a0: 7 ans +, \u00e9l\u00e9mentaire, coll\u00e8ge<\/h6>\n\n\n\n<p><\/p>\n<\/blockquote>\n\n\n\n<p class=\"has-foreground-color has-text-color has-link-color wp-elements-eb8adada393bb80a229d2b916c1cefe2\" style=\"padding-top:var(--wp--preset--spacing--40);padding-right:var(--wp--preset--spacing--40);padding-bottom:var(--wp--preset--spacing--40);padding-left:var(--wp--preset--spacing--40)\"><br>\u00ab Dans un futur proche, la terre est devenue une ville-plan\u00e8te emplastiqu\u00e9e o\u00f9 le soleil et l\u2019eau ont disparu. Il ne reste plus qu\u2019une proph\u00e9tie que tout le monde a oubli\u00e9e : \u00ab\u00a0Quand l\u2019eau et le soleil rena\u00eetront, Que dans l\u2019Autremonde ils descendront, Les herbes folles repousseront, Et de nouveau nous d\u00e9borderons\u00a0\u00bb. Ce matin-l\u00e0, Esp\u00e9ranza et ses deux enfants, Tournesol et Coquelicot, sont envoy\u00e9s sur la Montagne Fumante, la derni\u00e8re d\u00e9charge \u00e0 ciel ouvert de Villemonde\u2026 \u00bb<\/p>\n\n\n\n<p class=\"has-foreground-color has-text-color has-link-color wp-elements-4b9943a40f5816ba74f9591d1d1d6832\" style=\"padding-right:var(--wp--preset--spacing--40);padding-left:var(--wp--preset--spacing--40)\"><\/p>\n\n\n\n<p class=\"has-foreground-color has-text-color has-link-color wp-elements-ba1238313e84d32e61af7a13624464d4\"><\/p>\n\n\n\n<figure class=\"wp-block-embed is-type-video is-provider-vimeo wp-block-embed-vimeo wp-embed-aspect-16-9 wp-has-aspect-ratio\" style=\"margin-top:var(--wp--preset--spacing--40);margin-bottom:var(--wp--preset--spacing--40)\"><div class=\"wp-block-embed__wrapper\">\n<iframe loading=\"lazy\" title=\"Les herbes folles repoussent toujours TEASER\" src=\"https:\/\/player.vimeo.com\/video\/1073665452?dnt=1&amp;app_id=122963\" width=\"500\" height=\"281\" frameborder=\"0\" allow=\"autoplay; fullscreen; picture-in-picture; clipboard-write; encrypted-media; web-share\" referrerpolicy=\"strict-origin-when-cross-origin\"><\/iframe>\n<\/div><\/figure>\n\n\n\n<p class=\"has-foreground-color has-text-color has-link-color wp-elements-84f0df622e0d25ca23ca1335223648f7\" style=\"padding-right:var(--wp--preset--spacing--40);padding-left:var(--wp--preset--spacing--40)\"><br><strong>Lieux de repr\u00e9sentation&nbsp;<\/strong>: forme pour plateau (r\u00e9gie son et lumi\u00e8re) et lieux non d\u00e9di\u00e9s (forme l\u00e9g\u00e8re)<\/p>\n\n\n\n<p class=\"has-foreground-color has-text-color has-link-color wp-elements-6bd36b5165d53fc0134047aa656f01da\" style=\"padding-top:var(--wp--preset--spacing--40);padding-right:var(--wp--preset--spacing--40);padding-bottom:var(--wp--preset--spacing--40);padding-left:var(--wp--preset--spacing--40)\"><strong>\u00c9quipe artiste&nbsp;au plateau<\/strong>&nbsp;: <a href=\"https:\/\/spectacles.lamaisonduconte.com\/index.php\/nathalie-bondoux-fiche-artiste\/\" data-type=\"page\" data-id=\"1677\">Nathalie Bondoux<\/a><\/p>\n\n\n\n<p class=\"has-foreground-color has-text-color has-link-color wp-elements-758ed5d9a233d2cac27e23172d557841\" style=\"padding-right:var(--wp--preset--spacing--40);padding-left:var(--wp--preset--spacing--40)\"><strong>Production\u00a0<\/strong>: Cont&rsquo;Anim\u00e9s \u00b7 <strong>Co-production<\/strong> : La Maison du Conte \u00b7 <strong>Soutiens<\/strong> Animakt \u00e0 Saulx-les-Chartreux, La Fabrique culturelle et le Th\u00e9\u00e2tre de la Passerelle \u00e0 Palaiseau, la Ville de Palaiseau, la Communaut\u00e9 d\u2019Agglom\u00e9ration Paris-Saclay pour le r\u00e9seau des m\u00e9diath\u00e8ques, Le Silo, la Commune de La Norville, le CLAVIM \u00b7 <strong>Illustration affiche<\/strong> : Jean Mallard<\/p>\n\n\n\n<p class=\"has-foreground-color has-text-color has-link-color wp-elements-08e272e9a822e44f7f854630205f7120\" style=\"padding-top:var(--wp--preset--spacing--60);padding-right:var(--wp--preset--spacing--40);padding-bottom:var(--wp--preset--spacing--60);padding-left:var(--wp--preset--spacing--40)\"><strong>Contact : <\/strong><br>e-mail : <a href=\"mailto:cont.animes.diffusion@gmail.com\">cont.animes.diffusion@gmail.com<\/a><br>Site web : <a href=\"https:\/\/nathaliebondoux.net\/\">nathaliebondoux.net<\/a><\/p>\n","protected":false},"excerpt":{"rendered":"<p>LES HERBES FOLLES REPOUSSENT TOUJOURS Conte d&rsquo;anticipation, dystopie, environnement, \u00e9cologie, nature, plastique\u00c2ge\u00a0: 7 ans +, \u00e9l\u00e9mentaire, coll\u00e8ge \u00ab Dans un [&hellip;]<\/p>\n","protected":false},"author":1,"featured_media":1676,"parent":0,"menu_order":0,"comment_status":"closed","ping_status":"closed","template":"","meta":{"footnotes":""},"class_list":["post-1681","page","type-page","status-publish","has-post-thumbnail","hentry"],"_links":{"self":[{"href":"https:\/\/spectacles.lamaisonduconte.com\/index.php\/wp-json\/wp\/v2\/pages\/1681","targetHints":{"allow":["GET"]}}],"collection":[{"href":"https:\/\/spectacles.lamaisonduconte.com\/index.php\/wp-json\/wp\/v2\/pages"}],"about":[{"href":"https:\/\/spectacles.lamaisonduconte.com\/index.php\/wp-json\/wp\/v2\/types\/page"}],"author":[{"embeddable":true,"href":"https:\/\/spectacles.lamaisonduconte.com\/index.php\/wp-json\/wp\/v2\/users\/1"}],"replies":[{"embeddable":true,"href":"https:\/\/spectacles.lamaisonduconte.com\/index.php\/wp-json\/wp\/v2\/comments?post=1681"}],"version-history":[{"count":13,"href":"https:\/\/spectacles.lamaisonduconte.com\/index.php\/wp-json\/wp\/v2\/pages\/1681\/revisions"}],"predecessor-version":[{"id":1794,"href":"https:\/\/spectacles.lamaisonduconte.com\/index.php\/wp-json\/wp\/v2\/pages\/1681\/revisions\/1794"}],"wp:featuredmedia":[{"embeddable":true,"href":"https:\/\/spectacles.lamaisonduconte.com\/index.php\/wp-json\/wp\/v2\/media\/1676"}],"wp:attachment":[{"href":"https:\/\/spectacles.lamaisonduconte.com\/index.php\/wp-json\/wp\/v2\/media?parent=1681"}],"curies":[{"name":"wp","href":"https:\/\/api.w.org\/{rel}","templated":true}]}}