{"id":1752,"date":"2026-02-19T10:41:56","date_gmt":"2026-02-19T09:41:56","guid":{"rendered":"https:\/\/spectacles.lamaisonduconte.com\/?page_id=1752"},"modified":"2026-03-20T14:14:18","modified_gmt":"2026-03-20T13:14:18","slug":"florence-desnouveaux-et-olivia-machon-le-monde-des-petites-ames","status":"publish","type":"page","link":"https:\/\/spectacles.lamaisonduconte.com\/index.php\/florence-desnouveaux-et-olivia-machon-le-monde-des-petites-ames\/","title":{"rendered":"Florence Desnouveaux et Olivia Machon &#8211; Le monde des petites \u00e2mes"},"content":{"rendered":"\n<figure class=\"wp-block-image size-full is-resized\" style=\"margin-right:var(--wp--preset--spacing--40);margin-left:var(--wp--preset--spacing--40)\"><img loading=\"lazy\" decoding=\"async\" width=\"567\" height=\"700\" src=\"http:\/\/spectacles.lamaisonduconte.com\/wp-content\/uploads\/2026\/02\/SP-Desnouveaux-Machon-Le-monde-des-petites-ames.jpg\" alt=\"\" class=\"wp-image-1768\" style=\"width:357px\" srcset=\"https:\/\/spectacles.lamaisonduconte.com\/wp-content\/uploads\/2026\/02\/SP-Desnouveaux-Machon-Le-monde-des-petites-ames.jpg 567w, https:\/\/spectacles.lamaisonduconte.com\/wp-content\/uploads\/2026\/02\/SP-Desnouveaux-Machon-Le-monde-des-petites-ames-243x300.jpg 243w\" sizes=\"auto, (max-width: 567px) 100vw, 567px\" \/><\/figure>\n\n\n\n<h2 class=\"wp-block-heading has-foreground-color has-text-color has-link-color wp-elements-ee3bfef2a511c5408edbbde698b0ee50\" style=\"padding-right:var(--wp--preset--spacing--40);padding-left:var(--wp--preset--spacing--40)\"><br>LE MONDE DES PETITES \u00c2MES<br><\/h2>\n\n\n\n<blockquote class=\"wp-block-quote has-foreground-color has-text-color has-link-color has-extra-small-font-size wp-elements-a1222fd105221f775c67f7a411041c3f is-layout-flow wp-block-quote-is-layout-flow\" style=\"padding-right:0;padding-left:0\">\n<h6 class=\"wp-block-heading has-raleway-font-family has-extra-small-font-size\" style=\"padding-right:var(--wp--preset--spacing--40);padding-left:var(--wp--preset--spacing--40)\">Conte et mouvement, masque, tout-petits<br>\u00c2ge&nbsp;: 8 mois +, tout-petits, maternelle<\/h6>\n\n\n\n<p><\/p>\n<\/blockquote>\n\n\n\n<p class=\"has-foreground-color has-text-color has-link-color wp-elements-9010c764879aad43b58d8296120ca853\" style=\"padding-right:var(--wp--preset--spacing--40);padding-left:var(--wp--preset--spacing--40)\"><br>\u00ab L\u2019histoire commence dans un grand souffle visuel qui fait appara\u00eetre deux personnages : Tic et Tac, en qu\u00eate du monde des petites \u00e2mes. Sc\u00e8ne apr\u00e8s sc\u00e8ne Tic et Tac emm\u00e8nent le public dans une aventure sensorielle \u00e0 la d\u00e9couverte des traces visibles ou invisibles laiss\u00e9es par les Petites \u00e2mes qui peuplent le lieu. Au fil de leurs aventures \u00e9mergent des r\u00e9cits dans diff\u00e9rents langages (gestes, silences, langues \u00e9trang\u00e8res, chants, po\u00e9sies, jeux de visages, enfantines). L\u2019esth\u00e9tique singuli\u00e8re des masques et des mat\u00e9riaux permet le d\u00e9ploiement d\u2019images po\u00e9tiques. \u00bb<\/p>\n\n\n\n<p class=\"has-foreground-color has-text-color has-link-color wp-elements-4b9943a40f5816ba74f9591d1d1d6832\" style=\"padding-right:var(--wp--preset--spacing--40);padding-left:var(--wp--preset--spacing--40)\"><\/p>\n\n\n\n<p>Le spectacle est suivi de la visite de l\u2019exposition du monde imaginaire des petites \u00e2mes.<\/p>\n\n\n\n<p class=\"has-foreground-color has-text-color has-link-color wp-elements-13f39743401e59a179a9ef2035527cd7\" style=\"padding-right:var(--wp--preset--spacing--40);padding-left:var(--wp--preset--spacing--40)\"><em>Le spectacle est suivi de la visite de l\u2019exposition du monde imaginaire des petites \u00e2mes.<\/em><\/p>\n\n\n\n<p class=\"has-foreground-color has-text-color has-link-color wp-elements-ba1238313e84d32e61af7a13624464d4\"><\/p>\n\n\n\n<p class=\"has-foreground-color has-text-color has-link-color wp-elements-0dd571d7468db780e4d625a2c814712c\" style=\"padding-right:var(--wp--preset--spacing--40);padding-left:var(--wp--preset--spacing--40)\"><br><strong>Lieux de repr\u00e9sentation&nbsp;<\/strong>: plateau (r\u00e9gie son et lumi\u00e8re)<\/p>\n\n\n\n<p class=\"has-foreground-color has-text-color has-link-color wp-elements-fbfeec23457a8c0383bff2070bc26133\" style=\"padding-top:var(--wp--preset--spacing--40);padding-right:var(--wp--preset--spacing--40);padding-bottom:var(--wp--preset--spacing--40);padding-left:var(--wp--preset--spacing--40)\"><strong>\u00c9quipe artiste&nbsp;au plateau<\/strong>&nbsp;: <a href=\"https:\/\/spectacles.lamaisonduconte.com\/index.php\/florence-desnouveaux-fiche-artiste\/\" data-type=\"page\" data-id=\"1245\">Florence Desnouveaux<\/a> et Olivia Machon<\/p>\n\n\n\n<p class=\"has-foreground-color has-text-color has-link-color wp-elements-4b9943a40f5816ba74f9591d1d1d6832\" style=\"padding-right:var(--wp--preset--spacing--40);padding-left:var(--wp--preset--spacing--40)\"><\/p>\n\n\n\n<p class=\"has-foreground-color has-text-color has-link-color wp-elements-1c79c1fc3293c927e9c5b23573300450\" style=\"padding-right:var(--wp--preset--spacing--40);padding-left:var(--wp--preset--spacing--40)\"><strong>Production&nbsp;<\/strong>: <\/p>\n\n\n\n<p class=\"has-foreground-color has-text-color has-link-color wp-elements-6cf47e74a06ac722a8191f1128cb850f\" style=\"padding-right:var(--wp--preset--spacing--40);padding-left:var(--wp--preset--spacing--40)\">Cie des \u00e9pices et Sublime Th\u00e9\u00e2tre \/ Soutiens&nbsp;: Ville de Champigny-sur-Marne en cor\u00e9alisation avec La Maison du Conte de Chevilly- Larue (94), Commune de La Norville (91), Th\u00e9\u00e2tre des Poissons \u00e0 Frocourt (60), Ville de Paris \u2013 r\u00e9sidence L\u2019art pour Grandir 2024-2025 (75).<\/p>\n\n\n\n<p class=\"has-foreground-color has-text-color has-link-color wp-elements-ad4b661ff57ce6a9875e3ad7673ef9f6\" style=\"padding-top:var(--wp--preset--spacing--40);padding-right:var(--wp--preset--spacing--40);padding-bottom:var(--wp--preset--spacing--40);padding-left:var(--wp--preset--spacing--40)\"><strong>Contact : <\/strong><\/p>\n\n\n\n<p class=\"has-foreground-color has-text-color has-link-color wp-elements-4d89af938c651c9c734257e2d6086274\" style=\"padding-top:var(--wp--preset--spacing--40);padding-right:var(--wp--preset--spacing--40);padding-bottom:var(--wp--preset--spacing--40);padding-left:var(--wp--preset--spacing--40)\">e-mail : <a href=\"mailto:lacompagniedesepices@orange.fr\">lacompagniedesepices@orange.fr<\/a><\/p>\n\n\n\n<p class=\"has-foreground-color has-text-color has-link-color wp-elements-e330f24b397c584a4c9f1ccf603ad20e\" style=\"padding-right:var(--wp--preset--spacing--40);padding-left:var(--wp--preset--spacing--40)\">Site web : <a href=\"https:\/\/www.lacompagniedesepices.org\">www.lacompagniedesepices.org<\/a><\/p>\n\n\n\n<p><\/p>\n","protected":false},"excerpt":{"rendered":"<p>LE MONDE DES PETITES \u00c2MES Conte et mouvement, masque, tout-petits\u00c2ge&nbsp;: 8 mois +, tout-petits, maternelle \u00ab L\u2019histoire commence dans un [&hellip;]<\/p>\n","protected":false},"author":1,"featured_media":1768,"parent":0,"menu_order":0,"comment_status":"closed","ping_status":"closed","template":"","meta":{"footnotes":""},"class_list":["post-1752","page","type-page","status-publish","has-post-thumbnail","hentry"],"_links":{"self":[{"href":"https:\/\/spectacles.lamaisonduconte.com\/index.php\/wp-json\/wp\/v2\/pages\/1752","targetHints":{"allow":["GET"]}}],"collection":[{"href":"https:\/\/spectacles.lamaisonduconte.com\/index.php\/wp-json\/wp\/v2\/pages"}],"about":[{"href":"https:\/\/spectacles.lamaisonduconte.com\/index.php\/wp-json\/wp\/v2\/types\/page"}],"author":[{"embeddable":true,"href":"https:\/\/spectacles.lamaisonduconte.com\/index.php\/wp-json\/wp\/v2\/users\/1"}],"replies":[{"embeddable":true,"href":"https:\/\/spectacles.lamaisonduconte.com\/index.php\/wp-json\/wp\/v2\/comments?post=1752"}],"version-history":[{"count":3,"href":"https:\/\/spectacles.lamaisonduconte.com\/index.php\/wp-json\/wp\/v2\/pages\/1752\/revisions"}],"predecessor-version":[{"id":1769,"href":"https:\/\/spectacles.lamaisonduconte.com\/index.php\/wp-json\/wp\/v2\/pages\/1752\/revisions\/1769"}],"wp:featuredmedia":[{"embeddable":true,"href":"https:\/\/spectacles.lamaisonduconte.com\/index.php\/wp-json\/wp\/v2\/media\/1768"}],"wp:attachment":[{"href":"https:\/\/spectacles.lamaisonduconte.com\/index.php\/wp-json\/wp\/v2\/media?parent=1752"}],"curies":[{"name":"wp","href":"https:\/\/api.w.org\/{rel}","templated":true}]}}