{"id":1764,"date":"2026-02-19T11:10:07","date_gmt":"2026-02-19T10:10:07","guid":{"rendered":"https:\/\/spectacles.lamaisonduconte.com\/?page_id=1764"},"modified":"2026-02-19T11:10:31","modified_gmt":"2026-02-19T10:10:31","slug":"maxime-touron-mission-artemis","status":"publish","type":"page","link":"https:\/\/spectacles.lamaisonduconte.com\/index.php\/maxime-touron-mission-artemis\/","title":{"rendered":"Maxime Touron &#8211; Mission Art\u00e9mis"},"content":{"rendered":"\n<figure class=\"wp-block-image size-full is-resized\" style=\"margin-right:var(--wp--preset--spacing--40);margin-left:var(--wp--preset--spacing--40)\"><img loading=\"lazy\" decoding=\"async\" width=\"567\" height=\"700\" src=\"http:\/\/spectacles.lamaisonduconte.com\/wp-content\/uploads\/2026\/02\/SP-Touron-Mission-Artemis.jpg\" alt=\"\" class=\"wp-image-1761\" style=\"width:357px\" srcset=\"https:\/\/spectacles.lamaisonduconte.com\/wp-content\/uploads\/2026\/02\/SP-Touron-Mission-Artemis.jpg 567w, https:\/\/spectacles.lamaisonduconte.com\/wp-content\/uploads\/2026\/02\/SP-Touron-Mission-Artemis-243x300.jpg 243w\" sizes=\"auto, (max-width: 567px) 100vw, 567px\" \/><\/figure>\n\n\n\n<h2 class=\"wp-block-heading has-foreground-color has-text-color has-link-color wp-elements-ae3a3cf6e5fa7e1d37004f305c71af8a\" style=\"padding-right:var(--wp--preset--spacing--40);padding-left:var(--wp--preset--spacing--40)\"><br>MISSION ART\u00c9MIS<br><\/h2>\n\n\n\n<blockquote class=\"wp-block-quote has-foreground-color has-text-color has-link-color has-extra-small-font-size wp-elements-dd61345bd1180761f3dcb97ee8e98e12 is-layout-flow wp-block-quote-is-layout-flow\" style=\"padding-right:0;padding-left:0\">\n<h6 class=\"wp-block-heading has-raleway-font-family has-extra-small-font-size\" style=\"padding-right:var(--wp--preset--spacing--40);padding-left:var(--wp--preset--spacing--40)\">R\u00e9cit, mythologie, dessin<br>\u00c2ge&nbsp;: 10 ans +, coll\u00e8ge, lyc\u00e9e, adultes<\/h6>\n\n\n\n<p><\/p>\n<\/blockquote>\n\n\n\n<p class=\"has-foreground-color has-text-color has-link-color wp-elements-81a0489c194179ca332005fd8d913ba9\" style=\"padding-right:var(--wp--preset--spacing--40);padding-left:var(--wp--preset--spacing--40)\"><br>\u00ab Entre mythologie grecque, consid\u00e9rations historiques et conqu\u00eate spatiale, le conteur nous plonge dans ses souvenirs des ruines du temple d&rsquo;Art\u00e9mis qu&rsquo;il a visit\u00e9 enfant. Quand les r\u00e9cits antiques percutent \u00e9tonnamment les probl\u00e9matiques actuelles, des <em>M\u00e9tamorphoses <\/em>d&rsquo;Ovide \u00e0 Tex Avery, venez suivre les tribulations d&rsquo;un homme en proie \u00e0 ses propres paradoxes. \u00bb<\/p>\n\n\n\n<p class=\"has-foreground-color has-text-color has-link-color wp-elements-4b9943a40f5816ba74f9591d1d1d6832\" style=\"padding-right:var(--wp--preset--spacing--40);padding-left:var(--wp--preset--spacing--40)\"><\/p>\n\n\n\n<p class=\"has-foreground-color has-text-color has-link-color wp-elements-ba1238313e84d32e61af7a13624464d4\"><\/p>\n\n\n\n<p class=\"has-foreground-color has-text-color has-link-color wp-elements-469a3a124020cc396955f304c46989cf\" style=\"padding-right:var(--wp--preset--spacing--40);padding-left:var(--wp--preset--spacing--40)\"><br><strong>Lieux de repr\u00e9sentation&nbsp;<\/strong>: plateau (autonomie lumi\u00e8re) et lieux non-d\u00e9di\u00e9s<\/p>\n\n\n\n<p class=\"has-foreground-color has-text-color has-link-color wp-elements-410f14e8f62483547f7d118e78100ce4\" style=\"padding-top:var(--wp--preset--spacing--40);padding-right:var(--wp--preset--spacing--40);padding-bottom:var(--wp--preset--spacing--40);padding-left:var(--wp--preset--spacing--40)\"><strong>\u00c9quipe artiste&nbsp;au plateau<\/strong>&nbsp;: <a href=\"https:\/\/spectacles.lamaisonduconte.com\/index.php\/maxime-touron-fiche-artiste\/\" data-type=\"page\" data-id=\"1760\">Maxime Touron<\/a><\/p>\n\n\n\n<p class=\"has-foreground-color has-text-color has-link-color wp-elements-53f35e9d1471b1562c50e2b850a12c19\" style=\"padding-right:var(--wp--preset--spacing--40);padding-left:var(--wp--preset--spacing--40)\"><strong>Production&nbsp;<\/strong>: Cie Le Scrupule du gravier \/ Coproductions : DRAC PACA &#8211; R\u00e9gion Sud &#8211; Programme H\u00e9lice 2024 (La Maison du Conte &#8211; Th\u00e9\u00e2tre des Sources &#8211; Festival Rumeurs Urbaines) &#8211; CDN Tr\u00e9teaux de France &#8211; Centre des Arts du R\u00e9cit &#8211; Le Moulin du Marais &#8211; Festival Le Grand Bain &#8211; Th\u00e9\u00e2tre des Carmes &#8211; Th\u00e9\u00e2tre de Poche &#8211; Festival Histoires Communes &#8211; Fabrique Mimont &#8211; Compagnie Tro Heol<\/p>\n\n\n\n<p class=\"has-foreground-color has-text-color has-link-color wp-elements-7612a1f983778dbefe31f30720e46491\" style=\"padding-top:var(--wp--preset--spacing--60);padding-right:var(--wp--preset--spacing--40);padding-bottom:var(--wp--preset--spacing--60);padding-left:var(--wp--preset--spacing--40)\"><strong>Contact : <\/strong><br>e-mail : <a href=\"mailto:contact@scrupuledugravier.com\">contact@scrupuledugravier.com<\/a><br>Site web : <a href=\"https:\/\/scrupuledugravier.com\/\">scrupuledugravier.com<\/a><\/p>\n","protected":false},"excerpt":{"rendered":"<p>MISSION ART\u00c9MIS R\u00e9cit, mythologie, dessin\u00c2ge&nbsp;: 10 ans +, coll\u00e8ge, lyc\u00e9e, adultes \u00ab Entre mythologie grecque, consid\u00e9rations historiques et conqu\u00eate spatiale, [&hellip;]<\/p>\n","protected":false},"author":1,"featured_media":1761,"parent":0,"menu_order":0,"comment_status":"closed","ping_status":"closed","template":"","meta":{"footnotes":""},"class_list":["post-1764","page","type-page","status-publish","has-post-thumbnail","hentry"],"_links":{"self":[{"href":"https:\/\/spectacles.lamaisonduconte.com\/index.php\/wp-json\/wp\/v2\/pages\/1764","targetHints":{"allow":["GET"]}}],"collection":[{"href":"https:\/\/spectacles.lamaisonduconte.com\/index.php\/wp-json\/wp\/v2\/pages"}],"about":[{"href":"https:\/\/spectacles.lamaisonduconte.com\/index.php\/wp-json\/wp\/v2\/types\/page"}],"author":[{"embeddable":true,"href":"https:\/\/spectacles.lamaisonduconte.com\/index.php\/wp-json\/wp\/v2\/users\/1"}],"replies":[{"embeddable":true,"href":"https:\/\/spectacles.lamaisonduconte.com\/index.php\/wp-json\/wp\/v2\/comments?post=1764"}],"version-history":[{"count":2,"href":"https:\/\/spectacles.lamaisonduconte.com\/index.php\/wp-json\/wp\/v2\/pages\/1764\/revisions"}],"predecessor-version":[{"id":1766,"href":"https:\/\/spectacles.lamaisonduconte.com\/index.php\/wp-json\/wp\/v2\/pages\/1764\/revisions\/1766"}],"wp:featuredmedia":[{"embeddable":true,"href":"https:\/\/spectacles.lamaisonduconte.com\/index.php\/wp-json\/wp\/v2\/media\/1761"}],"wp:attachment":[{"href":"https:\/\/spectacles.lamaisonduconte.com\/index.php\/wp-json\/wp\/v2\/media?parent=1764"}],"curies":[{"name":"wp","href":"https:\/\/api.w.org\/{rel}","templated":true}]}}