{"id":290,"date":"2024-11-18T10:56:47","date_gmt":"2024-11-18T09:56:47","guid":{"rendered":"https:\/\/spectacles.lamaisonduconte.com\/?page_id=290"},"modified":"2025-01-22T11:16:39","modified_gmt":"2025-01-22T10:16:39","slug":"sp-bonneau-montecristo","status":"publish","type":"page","link":"https:\/\/spectacles.lamaisonduconte.com\/index.php\/sp-bonneau-montecristo\/","title":{"rendered":"Nicolas Bonneau \/ Fanny Ch\u00e9riaux \/ Mathias Castagn\u00e9 &#8211; Montecristo"},"content":{"rendered":"\n<figure class=\"wp-block-image size-full is-resized\" style=\"margin-right:var(--wp--preset--spacing--40);margin-left:var(--wp--preset--spacing--40)\"><img loading=\"lazy\" decoding=\"async\" width=\"567\" height=\"700\" src=\"https:\/\/spectacles.lamaisonduconte.com\/wp-content\/uploads\/2025\/01\/SP-Bonneau-Montecristo.jpg\" alt=\"\" class=\"wp-image-1615\" style=\"width:357px\" srcset=\"https:\/\/spectacles.lamaisonduconte.com\/wp-content\/uploads\/2025\/01\/SP-Bonneau-Montecristo.jpg 567w, https:\/\/spectacles.lamaisonduconte.com\/wp-content\/uploads\/2025\/01\/SP-Bonneau-Montecristo-243x300.jpg 243w\" sizes=\"auto, (max-width: 567px) 100vw, 567px\" \/><\/figure>\n\n\n\n<h2 class=\"wp-block-heading has-foreground-color has-text-color has-link-color wp-elements-5035799ad2f89c6f7446d8ae6c498d76\" style=\"padding-right:var(--wp--preset--spacing--40);padding-left:var(--wp--preset--spacing--40)\"><br>MONTE-CRISTO<br><\/h2>\n\n\n\n<blockquote class=\"wp-block-quote has-foreground-color has-text-color has-link-color has-extra-small-font-size wp-elements-43a901480d932e528b38f016d6db94c5 is-layout-flow wp-block-quote-is-layout-flow\" style=\"padding-right:0;padding-left:0\">\n<h6 class=\"wp-block-heading has-raleway-font-family has-extra-small-font-size\" style=\"padding-right:var(--wp--preset--spacing--40);padding-left:var(--wp--preset--spacing--40)\">Litt\u00e9rature, polar, Dumas, voyage, vengeance, r\u00e9cit musical<br>\u00c2ge&nbsp;: 10 ans +, coll\u00e8ge, lyc\u00e9e, adultes<\/h6>\n\n\n\n<p><\/p>\n<\/blockquote>\n\n\n\n<p class=\"has-foreground-color has-text-color has-link-color wp-elements-21d7826625dcb95fb9a6833f85509fc0\" style=\"padding-right:var(--wp--preset--spacing--40);padding-left:var(--wp--preset--spacing--40)\"><br>\u00ab Edmond Dant\u00e8s, jeune marin de dix-neuf ans, d\u00e9barque \u00e0 Marseille pour s&rsquo;y fiancer le lendemain avec la belle Catalane Merc\u00e9d\u00e8s. Trahi par des \u00ab amis \u00bb jaloux, il est d\u00e9nonc\u00e9 comme conspirateur bonapartiste et enferm\u00e9 dans une ge\u00f4le du ch\u00e2teau d&rsquo;If, au large de Marseille. Apr\u00e8s quatorze ann\u00e9es d&#8217;emprisonnement, il r\u00e9ussit \u00e0 s&rsquo;\u00e9vader et entreprend alors de se venger m\u00e9thodiquement de ceux qui l&rsquo;ont accus\u00e9 \u00e0 tort\u2026<\/p>\n\n\n\n<p class=\"has-foreground-color has-text-color has-link-color wp-elements-18eb6ae44541899d00ae51f12e3e7751\" style=\"padding-right:var(--wp--preset--spacing--40);padding-left:var(--wp--preset--spacing--40)\">L&rsquo;art des s\u00e9ries si pris\u00e9 dans nos foyers ne date pas d&rsquo;hier. En 1844, Dumas entamait la publication du roman feuilleton Le Comte de Monte-Cristo demeur\u00e9 mythique. Avec leur exceptionnel talent, le conteur Nicolas Bonneau, la musicienne com\u00e9dienne Fanny Ch\u00e9riaux et le guitariste Mathias Castagn\u00e9 revisitent ce monument sur le mode d&rsquo;un palpitant polar radiophonique \u00e0 regarder, feuilleton aux allures \u00abtarantinesques\u00bb, aux accents \u00abmorriconiens\u00bb, m\u00ealant satire sociale et \u00e9lans romanesques, dans lequel le spectateur succombe avec le h\u00e9ros aux jouissances sans limite de la vengeance. \u00bb<br><\/p>\n\n\n\n<p class=\"has-foreground-color has-text-color has-link-color wp-elements-ba1238313e84d32e61af7a13624464d4\"><\/p>\n\n\n\n<p class=\"has-foreground-color has-text-color has-link-color wp-elements-b245ad21586fd04584a3d60ea37708b3\" style=\"padding-right:var(--wp--preset--spacing--40);padding-left:var(--wp--preset--spacing--40)\"><br><strong>Lieux de repr\u00e9sentation&nbsp;<\/strong>: forme plateau (r\u00e9gie son et lumi\u00e8re)<\/p>\n\n\n\n<p class=\"has-foreground-color has-text-color has-link-color wp-elements-fc9eaf2083fd27bcff8b9875a19fd12a\" style=\"padding-top:var(--wp--preset--spacing--40);padding-right:var(--wp--preset--spacing--40);padding-bottom:var(--wp--preset--spacing--40);padding-left:var(--wp--preset--spacing--40)\"><strong>\u00c9quipe artiste\u00a0au plateau<\/strong>\u00a0: <a href=\"https:\/\/spectacles.lamaisonduconte.com\/index.php\/bonneau-nicolas\/\" data-type=\"page\" data-id=\"128\">Nicolas Bonneau<\/a> (r\u00e9cit), <a href=\"https:\/\/spectacles.lamaisonduconte.com\/index.php\/fanny-cheriaux-fiche-artiste\/\" data-type=\"page\" data-id=\"1309\">Fanny Ch\u00e9riaux<\/a> (r\u00e9cit et musique) et Mathias Castagn\u00e9 (musique)<\/p>\n\n\n\n<p class=\"has-foreground-color has-text-color has-link-color wp-elements-82c996f4047333eb22628ee0372a23ea\" style=\"padding-top:var(--wp--preset--spacing--40);padding-right:var(--wp--preset--spacing--40);padding-bottom:var(--wp--preset--spacing--40);padding-left:var(--wp--preset--spacing--40)\"><strong>Teaser<\/strong>&nbsp;: <\/p>\n\n\n\n<figure class=\"wp-block-embed is-type-video is-provider-vimeo wp-block-embed-vimeo wp-embed-aspect-16-9 wp-has-aspect-ratio\"><div class=\"wp-block-embed__wrapper\">\n<iframe loading=\"lazy\" title=\"Monte-Cristo \/\/ Teaser\" src=\"https:\/\/player.vimeo.com\/video\/686723692?dnt=1&amp;app_id=122963\" width=\"500\" height=\"281\" frameborder=\"0\" allow=\"autoplay; fullscreen; picture-in-picture; clipboard-write; encrypted-media\"><\/iframe>\n<\/div><\/figure>\n\n\n\n<p class=\"has-foreground-color has-text-color has-link-color wp-elements-2c56068990848528df3d260335170d30\" style=\"padding-right:var(--wp--preset--spacing--40);padding-left:var(--wp--preset--spacing--40)\"><br><strong>Production<\/strong>&nbsp;: Cie La Volige \/ Partenaires et soutiens : Th\u00e9\u00e2tre de Gascogne, Th\u00e9\u00e2tre d\u2019Angoul\u00eame, OARA (Office Artistique de la R\u00e9gion Nouvelle Aquitaine), Le Th\u00e9\u00e2tre \u2013 sc\u00e8ne conventionn\u00e9e d\u2019Auxerre, Th\u00e9\u00e2tre des Sources, Le Moulin du Roc, la rOUSSe, La Maison du Conte et Le Th\u00e9\u00e2tre \u2013 Chevilly-Larue,La Passerelle, Quai des r\u00eaves, Th\u00e9\u00e2tre de Cornouaille, Th\u00e9\u00e2tre Jean Lur\u00e7at \/ La Volige est conventionn\u00e9e par la DRAC Nouvelle-Aquitaine, la R\u00e9gion Nouvelle- Aquitaine et soutenue au fonctionnement par le D\u00e9partement des Deux-S\u00e8vres. \/ Le spectacle Monte-Cristo fait partie des spectacles propos\u00e9s dans le cadre du projet Avignon 2022 enfants \u00e0 l&rsquo;honneur coordonn\u00e9 par Sc\u00e8nes d&rsquo;enfance &#8211; Assitej France.<\/p>\n\n\n\n<p class=\"has-foreground-color has-text-color has-link-color wp-elements-2ea13630c0224e0e1c02422bcd364d3c\" style=\"padding-top:var(--wp--preset--spacing--60);padding-right:var(--wp--preset--spacing--40);padding-bottom:var(--wp--preset--spacing--60);padding-left:var(--wp--preset--spacing--40)\"><strong>Contact :<\/strong><br>e-mail : <a href=\"mailto:noemie.sage@lavolige.fr\">noemie.sage@lavolige.fr<\/a><br>Site web : <a href=\"https:\/\/www.lavolige.fr\/\">www.lavolige.fr<\/a><\/p>\n","protected":false},"excerpt":{"rendered":"<p>MONTE-CRISTO Litt\u00e9rature, polar, Dumas, voyage, vengeance, r\u00e9cit musical\u00c2ge&nbsp;: 10 ans +, coll\u00e8ge, lyc\u00e9e, adultes \u00ab Edmond Dant\u00e8s, jeune marin de [&hellip;]<\/p>\n","protected":false},"author":1,"featured_media":1615,"parent":0,"menu_order":0,"comment_status":"closed","ping_status":"closed","template":"wp-custom-template-conteurs-conteuses","meta":{"footnotes":""},"class_list":["post-290","page","type-page","status-publish","has-post-thumbnail","hentry"],"_links":{"self":[{"href":"https:\/\/spectacles.lamaisonduconte.com\/index.php\/wp-json\/wp\/v2\/pages\/290","targetHints":{"allow":["GET"]}}],"collection":[{"href":"https:\/\/spectacles.lamaisonduconte.com\/index.php\/wp-json\/wp\/v2\/pages"}],"about":[{"href":"https:\/\/spectacles.lamaisonduconte.com\/index.php\/wp-json\/wp\/v2\/types\/page"}],"author":[{"embeddable":true,"href":"https:\/\/spectacles.lamaisonduconte.com\/index.php\/wp-json\/wp\/v2\/users\/1"}],"replies":[{"embeddable":true,"href":"https:\/\/spectacles.lamaisonduconte.com\/index.php\/wp-json\/wp\/v2\/comments?post=290"}],"version-history":[{"count":31,"href":"https:\/\/spectacles.lamaisonduconte.com\/index.php\/wp-json\/wp\/v2\/pages\/290\/revisions"}],"predecessor-version":[{"id":1649,"href":"https:\/\/spectacles.lamaisonduconte.com\/index.php\/wp-json\/wp\/v2\/pages\/290\/revisions\/1649"}],"wp:featuredmedia":[{"embeddable":true,"href":"https:\/\/spectacles.lamaisonduconte.com\/index.php\/wp-json\/wp\/v2\/media\/1615"}],"wp:attachment":[{"href":"https:\/\/spectacles.lamaisonduconte.com\/index.php\/wp-json\/wp\/v2\/media?parent=290"}],"curies":[{"name":"wp","href":"https:\/\/api.w.org\/{rel}","templated":true}]}}

Nicolas Bonneau / Fanny Chériaux / Mathias Castagné &#8211; Montecristo

<figure class="wp-block-image size-full is-resized" style="margin-right:var(--wp--preset--spacing--40);margin-left:var(--wp--preset--spacing--40)"><img loading="lazy" decoding="async" width="567" height="700" src="https://spectacles.lamaisonduconte.com/wp-content/uploads/2025/01/SP-Bonneau-Montecristo.jpg" alt="" class="wp-image-1615" style="width:357px" srcset="https://spectacles.lamaisonduconte.com/wp-content/uploads/2025/01/SP-Bonneau-Montecristo.jpg 567w, https://spectacles.lamaisonduconte.com/wp-content/uploads/2025/01/SP-Bonneau-Montecristo-243x300.jpg 243w" sizes="auto, (max-width: 567px) 100vw, 567px" /></figure>



<h2 class="wp-block-heading has-foreground-color has-text-color has-link-color wp-elements-5035799ad2f89c6f7446d8ae6c498d76" style="padding-right:var(--wp--preset--spacing--40);padding-left:var(--wp--preset--spacing--40)"><br>MONTE-CRISTO<br></h2>



<blockquote class="wp-block-quote has-foreground-color has-text-color has-link-color has-extra-small-font-size wp-elements-43a901480d932e528b38f016d6db94c5 is-layout-flow wp-block-quote-is-layout-flow" style="padding-right:0;padding-left:0">
<h6 class="wp-block-heading has-raleway-font-family has-extra-small-font-size" style="padding-right:var(--wp--preset--spacing--40);padding-left:var(--wp--preset--spacing--40)">Littérature, polar, Dumas, voyage, vengeance, récit musical<br>Âge&nbsp;: 10 ans +, collège, lycée, adultes</h6>



<p></p>
</blockquote>



<p class="has-foreground-color has-text-color has-link-color wp-elements-21d7826625dcb95fb9a6833f85509fc0" style="padding-right:var(--wp--preset--spacing--40);padding-left:var(--wp--preset--spacing--40)"><br>« Edmond Dantès, jeune marin de dix-neuf ans, débarque à Marseille pour s&rsquo;y fiancer le lendemain avec la belle Catalane Mercédès. Trahi par des « amis » jaloux, il est dénoncé comme conspirateur bonapartiste et enfermé dans une geôle du château d&rsquo;If, au large de Marseille. Après quatorze années d&#8217;emprisonnement, il réussit à s&rsquo;évader et entreprend alors de se venger méthodiquement de ceux qui l&rsquo;ont accusé à tort…</p>



<p class="has-foreground-color has-text-color has-link-color wp-elements-18eb6ae44541899d00ae51f12e3e7751" style="padding-right:var(--wp--preset--spacing--40);padding-left:var(--wp--preset--spacing--40)">L&rsquo;art des séries si prisé dans nos foyers ne date pas d&rsquo;hier. En 1844, Dumas entamait la publication du roman feuilleton Le Comte de Monte-Cristo demeuré mythique. Avec leur exceptionnel talent, le conteur Nicolas Bonneau, la musicienne comédienne Fanny Chériaux et le guitariste Mathias Castagné revisitent ce monument sur le mode d&rsquo;un palpitant polar radiophonique à regarder, feuilleton aux allures «tarantinesques», aux accents «morriconiens», mêlant satire sociale et élans romanesques, dans lequel le spectateur succombe avec le héros aux jouissances sans limite de la vengeance. »<br></p>



<p class="has-foreground-color has-text-color has-link-color wp-elements-ba1238313e84d32e61af7a13624464d4"></p>



<p class="has-foreground-color has-text-color has-link-color wp-elements-b245ad21586fd04584a3d60ea37708b3" style="padding-right:var(--wp--preset--spacing--40);padding-left:var(--wp--preset--spacing--40)"><br><strong>Lieux de représentation&nbsp;</strong>: forme plateau (régie son et lumière)</p>



<p class="has-foreground-color has-text-color has-link-color wp-elements-fc9eaf2083fd27bcff8b9875a19fd12a" style="padding-top:var(--wp--preset--spacing--40);padding-right:var(--wp--preset--spacing--40);padding-bottom:var(--wp--preset--spacing--40);padding-left:var(--wp--preset--spacing--40)"><strong>Équipe artiste au plateau</strong> : <a href="https://spectacles.lamaisonduconte.com/index.php/bonneau-nicolas/" data-type="page" data-id="128">Nicolas Bonneau</a> (récit), <a href="https://spectacles.lamaisonduconte.com/index.php/fanny-cheriaux-fiche-artiste/" data-type="page" data-id="1309">Fanny Chériaux</a> (récit et musique) et Mathias Castagné (musique)</p>



<p class="has-foreground-color has-text-color has-link-color wp-elements-82c996f4047333eb22628ee0372a23ea" style="padding-top:var(--wp--preset--spacing--40);padding-right:var(--wp--preset--spacing--40);padding-bottom:var(--wp--preset--spacing--40);padding-left:var(--wp--preset--spacing--40)"><strong>Teaser</strong>&nbsp;: </p>



<figure class="wp-block-embed is-type-video is-provider-vimeo wp-block-embed-vimeo wp-embed-aspect-16-9 wp-has-aspect-ratio"><div class="wp-block-embed__wrapper">
<iframe loading="lazy" title="Monte-Cristo // Teaser" src="https://player.vimeo.com/video/686723692?dnt=1&amp;app_id=122963" width="500" height="281" frameborder="0" allow="autoplay; fullscreen; picture-in-picture; clipboard-write; encrypted-media"></iframe>
</div></figure>



<p class="has-foreground-color has-text-color has-link-color wp-elements-2c56068990848528df3d260335170d30" style="padding-right:var(--wp--preset--spacing--40);padding-left:var(--wp--preset--spacing--40)"><br><strong>Production</strong>&nbsp;: Cie La Volige / Partenaires et soutiens : Théâtre de Gascogne, Théâtre d’Angoulême, OARA (Office Artistique de la Région Nouvelle Aquitaine), Le Théâtre – scène conventionnée d’Auxerre, Théâtre des Sources, Le Moulin du Roc, la rOUSSe, La Maison du Conte et Le Théâtre – Chevilly-Larue,La Passerelle, Quai des rêves, Théâtre de Cornouaille, Théâtre Jean Lurçat / La Volige est conventionnée par la DRAC Nouvelle-Aquitaine, la Région Nouvelle- Aquitaine et soutenue au fonctionnement par le Département des Deux-Sèvres. / Le spectacle Monte-Cristo fait partie des spectacles proposés dans le cadre du projet Avignon 2022 enfants à l&rsquo;honneur coordonné par Scènes d&rsquo;enfance &#8211; Assitej France.</p>



<p class="has-foreground-color has-text-color has-link-color wp-elements-2ea13630c0224e0e1c02422bcd364d3c" style="padding-top:var(--wp--preset--spacing--60);padding-right:var(--wp--preset--spacing--40);padding-bottom:var(--wp--preset--spacing--60);padding-left:var(--wp--preset--spacing--40)"><strong>Contact :</strong><br>e-mail : <a href="mailto:noemie.sage@lavolige.fr">noemie.sage@lavolige.fr</a><br>Site web : <a href="https://www.lavolige.fr/">www.lavolige.fr</a></p>

<p>MONTE-CRISTO Littérature, polar, Dumas, voyage, vengeance, récit musicalÂge&nbsp;: 10 ans +, collège, lycée, adultes « Edmond Dantès, jeune marin de [&hellip;]</p>
