{"id":380,"date":"2024-11-19T12:22:42","date_gmt":"2024-11-19T11:22:42","guid":{"rendered":"https:\/\/spectacles.lamaisonduconte.com\/?page_id=380"},"modified":"2025-01-14T12:43:05","modified_gmt":"2025-01-14T11:43:05","slug":"sp-bouali-revoir","status":"publish","type":"page","link":"https:\/\/spectacles.lamaisonduconte.com\/index.php\/sp-bouali-revoir\/","title":{"rendered":"Rachid BOUALI &#8211; On a pas eu le temps de se dire au revoir"},"content":{"rendered":"\n<figure class=\"wp-block-image size-full is-resized has-custom-border\" style=\"margin-right:var(--wp--preset--spacing--40);margin-left:var(--wp--preset--spacing--40)\"><img loading=\"lazy\" decoding=\"async\" width=\"567\" height=\"700\" src=\"http:\/\/spectacles.lamaisonduconte.com\/wp-content\/uploads\/2025\/01\/SP-Bouali-Au-revoir.jpg\" alt=\"\" class=\"wp-image-1433\" style=\"border-style:none;border-width:0px;width:357px;height:auto\" srcset=\"https:\/\/spectacles.lamaisonduconte.com\/wp-content\/uploads\/2025\/01\/SP-Bouali-Au-revoir.jpg 567w, https:\/\/spectacles.lamaisonduconte.com\/wp-content\/uploads\/2025\/01\/SP-Bouali-Au-revoir-243x300.jpg 243w\" sizes=\"auto, (max-width: 567px) 100vw, 567px\" \/><\/figure>\n\n\n\n<h2 class=\"wp-block-heading has-foreground-color has-text-color has-link-color wp-elements-8641f3c528695e5482e30836ae31323f\" style=\"padding-right:var(--wp--preset--spacing--40);padding-left:var(--wp--preset--spacing--40)\"><br>ON N&rsquo;A PAS EU LE TEMPS DE SE DIRE AU REVOIR<br><\/h2>\n\n\n\n<blockquote class=\"wp-block-quote has-foreground-color has-text-color has-link-color has-extra-small-font-size wp-elements-3b3c397d8cd7a48b8da4715a80b824f0 is-layout-flow wp-block-quote-is-layout-flow\" style=\"padding-right:var(--wp--preset--spacing--30);padding-left:var(--wp--preset--spacing--30)\">\n<h6 class=\"wp-block-heading has-raleway-font-family has-extra-small-font-size\" style=\"padding-right:0;padding-left:0\">Identit\u00e9, famille, Alg\u00e9rie, indig\u00e9nat, deuil, cit\u00e9, Histoire, d\u00e9racinement<br>\u00c2ge\u00a0: 14 ans+, lyc\u00e9e, adultes<\/h6>\n\n\n\n<p><\/p>\n<\/blockquote>\n\n\n\n<p class=\"has-foreground-color has-text-color has-link-color wp-elements-e836eee27cff0be1f4959723d409392a\" style=\"padding-right:var(--wp--preset--spacing--40);padding-left:var(--wp--preset--spacing--40)\"><br>\u00ab Un homme, fils de parents alg\u00e9riens immigr\u00e9s, assiste au m\u00eame moment \u00e0 la destruction de la cit\u00e9 de son enfance et \u00e0 la disparition de la m\u00e9moire de son p\u00e8re. L\u2019occasion de replonger dans son pass\u00e9, ses origines kabyles, et de rassembler les morceaux de son histoire familiale. \u00bb<\/p>\n\n\n\n<p><\/p>\n\n\n\n<p class=\"has-foreground-color has-text-color has-link-color wp-elements-860426a2939814d128153e7f3268e707\" style=\"padding-right:var(--wp--preset--spacing--40);padding-left:var(--wp--preset--spacing--40)\"><strong>Laur\u00e9at La Crois\u00e9e<\/strong><br><\/p>\n\n\n\n<p class=\"has-foreground-color has-text-color has-link-color wp-elements-7a90f18b8255904c9be0abc89040c00c\" style=\"padding-right:var(--wp--preset--spacing--40);padding-left:var(--wp--preset--spacing--40)\"><strong>La phrase presse :<\/strong><\/p>\n\n\n\n<p class=\"has-foreground-color has-text-color has-link-color wp-elements-08c7d2e690bf6044eb29701b0ba6acb9\" style=\"padding-right:var(--wp--preset--spacing--40);padding-left:var(--wp--preset--spacing--40)\">\u00ab&nbsp;Ce spectacle \u00e9mouvant et dr\u00f4le nous conduit sur les traces de son identit\u00e9 de fran\u00e7ais d\u2019origine alg\u00e9rienne. Un spectacle touchant plein d\u2019humanit\u00e9 avec en toile de fond les cicatrices profondes laiss\u00e9es par les d\u00e9chirures de la guerre d\u2019Alg\u00e9rie et le poids intrins\u00e8que li\u00e9 au d\u00e9racinement.&nbsp;\u00bb <em>Sur les planches<\/em><\/p>\n\n\n\n<p><br><strong>Lieux de repr\u00e9sentation&nbsp;<\/strong>: forme plateau (r\u00e9gie son et lumi\u00e8re) <\/p>\n\n\n\n<p class=\"has-foreground-color has-text-color has-link-color wp-elements-216c1c9ba775c80820e5fb6a949d2d23\" style=\"margin-top:var(--wp--preset--spacing--50);margin-bottom:var(--wp--preset--spacing--50);padding-right:var(--wp--preset--spacing--40);padding-left:var(--wp--preset--spacing--40)\"><strong>\u00c9quipe artiste&nbsp;au plateau<\/strong>&nbsp;: <a href=\"https:\/\/spectacles.lamaisonduconte.com\/index.php\/rachid-bouali\/\" data-type=\"page\" data-id=\"41\">Rachid Bouali<\/a><\/p>\n\n\n\n<p class=\"has-foreground-color has-text-color has-link-color wp-elements-fbae2e284f12e7d817479f83fb56a57f\" style=\"padding-top:var(--wp--preset--spacing--50);padding-right:var(--wp--preset--spacing--40);padding-bottom:var(--wp--preset--spacing--50);padding-left:var(--wp--preset--spacing--40)\"><strong>Production<\/strong>&nbsp;: Cie La Langue Pendue &#8211; Coproduction Le Vivat d\u2019Armenti\u00e8res, La Maison du Conte de Chevilly Larue, L\u2019Escapade d\u2019H\u00e9nin Beaumont, le Bateau Feu &#8211; sc\u00e8ne nationale de Dunkerque, La Gare de M\u00e9ricourt, Le Ch\u00e2teau Coquelle de Dunkerque, La Crois\u00e9e Hauts-de-France, Espace Culturel Jean Ferrat \u00e0 Avion.<br>R\u00e9sidences d\u2019\u00e9criture et de cr\u00e9ation : le Vivat d\u2019Armenti\u00e8res, la Maison du Conte de Chevilly Larue, la Gare de M\u00e9ricourt.<\/p>\n\n\n\n<p class=\"has-foreground-color has-text-color has-link-color wp-elements-8a6ebe4a5cc0ce0afab549a7fdebd659\" style=\"padding-top:var(--wp--preset--spacing--50);padding-right:var(--wp--preset--spacing--40);padding-bottom:var(--wp--preset--spacing--50);padding-left:var(--wp--preset--spacing--40)\"><strong>Contact :<\/strong><br>e-mail : <a href=\"mailto:lalanguependue@gmail.com\">lalanguependue@gmail.com<\/a><br>Site web : <a href=\"https:\/\/lalanguependue.fr\">https:\/\/lalanguependue.fr<\/a><\/p>\n","protected":false},"excerpt":{"rendered":"<p>ON N&rsquo;A PAS EU LE TEMPS DE SE DIRE AU REVOIR Identit\u00e9, famille, Alg\u00e9rie, indig\u00e9nat, deuil, cit\u00e9, Histoire, d\u00e9racinement\u00c2ge\u00a0: 14 [&hellip;]<\/p>\n","protected":false},"author":1,"featured_media":1433,"parent":0,"menu_order":0,"comment_status":"closed","ping_status":"closed","template":"","meta":{"footnotes":""},"class_list":["post-380","page","type-page","status-publish","has-post-thumbnail","hentry"],"_links":{"self":[{"href":"https:\/\/spectacles.lamaisonduconte.com\/index.php\/wp-json\/wp\/v2\/pages\/380","targetHints":{"allow":["GET"]}}],"collection":[{"href":"https:\/\/spectacles.lamaisonduconte.com\/index.php\/wp-json\/wp\/v2\/pages"}],"about":[{"href":"https:\/\/spectacles.lamaisonduconte.com\/index.php\/wp-json\/wp\/v2\/types\/page"}],"author":[{"embeddable":true,"href":"https:\/\/spectacles.lamaisonduconte.com\/index.php\/wp-json\/wp\/v2\/users\/1"}],"replies":[{"embeddable":true,"href":"https:\/\/spectacles.lamaisonduconte.com\/index.php\/wp-json\/wp\/v2\/comments?post=380"}],"version-history":[{"count":8,"href":"https:\/\/spectacles.lamaisonduconte.com\/index.php\/wp-json\/wp\/v2\/pages\/380\/revisions"}],"predecessor-version":[{"id":1528,"href":"https:\/\/spectacles.lamaisonduconte.com\/index.php\/wp-json\/wp\/v2\/pages\/380\/revisions\/1528"}],"wp:featuredmedia":[{"embeddable":true,"href":"https:\/\/spectacles.lamaisonduconte.com\/index.php\/wp-json\/wp\/v2\/media\/1433"}],"wp:attachment":[{"href":"https:\/\/spectacles.lamaisonduconte.com\/index.php\/wp-json\/wp\/v2\/media?parent=380"}],"curies":[{"name":"wp","href":"https:\/\/api.w.org\/{rel}","templated":true}]}}