{"id":452,"date":"2024-11-25T16:43:51","date_gmt":"2024-11-25T15:43:51","guid":{"rendered":"https:\/\/spectacles.lamaisonduconte.com\/?page_id=452"},"modified":"2025-01-18T13:14:36","modified_gmt":"2025-01-18T12:14:36","slug":"452-2","status":"publish","type":"page","link":"https:\/\/spectacles.lamaisonduconte.com\/index.php\/452-2\/","title":{"rendered":"Sabrina Ch\u00e9zeau \/ Guillaume Verger &#8211; Une peau plus loin"},"content":{"rendered":"\n<figure class=\"wp-block-image size-full is-resized\" style=\"margin-right:var(--wp--preset--spacing--40);margin-left:var(--wp--preset--spacing--40)\"><img loading=\"lazy\" decoding=\"async\" width=\"567\" height=\"700\" src=\"http:\/\/spectacles.lamaisonduconte.com\/wp-content\/uploads\/2024\/11\/SP-Chezeau-peau-1.jpg\" alt=\"\" class=\"wp-image-1555\" style=\"width:357px\" srcset=\"https:\/\/spectacles.lamaisonduconte.com\/wp-content\/uploads\/2024\/11\/SP-Chezeau-peau-1.jpg 567w, https:\/\/spectacles.lamaisonduconte.com\/wp-content\/uploads\/2024\/11\/SP-Chezeau-peau-1-243x300.jpg 243w\" sizes=\"auto, (max-width: 567px) 100vw, 567px\" \/><\/figure>\n\n\n\n<h2 class=\"wp-block-heading has-foreground-color has-text-color has-link-color wp-elements-5ae7eb5cc419ca3aabadc62aa0e84146\" style=\"padding-right:var(--wp--preset--spacing--40);padding-left:var(--wp--preset--spacing--40)\"><br>UNE PEAU PLUS LOIN<br><\/h2>\n\n\n\n<blockquote class=\"wp-block-quote has-foreground-color has-text-color has-link-color has-extra-small-font-size wp-elements-76d7f11059861668cad4d5aebc0d698f is-layout-flow wp-block-quote-is-layout-flow\" style=\"padding-right:0;padding-left:0\">\n<h6 class=\"wp-block-heading has-raleway-font-family has-extra-small-font-size\" style=\"padding-right:var(--wp--preset--spacing--40);padding-left:var(--wp--preset--spacing--40)\">Violence \u00e9ducative, jeunesse, \u00e9cologie, th\u00e9\u00e2tre-r\u00e9cit, adolescent, violence familiale<br>\u00c2ge&nbsp;: 9 ans+, \u00e9l\u00e9mentaire, coll\u00e8ge, lyc\u00e9e, adultes<\/h6>\n\n\n\n<p><\/p>\n<\/blockquote>\n\n\n\n<p class=\"has-foreground-color has-text-color has-link-color wp-elements-11b637c8824703faedbd88019edf8504\" style=\"padding-right:var(--wp--preset--spacing--40);padding-left:var(--wp--preset--spacing--40)\"><br>\u00ab Victor n\u2019a pas les crocs de la victoire. Il n\u2019est ni l&rsquo;\u00e9l\u00e8ve mod\u00e8le ni le fils r\u00eav\u00e9 qui r\u00e9pond aux attentes de son p\u00e8re. Il regarde le monde depuis la haute terrasse du coll\u00e8ge tandis que sous le quartier pollu\u00e9 et b\u00e9tonn\u00e9, la terre a besoin de lui. Comment la jeunesse et la terre deviennent-elles solidaires pour faire gagner le vivant et la beaut\u00e9 face aux violences ordinaires ? \u00bb<br><\/p>\n\n\n\n<p class=\"has-foreground-color has-text-color has-link-color wp-elements-ba1238313e84d32e61af7a13624464d4\"><\/p>\n\n\n\n<p class=\"has-foreground-color has-text-color has-link-color wp-elements-0dd571d7468db780e4d625a2c814712c\" style=\"padding-right:var(--wp--preset--spacing--40);padding-left:var(--wp--preset--spacing--40)\"><br><strong>Lieux de repr\u00e9sentation&nbsp;<\/strong>: plateau (r\u00e9gie son et lumi\u00e8re)<\/p>\n\n\n\n<p class=\"has-foreground-color has-text-color has-link-color wp-elements-0bb238be23c686f45d969351e1a6b259\" style=\"padding-top:var(--wp--preset--spacing--40);padding-right:var(--wp--preset--spacing--40);padding-bottom:var(--wp--preset--spacing--40);padding-left:var(--wp--preset--spacing--40)\"><strong>\u00c9quipe artiste&nbsp;au plateau<\/strong>&nbsp;: <a href=\"https:\/\/spectacles.lamaisonduconte.com\/index.php\/sabrina-chezeau-fiche-artiste\/\" data-type=\"page\" data-id=\"450\">Sabrina Ch\u00e9zeau<\/a> (\u00e9criture, interpr\u00e9tation) et Guillaume Verger (musique, composition, samples, voix)<\/p>\n\n\n\n<p class=\"has-foreground-color has-text-color has-link-color wp-elements-82c996f4047333eb22628ee0372a23ea\" style=\"padding-top:var(--wp--preset--spacing--40);padding-right:var(--wp--preset--spacing--40);padding-bottom:var(--wp--preset--spacing--40);padding-left:var(--wp--preset--spacing--40)\"><strong>Teaser<\/strong>&nbsp;: <\/p>\n\n\n\n<figure class=\"wp-block-embed is-type-video is-provider-youtube wp-block-embed-youtube wp-embed-aspect-16-9 wp-has-aspect-ratio\"><div class=\"wp-block-embed__wrapper\">\n<iframe loading=\"lazy\" title=\"Une Peau plus loin - Teaser du spectacle\" width=\"500\" height=\"281\" src=\"https:\/\/www.youtube.com\/embed\/i4XxX2J19m8?feature=oembed\" frameborder=\"0\" allow=\"accelerometer; autoplay; clipboard-write; encrypted-media; gyroscope; picture-in-picture; web-share\" referrerpolicy=\"strict-origin-when-cross-origin\" allowfullscreen><\/iframe>\n<\/div><\/figure>\n\n\n\n<p><\/p>\n\n\n\n<p class=\"has-foreground-color has-text-color has-link-color wp-elements-c5bd6c00e1ae0cd76bc5219c08036325\" style=\"padding-right:var(--wp--preset--spacing--40);padding-left:var(--wp--preset--spacing--40)\"><br><strong>Production<\/strong>&nbsp;: La Farouche Compagnie <strong>Coproductions<\/strong> : La Maison du Conte, Cin\u00e9 Th\u00e9\u00e2tre, soutenu par la DRAC (\u00e9ducation artistique et culturelle), R\u00e9seau de lecture publique, Maison de la Parole et de l&rsquo;Oralit\u00e9, La Pall\u00e8ne, Th\u00e9\u00e2tre de l&rsquo;Arentelle \/ Financement : D\u00e9partement de l&rsquo;H\u00e9rault, R\u00e9gion Occitanie, Direction des Affaires culturelles.<\/p>\n\n\n\n<p class=\"has-foreground-color has-text-color has-link-color wp-elements-3a11a4a85727e8c3b894e49a45d2a119\" style=\"padding-top:var(--wp--preset--spacing--60);padding-right:var(--wp--preset--spacing--40);padding-bottom:var(--wp--preset--spacing--60);padding-left:var(--wp--preset--spacing--40)\"><strong>Contact :<\/strong><br>e-mail : <a href=\"mailto:chezeausabrina@gmail.com\">chezeausabrina@gmail.com<\/a><br>Site web : <a href=\"http:\/\/www.sabrinachezeau.com\">www.sabrinachezeau.com<\/a><\/p>\n\n\n\n<p><\/p>\n","protected":false},"excerpt":{"rendered":"<p>UNE PEAU PLUS LOIN Violence \u00e9ducative, jeunesse, \u00e9cologie, th\u00e9\u00e2tre-r\u00e9cit, adolescent, violence familiale\u00c2ge&nbsp;: 9 ans+, \u00e9l\u00e9mentaire, coll\u00e8ge, lyc\u00e9e, adultes \u00ab Victor [&hellip;]<\/p>\n","protected":false},"author":1,"featured_media":1555,"parent":0,"menu_order":0,"comment_status":"closed","ping_status":"closed","template":"","meta":{"footnotes":""},"class_list":["post-452","page","type-page","status-publish","has-post-thumbnail","hentry"],"_links":{"self":[{"href":"https:\/\/spectacles.lamaisonduconte.com\/index.php\/wp-json\/wp\/v2\/pages\/452","targetHints":{"allow":["GET"]}}],"collection":[{"href":"https:\/\/spectacles.lamaisonduconte.com\/index.php\/wp-json\/wp\/v2\/pages"}],"about":[{"href":"https:\/\/spectacles.lamaisonduconte.com\/index.php\/wp-json\/wp\/v2\/types\/page"}],"author":[{"embeddable":true,"href":"https:\/\/spectacles.lamaisonduconte.com\/index.php\/wp-json\/wp\/v2\/users\/1"}],"replies":[{"embeddable":true,"href":"https:\/\/spectacles.lamaisonduconte.com\/index.php\/wp-json\/wp\/v2\/comments?post=452"}],"version-history":[{"count":16,"href":"https:\/\/spectacles.lamaisonduconte.com\/index.php\/wp-json\/wp\/v2\/pages\/452\/revisions"}],"predecessor-version":[{"id":1558,"href":"https:\/\/spectacles.lamaisonduconte.com\/index.php\/wp-json\/wp\/v2\/pages\/452\/revisions\/1558"}],"wp:featuredmedia":[{"embeddable":true,"href":"https:\/\/spectacles.lamaisonduconte.com\/index.php\/wp-json\/wp\/v2\/media\/1555"}],"wp:attachment":[{"href":"https:\/\/spectacles.lamaisonduconte.com\/index.php\/wp-json\/wp\/v2\/media?parent=452"}],"curies":[{"name":"wp","href":"https:\/\/api.w.org\/{rel}","templated":true}]}}

Sabrina Chézeau / Guillaume Verger &#8211; Une peau plus loin

<figure class="wp-block-image size-full is-resized" style="margin-right:var(--wp--preset--spacing--40);margin-left:var(--wp--preset--spacing--40)"><img loading="lazy" decoding="async" width="567" height="700" src="http://spectacles.lamaisonduconte.com/wp-content/uploads/2024/11/SP-Chezeau-peau-1.jpg" alt="" class="wp-image-1555" style="width:357px" srcset="https://spectacles.lamaisonduconte.com/wp-content/uploads/2024/11/SP-Chezeau-peau-1.jpg 567w, https://spectacles.lamaisonduconte.com/wp-content/uploads/2024/11/SP-Chezeau-peau-1-243x300.jpg 243w" sizes="auto, (max-width: 567px) 100vw, 567px" /></figure>



<h2 class="wp-block-heading has-foreground-color has-text-color has-link-color wp-elements-5ae7eb5cc419ca3aabadc62aa0e84146" style="padding-right:var(--wp--preset--spacing--40);padding-left:var(--wp--preset--spacing--40)"><br>UNE PEAU PLUS LOIN<br></h2>



<blockquote class="wp-block-quote has-foreground-color has-text-color has-link-color has-extra-small-font-size wp-elements-76d7f11059861668cad4d5aebc0d698f is-layout-flow wp-block-quote-is-layout-flow" style="padding-right:0;padding-left:0">
<h6 class="wp-block-heading has-raleway-font-family has-extra-small-font-size" style="padding-right:var(--wp--preset--spacing--40);padding-left:var(--wp--preset--spacing--40)">Violence éducative, jeunesse, écologie, théâtre-récit, adolescent, violence familiale<br>Âge&nbsp;: 9 ans+, élémentaire, collège, lycée, adultes</h6>



<p></p>
</blockquote>



<p class="has-foreground-color has-text-color has-link-color wp-elements-11b637c8824703faedbd88019edf8504" style="padding-right:var(--wp--preset--spacing--40);padding-left:var(--wp--preset--spacing--40)"><br>« Victor n’a pas les crocs de la victoire. Il n’est ni l&rsquo;élève modèle ni le fils rêvé qui répond aux attentes de son père. Il regarde le monde depuis la haute terrasse du collège tandis que sous le quartier pollué et bétonné, la terre a besoin de lui. Comment la jeunesse et la terre deviennent-elles solidaires pour faire gagner le vivant et la beauté face aux violences ordinaires ? »<br></p>



<p class="has-foreground-color has-text-color has-link-color wp-elements-ba1238313e84d32e61af7a13624464d4"></p>



<p class="has-foreground-color has-text-color has-link-color wp-elements-0dd571d7468db780e4d625a2c814712c" style="padding-right:var(--wp--preset--spacing--40);padding-left:var(--wp--preset--spacing--40)"><br><strong>Lieux de représentation&nbsp;</strong>: plateau (régie son et lumière)</p>



<p class="has-foreground-color has-text-color has-link-color wp-elements-0bb238be23c686f45d969351e1a6b259" style="padding-top:var(--wp--preset--spacing--40);padding-right:var(--wp--preset--spacing--40);padding-bottom:var(--wp--preset--spacing--40);padding-left:var(--wp--preset--spacing--40)"><strong>Équipe artiste&nbsp;au plateau</strong>&nbsp;: <a href="https://spectacles.lamaisonduconte.com/index.php/sabrina-chezeau-fiche-artiste/" data-type="page" data-id="450">Sabrina Chézeau</a> (écriture, interprétation) et Guillaume Verger (musique, composition, samples, voix)</p>



<p class="has-foreground-color has-text-color has-link-color wp-elements-82c996f4047333eb22628ee0372a23ea" style="padding-top:var(--wp--preset--spacing--40);padding-right:var(--wp--preset--spacing--40);padding-bottom:var(--wp--preset--spacing--40);padding-left:var(--wp--preset--spacing--40)"><strong>Teaser</strong>&nbsp;: </p>



<figure class="wp-block-embed is-type-video is-provider-youtube wp-block-embed-youtube wp-embed-aspect-16-9 wp-has-aspect-ratio"><div class="wp-block-embed__wrapper">
<iframe loading="lazy" title="Une Peau plus loin - Teaser du spectacle" width="500" height="281" src="https://www.youtube.com/embed/i4XxX2J19m8?feature=oembed" frameborder="0" allow="accelerometer; autoplay; clipboard-write; encrypted-media; gyroscope; picture-in-picture; web-share" referrerpolicy="strict-origin-when-cross-origin" allowfullscreen></iframe>
</div></figure>



<p></p>



<p class="has-foreground-color has-text-color has-link-color wp-elements-c5bd6c00e1ae0cd76bc5219c08036325" style="padding-right:var(--wp--preset--spacing--40);padding-left:var(--wp--preset--spacing--40)"><br><strong>Production</strong>&nbsp;: La Farouche Compagnie <strong>Coproductions</strong> : La Maison du Conte, Ciné Théâtre, soutenu par la DRAC (éducation artistique et culturelle), Réseau de lecture publique, Maison de la Parole et de l&rsquo;Oralité, La Pallène, Théâtre de l&rsquo;Arentelle / Financement : Département de l&rsquo;Hérault, Région Occitanie, Direction des Affaires culturelles.</p>



<p class="has-foreground-color has-text-color has-link-color wp-elements-3a11a4a85727e8c3b894e49a45d2a119" style="padding-top:var(--wp--preset--spacing--60);padding-right:var(--wp--preset--spacing--40);padding-bottom:var(--wp--preset--spacing--60);padding-left:var(--wp--preset--spacing--40)"><strong>Contact :</strong><br>e-mail : <a href="mailto:chezeausabrina@gmail.com">chezeausabrina@gmail.com</a><br>Site web : <a href="http://www.sabrinachezeau.com">www.sabrinachezeau.com</a></p>



<p></p>

<p>UNE PEAU PLUS LOIN Violence éducative, jeunesse, écologie, théâtre-récit, adolescent, violence familialeÂge&nbsp;: 9 ans+, élémentaire, collège, lycée, adultes « Victor [&hellip;]</p>
