{"id":539,"date":"2024-11-28T12:41:45","date_gmt":"2024-11-28T11:41:45","guid":{"rendered":"https:\/\/spectacles.lamaisonduconte.com\/?page_id=539"},"modified":"2025-01-14T12:25:41","modified_gmt":"2025-01-14T11:25:41","slug":"delphine-garczynska-voyage-en-hiver","status":"publish","type":"page","link":"https:\/\/spectacles.lamaisonduconte.com\/index.php\/delphine-garczynska-voyage-en-hiver\/","title":{"rendered":"Delphine Garczynska \u2013 Un voyage en hiver"},"content":{"rendered":"\n<figure class=\"wp-block-image size-full is-resized\" style=\"margin-right:var(--wp--preset--spacing--40);margin-left:var(--wp--preset--spacing--40)\"><img loading=\"lazy\" decoding=\"async\" width=\"567\" height=\"700\" src=\"http:\/\/spectacles.lamaisonduconte.com\/wp-content\/uploads\/2024\/11\/SP-Garczynska-voyage.jpg\" alt=\"\" class=\"wp-image-228\" style=\"width:357px\" srcset=\"https:\/\/spectacles.lamaisonduconte.com\/wp-content\/uploads\/2024\/11\/SP-Garczynska-voyage.jpg 567w, https:\/\/spectacles.lamaisonduconte.com\/wp-content\/uploads\/2024\/11\/SP-Garczynska-voyage-243x300.jpg 243w\" sizes=\"auto, (max-width: 567px) 100vw, 567px\" \/><\/figure>\n\n\n\n<h2 class=\"wp-block-heading has-foreground-color has-text-color has-link-color wp-elements-766ae895bb8acb13b4b2dcfc15fb499c\" style=\"padding-right:var(--wp--preset--spacing--40);padding-left:var(--wp--preset--spacing--40)\"><br>UN VOYAGE EN HIVER<br><\/h2>\n\n\n\n<blockquote class=\"wp-block-quote has-foreground-color has-text-color has-link-color has-extra-small-font-size wp-elements-39e98ca102c1b9343c9f5e9e8c4105d7 is-layout-flow wp-block-quote-is-layout-flow\" style=\"padding-right:0;padding-left:0\">\n<h6 class=\"wp-block-heading has-raleway-font-family has-extra-small-font-size\" style=\"padding-right:var(--wp--preset--spacing--40);padding-left:var(--wp--preset--spacing--40)\">Femmes, famille, r\u00e9cit de vie, \u00e9mancipation, conte merveilleux<br>\u00c2ge\u00a0: 14 ans+, coll\u00e8ge, lyc\u00e9e, adultes<\/h6>\n\n\n\n<p><\/p>\n<\/blockquote>\n\n\n\n<p class=\"has-foreground-color has-text-color has-link-color wp-elements-bf2dd7d2a00cefd1b67435cb9c964bea\" style=\"padding-right:var(--wp--preset--spacing--40);padding-left:var(--wp--preset--spacing--40)\"><br>\u00ab Pouss\u00e9e par les femmes de son village, une toute jeune fille \u00e9chappe \u00e0 son destin en partant \u00e0 la recherche de ses fr\u00e8res exil\u00e9s au fond des bois. C\u2019est dans la profondeur de la for\u00eat qu\u2019elle les d\u00e9couvre en m\u00eame temps que ses talents de brodeuse. En miroir \u00e0 ce conte merveilleux qui vient sublimer le r\u00e9el, on entend l\u2019histoire d\u2019une famille d\u2019autrefois o\u00f9 les femmes sont atteintes du m\u00eame chagrin sans nom qui s\u2019empile \u00e0 chaque g\u00e9n\u00e9ration&nbsp;: un contrepoint intime qui laisse entrevoir, \u00e0 c\u00f4t\u00e9 des blessures de femmes coup\u00e9es de leurs forces vives, l\u2019\u00e9mergence d\u2019une r\u00e9silience po\u00e9tique.&nbsp;\u00bb<br><\/p>\n\n\n\n<p class=\"has-foreground-color has-text-color has-link-color wp-elements-ba1238313e84d32e61af7a13624464d4\"><\/p>\n\n\n\n<p class=\"has-foreground-color has-text-color has-link-color wp-elements-9368853d9d4da893389a3d929cd3cdcd\" style=\"padding-right:var(--wp--preset--spacing--40);padding-left:var(--wp--preset--spacing--40)\"><br><strong>Lieux de repr\u00e9sentation&nbsp;<\/strong>: forme plateau (r\u00e9gie son et lumi\u00e8re) ; forme pour LND (lieu non-d\u00e9di\u00e9)<\/p>\n\n\n\n<p class=\"has-foreground-color has-text-color has-link-color wp-elements-9aa488d02445cf367aecee3b6a53071b\" style=\"padding-top:var(--wp--preset--spacing--40);padding-right:var(--wp--preset--spacing--40);padding-bottom:var(--wp--preset--spacing--40);padding-left:var(--wp--preset--spacing--40)\"><strong>\u00c9quipe artiste&nbsp;au plateau<\/strong>&nbsp;: <a href=\"https:\/\/spectacles.lamaisonduconte.com\/index.php\/delphine-garczynska-fiche-artiste\/\" data-type=\"page\" data-id=\"537\">Delphine Garczynska<\/a><\/p>\n\n\n\n<p class=\"has-foreground-color has-text-color has-link-color wp-elements-5f81f115cf76a7a648257a84a3d34bf8\" style=\"padding-top:var(--wp--preset--spacing--40);padding-right:var(--wp--preset--spacing--40);padding-bottom:var(--wp--preset--spacing--40);padding-left:var(--wp--preset--spacing--40)\"><\/p>\n\n\n\n<p class=\"has-foreground-color has-text-color has-link-color wp-elements-2bd0d478b091280f70d348d75498bdb4\" style=\"padding-right:var(--wp--preset--spacing--40);padding-left:var(--wp--preset--spacing--40)\"><br><strong>Production<\/strong>&nbsp;: Cie Entre les jours \/ Soutiens et coproductions dans le cadre du Programme H\u00e9lice&nbsp;(dispositif d\u2019accompagnement crois\u00e9 \u00e0 la cr\u00e9ation, soutenu par la R\u00e9gion Ile-de-France et le Minist\u00e8re de la Culture DRAC Ile-de-France)&nbsp;: Th\u00e9\u00e2tre des Sources, Rumeurs Urbaines \u2013 Cie Le Temps de Vivre, La Maison du Conte \/ Autres soutiens et coproductions&nbsp;: La Halle \u00d4 Grains \u2013 Th\u00e9\u00e2tre de Bayeux, Minist\u00e8re de la Culture \u2013 DRAC Normandie, Communaut\u00e9\u0301 d\u2019Agglom\u00e9ration Mont-Saint-Michel-Normandie, Le Nombril du Monde dans le cadre du dispositif d\u2019aide \u00e0 l\u2019\u00e9criture \u00ab&nbsp;La Petite Chartreuse&nbsp;\u00bb, Le Moulin du Marais, Union des Foyers Ruraux de Poitou-Charentes.<\/p>\n\n\n\n<p class=\"has-foreground-color has-text-color has-link-color wp-elements-9b6c1bf2aafde9fd6da70e0858bb82fc\" style=\"padding-top:var(--wp--preset--spacing--60);padding-right:var(--wp--preset--spacing--40);padding-bottom:var(--wp--preset--spacing--60);padding-left:var(--wp--preset--spacing--40)\"><strong>Contact :<\/strong><br>e-mail : <a href=\"mailto:delphine.garczynska@gmail.com\">delphine.garczynska@gmail.com<\/a><br>Site web : <a href=\"https:\/\/www.delphinegarczynska.com\">www.delphinegarczynska.com<\/a><\/p>\n","protected":false},"excerpt":{"rendered":"<p>UN VOYAGE EN HIVER Femmes, famille, r\u00e9cit de vie, \u00e9mancipation, conte merveilleux\u00c2ge\u00a0: 14 ans+, coll\u00e8ge, lyc\u00e9e, adultes \u00ab Pouss\u00e9e par [&hellip;]<\/p>\n","protected":false},"author":1,"featured_media":228,"parent":0,"menu_order":0,"comment_status":"closed","ping_status":"closed","template":"","meta":{"footnotes":""},"class_list":["post-539","page","type-page","status-publish","has-post-thumbnail","hentry"],"_links":{"self":[{"href":"https:\/\/spectacles.lamaisonduconte.com\/index.php\/wp-json\/wp\/v2\/pages\/539","targetHints":{"allow":["GET"]}}],"collection":[{"href":"https:\/\/spectacles.lamaisonduconte.com\/index.php\/wp-json\/wp\/v2\/pages"}],"about":[{"href":"https:\/\/spectacles.lamaisonduconte.com\/index.php\/wp-json\/wp\/v2\/types\/page"}],"author":[{"embeddable":true,"href":"https:\/\/spectacles.lamaisonduconte.com\/index.php\/wp-json\/wp\/v2\/users\/1"}],"replies":[{"embeddable":true,"href":"https:\/\/spectacles.lamaisonduconte.com\/index.php\/wp-json\/wp\/v2\/comments?post=539"}],"version-history":[{"count":7,"href":"https:\/\/spectacles.lamaisonduconte.com\/index.php\/wp-json\/wp\/v2\/pages\/539\/revisions"}],"predecessor-version":[{"id":1495,"href":"https:\/\/spectacles.lamaisonduconte.com\/index.php\/wp-json\/wp\/v2\/pages\/539\/revisions\/1495"}],"wp:featuredmedia":[{"embeddable":true,"href":"https:\/\/spectacles.lamaisonduconte.com\/index.php\/wp-json\/wp\/v2\/media\/228"}],"wp:attachment":[{"href":"https:\/\/spectacles.lamaisonduconte.com\/index.php\/wp-json\/wp\/v2\/media?parent=539"}],"curies":[{"name":"wp","href":"https:\/\/api.w.org\/{rel}","templated":true}]}}