{"id":543,"date":"2024-11-28T12:46:36","date_gmt":"2024-11-28T11:46:36","guid":{"rendered":"https:\/\/spectacles.lamaisonduconte.com\/?page_id=543"},"modified":"2025-01-14T12:40:16","modified_gmt":"2025-01-14T11:40:16","slug":"delphine-garczynska-bois-charmant","status":"publish","type":"page","link":"https:\/\/spectacles.lamaisonduconte.com\/index.php\/delphine-garczynska-bois-charmant\/","title":{"rendered":"Delphine Garczynska \u2013 Le petit bois charmant et la for\u00eat sombre"},"content":{"rendered":"\n<figure class=\"wp-block-image size-full is-resized\" style=\"margin-right:var(--wp--preset--spacing--40);margin-left:var(--wp--preset--spacing--40)\"><img loading=\"lazy\" decoding=\"async\" width=\"567\" height=\"700\" src=\"http:\/\/spectacles.lamaisonduconte.com\/wp-content\/uploads\/2024\/11\/SP-Garczynska-foret.jpg\" alt=\"\" class=\"wp-image-232\" style=\"width:357px\" srcset=\"https:\/\/spectacles.lamaisonduconte.com\/wp-content\/uploads\/2024\/11\/SP-Garczynska-foret.jpg 567w, https:\/\/spectacles.lamaisonduconte.com\/wp-content\/uploads\/2024\/11\/SP-Garczynska-foret-243x300.jpg 243w\" sizes=\"auto, (max-width: 567px) 100vw, 567px\" \/><\/figure>\n\n\n\n<h2 class=\"wp-block-heading has-foreground-color has-text-color has-link-color wp-elements-3b949f020a43d179ac79947124a31647\" style=\"padding-right:var(--wp--preset--spacing--40);padding-left:var(--wp--preset--spacing--40)\"><br>LE PETIT BOIS CHARMANT ET LA FOR\u00caT SOMBRE<br><\/h2>\n\n\n\n<blockquote class=\"wp-block-quote has-foreground-color has-text-color has-link-color has-extra-small-font-size wp-elements-be0f55dab3aac18d4b944750357818a3 is-layout-flow wp-block-quote-is-layout-flow\" style=\"padding-right:0;padding-left:0\">\n<h6 class=\"wp-block-heading has-raleway-font-family has-extra-small-font-size\" style=\"padding-right:var(--wp--preset--spacing--40);padding-left:var(--wp--preset--spacing--40)\">Conte merveilleux, enfants, fourrure, proximit\u00e9<br>\u00c2ge\u00a0: 6-10 ans, \u00e9l\u00e9mentaire, adultes<\/h6>\n\n\n\n<p><\/p>\n<\/blockquote>\n\n\n\n<p class=\"has-foreground-color has-text-color has-link-color wp-elements-7c9d95ea08fb3a50c6584e496a91fe5a\" style=\"padding-right:var(--wp--preset--spacing--40);padding-left:var(--wp--preset--spacing--40)\"><br>\u00ab Entre chambre et for\u00eat, trois histoires&nbsp;que l\u2019on \u00e9coute allong\u00e9&nbsp;dans l\u2019ombre et la fourrure et qui racontent les angoisses sans contours que suscitent les premi\u00e8res grandes exp\u00e9riences de solitude et de d\u00e9couverte de soi. Des histoires de loups pour contrer ses peurs.&nbsp;\u00bb<br><\/p>\n\n\n\n<p class=\"has-foreground-color has-text-color has-link-color wp-elements-ba1238313e84d32e61af7a13624464d4\"><\/p>\n\n\n\n<p class=\"has-foreground-color has-text-color has-link-color wp-elements-adc1019f6409b499e084eb576969c983\" style=\"padding-right:var(--wp--preset--spacing--40);padding-left:var(--wp--preset--spacing--40)\"><br><strong>Lieux de repr\u00e9sentation&nbsp;<\/strong>: forme plateau (r\u00e9gie lumi\u00e8re) et forme LND (lieux non-d\u00e9di\u00e9s-autonomie technique)<\/p>\n\n\n\n<p class=\"has-foreground-color has-text-color has-link-color wp-elements-9aa488d02445cf367aecee3b6a53071b\" style=\"padding-top:var(--wp--preset--spacing--40);padding-right:var(--wp--preset--spacing--40);padding-bottom:var(--wp--preset--spacing--40);padding-left:var(--wp--preset--spacing--40)\"><strong>\u00c9quipe artiste&nbsp;au plateau<\/strong>&nbsp;: <a href=\"https:\/\/spectacles.lamaisonduconte.com\/index.php\/delphine-garczynska-fiche-artiste\/\" data-type=\"page\" data-id=\"537\">Delphine Garczynska<\/a><\/p>\n\n\n\n<p class=\"has-foreground-color has-text-color has-link-color wp-elements-5f81f115cf76a7a648257a84a3d34bf8\" style=\"padding-top:var(--wp--preset--spacing--40);padding-right:var(--wp--preset--spacing--40);padding-bottom:var(--wp--preset--spacing--40);padding-left:var(--wp--preset--spacing--40)\"><\/p>\n\n\n\n<p class=\"has-foreground-color has-text-color has-link-color wp-elements-3b87352e6fcaf34e3ceaecc46351db10\" style=\"padding-right:var(--wp--preset--spacing--40);padding-left:var(--wp--preset--spacing--40)\"><br><strong>Production<\/strong>&nbsp;: Cie Entre les jours \/ Soutiens en 2021 : Communaut\u00e9 d\u2019Agglom\u00e9ration Mont-Saint-Michel-Normandie, La Maison du Conte \/ Soutiens&nbsp;et coproductions en 2024 pour la cr\u00e9ation lumi\u00e8res : Les Arts du R\u00e9cit \u00e0 Grenoble, Th\u00e9\u00e2tre du Chevalet<\/p>\n\n\n\n<p class=\"has-foreground-color has-text-color has-link-color wp-elements-9b6c1bf2aafde9fd6da70e0858bb82fc\" style=\"padding-top:var(--wp--preset--spacing--60);padding-right:var(--wp--preset--spacing--40);padding-bottom:var(--wp--preset--spacing--60);padding-left:var(--wp--preset--spacing--40)\"><strong>Contact :<\/strong><br>e-mail : <a href=\"mailto:delphine.garczynska@gmail.com\">delphine.garczynska@gmail.com<\/a><br>Site web : <a href=\"https:\/\/www.delphinegarczynska.com\">www.delphinegarczynska.com<\/a><\/p>\n","protected":false},"excerpt":{"rendered":"<p>LE PETIT BOIS CHARMANT ET LA FOR\u00caT SOMBRE Conte merveilleux, enfants, fourrure, proximit\u00e9\u00c2ge\u00a0: 6-10 ans, \u00e9l\u00e9mentaire, adultes \u00ab Entre chambre [&hellip;]<\/p>\n","protected":false},"author":1,"featured_media":232,"parent":0,"menu_order":0,"comment_status":"closed","ping_status":"closed","template":"","meta":{"footnotes":""},"class_list":["post-543","page","type-page","status-publish","has-post-thumbnail","hentry"],"_links":{"self":[{"href":"https:\/\/spectacles.lamaisonduconte.com\/index.php\/wp-json\/wp\/v2\/pages\/543","targetHints":{"allow":["GET"]}}],"collection":[{"href":"https:\/\/spectacles.lamaisonduconte.com\/index.php\/wp-json\/wp\/v2\/pages"}],"about":[{"href":"https:\/\/spectacles.lamaisonduconte.com\/index.php\/wp-json\/wp\/v2\/types\/page"}],"author":[{"embeddable":true,"href":"https:\/\/spectacles.lamaisonduconte.com\/index.php\/wp-json\/wp\/v2\/users\/1"}],"replies":[{"embeddable":true,"href":"https:\/\/spectacles.lamaisonduconte.com\/index.php\/wp-json\/wp\/v2\/comments?post=543"}],"version-history":[{"count":5,"href":"https:\/\/spectacles.lamaisonduconte.com\/index.php\/wp-json\/wp\/v2\/pages\/543\/revisions"}],"predecessor-version":[{"id":1522,"href":"https:\/\/spectacles.lamaisonduconte.com\/index.php\/wp-json\/wp\/v2\/pages\/543\/revisions\/1522"}],"wp:featuredmedia":[{"embeddable":true,"href":"https:\/\/spectacles.lamaisonduconte.com\/index.php\/wp-json\/wp\/v2\/media\/232"}],"wp:attachment":[{"href":"https:\/\/spectacles.lamaisonduconte.com\/index.php\/wp-json\/wp\/v2\/media?parent=543"}],"curies":[{"name":"wp","href":"https:\/\/api.w.org\/{rel}","templated":true}]}}

Delphine Garczynska – Le petit bois charmant et la forêt sombre

<figure class="wp-block-image size-full is-resized" style="margin-right:var(--wp--preset--spacing--40);margin-left:var(--wp--preset--spacing--40)"><img loading="lazy" decoding="async" width="567" height="700" src="http://spectacles.lamaisonduconte.com/wp-content/uploads/2024/11/SP-Garczynska-foret.jpg" alt="" class="wp-image-232" style="width:357px" srcset="https://spectacles.lamaisonduconte.com/wp-content/uploads/2024/11/SP-Garczynska-foret.jpg 567w, https://spectacles.lamaisonduconte.com/wp-content/uploads/2024/11/SP-Garczynska-foret-243x300.jpg 243w" sizes="auto, (max-width: 567px) 100vw, 567px" /></figure>



<h2 class="wp-block-heading has-foreground-color has-text-color has-link-color wp-elements-3b949f020a43d179ac79947124a31647" style="padding-right:var(--wp--preset--spacing--40);padding-left:var(--wp--preset--spacing--40)"><br>LE PETIT BOIS CHARMANT ET LA FORÊT SOMBRE<br></h2>



<blockquote class="wp-block-quote has-foreground-color has-text-color has-link-color has-extra-small-font-size wp-elements-be0f55dab3aac18d4b944750357818a3 is-layout-flow wp-block-quote-is-layout-flow" style="padding-right:0;padding-left:0">
<h6 class="wp-block-heading has-raleway-font-family has-extra-small-font-size" style="padding-right:var(--wp--preset--spacing--40);padding-left:var(--wp--preset--spacing--40)">Conte merveilleux, enfants, fourrure, proximité<br>Âge : 6-10 ans, élémentaire, adultes</h6>



<p></p>
</blockquote>



<p class="has-foreground-color has-text-color has-link-color wp-elements-7c9d95ea08fb3a50c6584e496a91fe5a" style="padding-right:var(--wp--preset--spacing--40);padding-left:var(--wp--preset--spacing--40)"><br>« Entre chambre et forêt, trois histoires&nbsp;que l’on écoute allongé&nbsp;dans l’ombre et la fourrure et qui racontent les angoisses sans contours que suscitent les premières grandes expériences de solitude et de découverte de soi. Des histoires de loups pour contrer ses peurs.&nbsp;»<br></p>



<p class="has-foreground-color has-text-color has-link-color wp-elements-ba1238313e84d32e61af7a13624464d4"></p>



<p class="has-foreground-color has-text-color has-link-color wp-elements-adc1019f6409b499e084eb576969c983" style="padding-right:var(--wp--preset--spacing--40);padding-left:var(--wp--preset--spacing--40)"><br><strong>Lieux de représentation&nbsp;</strong>: forme plateau (régie lumière) et forme LND (lieux non-dédiés-autonomie technique)</p>



<p class="has-foreground-color has-text-color has-link-color wp-elements-9aa488d02445cf367aecee3b6a53071b" style="padding-top:var(--wp--preset--spacing--40);padding-right:var(--wp--preset--spacing--40);padding-bottom:var(--wp--preset--spacing--40);padding-left:var(--wp--preset--spacing--40)"><strong>Équipe artiste&nbsp;au plateau</strong>&nbsp;: <a href="https://spectacles.lamaisonduconte.com/index.php/delphine-garczynska-fiche-artiste/" data-type="page" data-id="537">Delphine Garczynska</a></p>



<p class="has-foreground-color has-text-color has-link-color wp-elements-5f81f115cf76a7a648257a84a3d34bf8" style="padding-top:var(--wp--preset--spacing--40);padding-right:var(--wp--preset--spacing--40);padding-bottom:var(--wp--preset--spacing--40);padding-left:var(--wp--preset--spacing--40)"></p>



<p class="has-foreground-color has-text-color has-link-color wp-elements-3b87352e6fcaf34e3ceaecc46351db10" style="padding-right:var(--wp--preset--spacing--40);padding-left:var(--wp--preset--spacing--40)"><br><strong>Production</strong>&nbsp;: Cie Entre les jours / Soutiens en 2021 : Communauté d’Agglomération Mont-Saint-Michel-Normandie, La Maison du Conte / Soutiens&nbsp;et coproductions en 2024 pour la création lumières : Les Arts du Récit à Grenoble, Théâtre du Chevalet</p>



<p class="has-foreground-color has-text-color has-link-color wp-elements-9b6c1bf2aafde9fd6da70e0858bb82fc" style="padding-top:var(--wp--preset--spacing--60);padding-right:var(--wp--preset--spacing--40);padding-bottom:var(--wp--preset--spacing--60);padding-left:var(--wp--preset--spacing--40)"><strong>Contact :</strong><br>e-mail : <a href="mailto:delphine.garczynska@gmail.com">delphine.garczynska@gmail.com</a><br>Site web : <a href="https://www.delphinegarczynska.com">www.delphinegarczynska.com</a></p>

<p>LE PETIT BOIS CHARMANT ET LA FORÊT SOMBRE Conte merveilleux, enfants, fourrure, proximitéÂge : 6-10 ans, élémentaire, adultes « Entre chambre [&hellip;]</p>
