{"id":567,"date":"2024-11-28T16:22:08","date_gmt":"2024-11-28T15:22:08","guid":{"rendered":"https:\/\/spectacles.lamaisonduconte.com\/?page_id=567"},"modified":"2025-01-14T12:39:18","modified_gmt":"2025-01-14T11:39:18","slug":"elie-guillou-happy-dreams-hotel","status":"publish","type":"page","link":"https:\/\/spectacles.lamaisonduconte.com\/index.php\/elie-guillou-happy-dreams-hotel\/","title":{"rendered":"Aram Tastekin \/ Elie Guillou \/ Neset Kutas &#8211; Happy dreams hotel"},"content":{"rendered":"\n<figure class=\"wp-block-image size-full is-resized\" style=\"margin-right:var(--wp--preset--spacing--40);margin-left:var(--wp--preset--spacing--40)\"><img loading=\"lazy\" decoding=\"async\" width=\"567\" height=\"700\" src=\"http:\/\/spectacles.lamaisonduconte.com\/wp-content\/uploads\/2024\/11\/SP-Guillou-hotel-1.jpg\" alt=\"\" class=\"wp-image-1113\" style=\"width:357px\" srcset=\"https:\/\/spectacles.lamaisonduconte.com\/wp-content\/uploads\/2024\/11\/SP-Guillou-hotel-1.jpg 567w, https:\/\/spectacles.lamaisonduconte.com\/wp-content\/uploads\/2024\/11\/SP-Guillou-hotel-1-243x300.jpg 243w\" sizes=\"auto, (max-width: 567px) 100vw, 567px\" \/><\/figure>\n\n\n\n<h2 class=\"wp-block-heading has-foreground-color has-text-color has-link-color wp-elements-c84e45c6f957aea43715be73015d3443\" style=\"padding-right:var(--wp--preset--spacing--40);padding-left:var(--wp--preset--spacing--40)\"><br>HAPPY DREAMS HOTEL<br><\/h2>\n\n\n\n<blockquote class=\"wp-block-quote has-foreground-color has-text-color has-link-color has-extra-small-font-size wp-elements-32e64bec0d4cb3f63b897eb2a4ae9a05 is-layout-flow wp-block-quote-is-layout-flow\" style=\"padding-right:0;padding-left:0\">\n<h6 class=\"wp-block-heading has-raleway-font-family has-extra-small-font-size\" style=\"padding-right:var(--wp--preset--spacing--40);padding-left:var(--wp--preset--spacing--40)\">Exil, Kurdistan, enfance, r\u00e9sistance<br>\u00c2ge\u00a0: 12 ans+, coll\u00e8ge, lyc\u00e9e, adultes<\/h6>\n\n\n\n<p><\/p>\n<\/blockquote>\n\n\n\n<p class=\"has-foreground-color has-text-color has-link-color wp-elements-8c6f7f7fab118a58a21c1f8fb518a850\" style=\"padding-right:var(--wp--preset--spacing--40);padding-left:var(--wp--preset--spacing--40)\"><br>\u00ab Ce spectacle est n\u00e9 de la rencontre entre Elie Guillou et Aram Tastekin en Turquie&nbsp;:le premier y menait des recherches, le second y \u00e9tait com\u00e9dien. En 2017, menac\u00e9 par le r\u00e9gime d&rsquo;Erdogan, Aram a du fuir. D\u00e8s son arriv\u00e9e en France, les deux amis ont cherch\u00e9 comment m\u00ealer leurs voix dans un spectacle. A-t-on le droit de rire, ici, de la guerre l\u00e0-bas ? Et puis, un jour, Aram a dit :&nbsp;\u00ab Au Kurdistan, pour un sourire, on dit \u00ab\u00a0Un morceau de r\u00e9volution.\u00a0\u00bb L&rsquo;expression liait l&rsquo;humour et la r\u00e9sistance, le spectacle avait trouv\u00e9 sa voie. \u00bb<br><\/p>\n\n\n\n<p class=\"has-foreground-color has-text-color has-link-color wp-elements-ba1238313e84d32e61af7a13624464d4\"><\/p>\n\n\n\n<p class=\"has-foreground-color has-text-color has-link-color wp-elements-0dd571d7468db780e4d625a2c814712c\" style=\"padding-right:var(--wp--preset--spacing--40);padding-left:var(--wp--preset--spacing--40)\"><br><strong>Lieux de repr\u00e9sentation&nbsp;<\/strong>: plateau (r\u00e9gie son et lumi\u00e8re)<\/p>\n\n\n\n<p class=\"has-foreground-color has-text-color has-link-color wp-elements-d559af5121b0dca5c7ead76ad3c2388f\" style=\"padding-top:var(--wp--preset--spacing--40);padding-right:var(--wp--preset--spacing--40);padding-bottom:var(--wp--preset--spacing--40);padding-left:var(--wp--preset--spacing--40)\"><strong>\u00c9quipe artiste&nbsp;au plateau<\/strong>&nbsp;: Aram Tastekin&nbsp;(r\u00e9cit, jeu) et&nbsp;Neset Kutas&nbsp;(jeu, percussions) \/ \u00e9criture et mise en sc\u00e8ne par <a href=\"https:\/\/spectacles.lamaisonduconte.com\/index.php\/elie-guillou-fiche-artiste\/\" data-type=\"page\" data-id=\"565\">Elie Guillou<\/a><\/p>\n\n\n\n<p class=\"has-foreground-color has-text-color has-link-color wp-elements-5f81f115cf76a7a648257a84a3d34bf8\" style=\"padding-top:var(--wp--preset--spacing--40);padding-right:var(--wp--preset--spacing--40);padding-bottom:var(--wp--preset--spacing--40);padding-left:var(--wp--preset--spacing--40)\"><\/p>\n\n\n\n<p class=\"has-foreground-color has-text-color has-link-color wp-elements-5223f2656b9184a21aa822078ad7a468\" style=\"padding-right:var(--wp--preset--spacing--40);padding-left:var(--wp--preset--spacing--40)\"><br><strong>Production<\/strong>&nbsp;: H\u00e9 Ouais Mec Productions \/ Coproductions&nbsp;: L\u2019Atelier des artistes en exil, Festival Rumeurs Urbaines &#8211; Cie Le temps de vivre,&nbsp;La Maison du conte, Th\u00e9\u00e2tre Antoine Vitez &#8211; Sc\u00e8ne d\u2019Ivry, Festival des arts du r\u00e9cit en Is\u00e8re, Th\u00e9\u00e2tre Berthelot &#8211; Jean Guerrin \/ Soutiens&nbsp;: Le Strapontin, La SACD &#8211; Copie Priv\u00e9e, D\u00e9partement du Val de Marne. Aram Tastekin est membre de l\u2019Atelier des artistes en exil.<\/p>\n\n\n\n<p class=\"has-foreground-color has-text-color has-link-color wp-elements-8a1eced6fa70f2a45c0745cbc5231934\" style=\"padding-top:var(--wp--preset--spacing--60);padding-right:var(--wp--preset--spacing--40);padding-bottom:var(--wp--preset--spacing--60);padding-left:var(--wp--preset--spacing--40)\"><strong>Contact :<\/strong><br>e-mail : <a href=\"mailto:guillou.elie@gmail.com\">guillou.elie@gmail.com<\/a><br>Site web : <a href=\"http:\/\/www.elieguillou.squarespace.com\">www.elieguillou.squarespace.com<\/a><\/p>\n","protected":false},"excerpt":{"rendered":"<p>HAPPY DREAMS HOTEL Exil, Kurdistan, enfance, r\u00e9sistance\u00c2ge\u00a0: 12 ans+, coll\u00e8ge, lyc\u00e9e, adultes \u00ab Ce spectacle est n\u00e9 de la rencontre [&hellip;]<\/p>\n","protected":false},"author":1,"featured_media":1113,"parent":0,"menu_order":0,"comment_status":"closed","ping_status":"closed","template":"","meta":{"footnotes":""},"class_list":["post-567","page","type-page","status-publish","has-post-thumbnail","hentry"],"_links":{"self":[{"href":"https:\/\/spectacles.lamaisonduconte.com\/index.php\/wp-json\/wp\/v2\/pages\/567","targetHints":{"allow":["GET"]}}],"collection":[{"href":"https:\/\/spectacles.lamaisonduconte.com\/index.php\/wp-json\/wp\/v2\/pages"}],"about":[{"href":"https:\/\/spectacles.lamaisonduconte.com\/index.php\/wp-json\/wp\/v2\/types\/page"}],"author":[{"embeddable":true,"href":"https:\/\/spectacles.lamaisonduconte.com\/index.php\/wp-json\/wp\/v2\/users\/1"}],"replies":[{"embeddable":true,"href":"https:\/\/spectacles.lamaisonduconte.com\/index.php\/wp-json\/wp\/v2\/comments?post=567"}],"version-history":[{"count":7,"href":"https:\/\/spectacles.lamaisonduconte.com\/index.php\/wp-json\/wp\/v2\/pages\/567\/revisions"}],"predecessor-version":[{"id":1520,"href":"https:\/\/spectacles.lamaisonduconte.com\/index.php\/wp-json\/wp\/v2\/pages\/567\/revisions\/1520"}],"wp:featuredmedia":[{"embeddable":true,"href":"https:\/\/spectacles.lamaisonduconte.com\/index.php\/wp-json\/wp\/v2\/media\/1113"}],"wp:attachment":[{"href":"https:\/\/spectacles.lamaisonduconte.com\/index.php\/wp-json\/wp\/v2\/media?parent=567"}],"curies":[{"name":"wp","href":"https:\/\/api.w.org\/{rel}","templated":true}]}}