{"id":584,"date":"2024-11-29T16:45:32","date_gmt":"2024-11-29T15:45:32","guid":{"rendered":"https:\/\/spectacles.lamaisonduconte.com\/?page_id=584"},"modified":"2025-01-15T11:19:49","modified_gmt":"2025-01-15T10:19:49","slug":"nathalie-loizeau-boucle-bleue","status":"publish","type":"page","link":"https:\/\/spectacles.lamaisonduconte.com\/index.php\/nathalie-loizeau-boucle-bleue\/","title":{"rendered":"Nathalie Loizeau \u2013 Boucle bleue et les trois petits cochons tout ronds"},"content":{"rendered":"\n<figure class=\"wp-block-image size-full is-resized\" style=\"margin-right:var(--wp--preset--spacing--40);margin-left:var(--wp--preset--spacing--40)\"><img loading=\"lazy\" decoding=\"async\" width=\"567\" height=\"700\" src=\"http:\/\/spectacles.lamaisonduconte.com\/wp-content\/uploads\/2024\/11\/SP-Loizeau-cochons.jpg\" alt=\"\" class=\"wp-image-222\" style=\"width:357px\" srcset=\"https:\/\/spectacles.lamaisonduconte.com\/wp-content\/uploads\/2024\/11\/SP-Loizeau-cochons.jpg 567w, https:\/\/spectacles.lamaisonduconte.com\/wp-content\/uploads\/2024\/11\/SP-Loizeau-cochons-243x300.jpg 243w\" sizes=\"auto, (max-width: 567px) 100vw, 567px\" \/><\/figure>\n\n\n\n<h2 class=\"wp-block-heading has-foreground-color has-text-color has-link-color wp-elements-8b3e4495badb2bdabfe2aa16dddb444e\" style=\"padding-right:var(--wp--preset--spacing--40);padding-left:var(--wp--preset--spacing--40)\"><br>BOUCLE BLEUE ET LES TROIS PETITS COCHONS TOUT RONDS<br><\/h2>\n\n\n\n<blockquote class=\"wp-block-quote has-foreground-color has-text-color has-link-color has-extra-small-font-size wp-elements-508ad658b36292b48f478ed8d882e5a4 is-layout-flow wp-block-quote-is-layout-flow\" style=\"padding-right:0;padding-left:0\">\n<h6 class=\"wp-block-heading has-raleway-font-family has-extra-small-font-size\" style=\"padding-right:var(--wp--preset--spacing--40);padding-left:var(--wp--preset--spacing--40)\">Contes merveilleux, Keith Haring, Warja Lavater, th\u00e9\u00e2tre d\u2019objets, musique<br>\u00c2ge\u00a0: 3-7 ans, maternelle, \u00e9l\u00e9mentaire<\/h6>\n\n\n\n<p><\/p>\n<\/blockquote>\n\n\n\n<p class=\"has-foreground-color has-text-color has-link-color wp-elements-c231034984007f1041f60d07aeea6ccc\" style=\"padding-right:var(--wp--preset--spacing--40);padding-left:var(--wp--preset--spacing--40)\"><br>\u00ab Un castelet de poche plac\u00e9 \u00e0 hauteur d\u2019enfants, des petites formes en bois aux graphismes ludiques et color\u00e9s. Du r\u00e9cit, du mouvement, du chant, des sons, de la musique, pour une revisite p\u00e9tillante et fantaisiste de deux des plus grands classiques de la litt\u00e9rature orale enfantine. Nathalie Loizeau donne la part belle aux h\u00e9ro\u00efnes, offre aux plus petits une passerelle \u00ab\u00a0en-chant\u00e9e\u00a0\u00bb vers la lecture et le graphisme contemporain, en proposant une partition habile et inventive entre figuration et abstraction.\u00a0\u00bb<br><\/p>\n\n\n\n<p class=\"has-foreground-color has-text-color has-link-color wp-elements-ba1238313e84d32e61af7a13624464d4\"><\/p>\n\n\n\n<p class=\"has-foreground-color has-text-color has-link-color wp-elements-b976698041e31724b2aa247b410a9f8d\" style=\"padding-right:var(--wp--preset--spacing--40);padding-left:var(--wp--preset--spacing--40)\"><br><strong>Lieux de repr\u00e9sentation&nbsp;<\/strong>: forme plateau et LND (lieux non-d\u00e9di\u00e9s) (autonomie technique)<\/p>\n\n\n\n<p class=\"has-foreground-color has-text-color has-link-color wp-elements-6bdf125a29623fc347781ead3fd454dc\" style=\"padding-top:var(--wp--preset--spacing--40);padding-right:var(--wp--preset--spacing--40);padding-bottom:var(--wp--preset--spacing--40);padding-left:var(--wp--preset--spacing--40)\"><strong>\u00c9quipe artiste&nbsp;au plateau<\/strong>&nbsp;: <a href=\"https:\/\/spectacles.lamaisonduconte.com\/index.php\/nathalie-loizeau-fiche-artiste\/\" data-type=\"page\" data-id=\"582\">Nathalie Loizeau<\/a><\/p>\n\n\n\n<p class=\"has-foreground-color has-text-color has-link-color wp-elements-82c996f4047333eb22628ee0372a23ea\" style=\"padding-top:var(--wp--preset--spacing--40);padding-right:var(--wp--preset--spacing--40);padding-bottom:var(--wp--preset--spacing--40);padding-left:var(--wp--preset--spacing--40)\"><strong>Teaser<\/strong>&nbsp;: <\/p>\n\n\n\n<figure class=\"wp-block-embed is-type-video is-provider-youtube wp-block-embed-youtube wp-embed-aspect-16-9 wp-has-aspect-ratio\"><div class=\"wp-block-embed__wrapper\">\n<iframe loading=\"lazy\" title=\"BOUCLE BLEUE ET LES 3 PETITS COCHONS TOUT RONDS - Spectacle Jeune public de  3 \u00e0 7 ans\" width=\"500\" height=\"281\" src=\"https:\/\/www.youtube.com\/embed\/AAICAvIKGc8?feature=oembed\" frameborder=\"0\" allow=\"accelerometer; autoplay; clipboard-write; encrypted-media; gyroscope; picture-in-picture; web-share\" referrerpolicy=\"strict-origin-when-cross-origin\" allowfullscreen><\/iframe>\n<\/div><\/figure>\n\n\n\n<p class=\"has-foreground-color has-text-color has-link-color wp-elements-17f796b621a6582a2b4c6c9a83b8512f\" style=\"padding-right:var(--wp--preset--spacing--40);padding-left:var(--wp--preset--spacing--40)\"><br><strong>Production<\/strong>&nbsp;: L\u2019Atelier des Songes \/ <strong>Coproduction<\/strong>&nbsp;: La Maison du Conte<\/p>\n\n\n\n<p class=\"has-foreground-color has-text-color has-link-color wp-elements-4b9943a40f5816ba74f9591d1d1d6832\" style=\"padding-right:var(--wp--preset--spacing--40);padding-left:var(--wp--preset--spacing--40)\"><\/p>\n\n\n\n<p class=\"has-foreground-color has-text-color has-link-color wp-elements-c4788af4502e5727d9d5ccda7e42d1b6\" style=\"padding-top:var(--wp--preset--spacing--60);padding-right:var(--wp--preset--spacing--40);padding-bottom:var(--wp--preset--spacing--60);padding-left:var(--wp--preset--spacing--40)\"><strong>Contact :<\/strong><br>e-mail : <a href=\"mailto:contact@atelierdessonges.com\">contact@atelierdessonges.com<\/a><\/p>\n\n\n\n<p class=\"has-foreground-color has-text-color has-link-color wp-elements-30bf4e10aca92140c7155282a4b72e3f\" style=\"padding-top:var(--wp--preset--spacing--60);padding-right:var(--wp--preset--spacing--40);padding-bottom:var(--wp--preset--spacing--60);padding-left:var(--wp--preset--spacing--40)\">Site web : <a href=\"https:\/\/www.atelierdessonges.com\">www.atelierdessonges.com<\/a><\/p>\n","protected":false},"excerpt":{"rendered":"<p>BOUCLE BLEUE ET LES TROIS PETITS COCHONS TOUT RONDS Contes merveilleux, Keith Haring, Warja Lavater, th\u00e9\u00e2tre d\u2019objets, musique\u00c2ge\u00a0: 3-7 ans, [&hellip;]<\/p>\n","protected":false},"author":1,"featured_media":222,"parent":0,"menu_order":0,"comment_status":"closed","ping_status":"closed","template":"","meta":{"footnotes":""},"class_list":["post-584","page","type-page","status-publish","has-post-thumbnail","hentry"],"_links":{"self":[{"href":"https:\/\/spectacles.lamaisonduconte.com\/index.php\/wp-json\/wp\/v2\/pages\/584","targetHints":{"allow":["GET"]}}],"collection":[{"href":"https:\/\/spectacles.lamaisonduconte.com\/index.php\/wp-json\/wp\/v2\/pages"}],"about":[{"href":"https:\/\/spectacles.lamaisonduconte.com\/index.php\/wp-json\/wp\/v2\/types\/page"}],"author":[{"embeddable":true,"href":"https:\/\/spectacles.lamaisonduconte.com\/index.php\/wp-json\/wp\/v2\/users\/1"}],"replies":[{"embeddable":true,"href":"https:\/\/spectacles.lamaisonduconte.com\/index.php\/wp-json\/wp\/v2\/comments?post=584"}],"version-history":[{"count":7,"href":"https:\/\/spectacles.lamaisonduconte.com\/index.php\/wp-json\/wp\/v2\/pages\/584\/revisions"}],"predecessor-version":[{"id":1537,"href":"https:\/\/spectacles.lamaisonduconte.com\/index.php\/wp-json\/wp\/v2\/pages\/584\/revisions\/1537"}],"wp:featuredmedia":[{"embeddable":true,"href":"https:\/\/spectacles.lamaisonduconte.com\/index.php\/wp-json\/wp\/v2\/media\/222"}],"wp:attachment":[{"href":"https:\/\/spectacles.lamaisonduconte.com\/index.php\/wp-json\/wp\/v2\/media?parent=584"}],"curies":[{"name":"wp","href":"https:\/\/api.w.org\/{rel}","templated":true}]}}

<figure class="wp-block-image size-full is-resized" style="margin-right:var(--wp--preset--spacing--40);margin-left:var(--wp--preset--spacing--40)"><img loading="lazy" decoding="async" width="567" height="700" src="http://spectacles.lamaisonduconte.com/wp-content/uploads/2024/11/SP-Loizeau-cochons.jpg" alt="" class="wp-image-222" style="width:357px" srcset="https://spectacles.lamaisonduconte.com/wp-content/uploads/2024/11/SP-Loizeau-cochons.jpg 567w, https://spectacles.lamaisonduconte.com/wp-content/uploads/2024/11/SP-Loizeau-cochons-243x300.jpg 243w" sizes="auto, (max-width: 567px) 100vw, 567px" /></figure>



<h2 class="wp-block-heading has-foreground-color has-text-color has-link-color wp-elements-8b3e4495badb2bdabfe2aa16dddb444e" style="padding-right:var(--wp--preset--spacing--40);padding-left:var(--wp--preset--spacing--40)"><br>BOUCLE BLEUE ET LES TROIS PETITS COCHONS TOUT RONDS<br></h2>



<blockquote class="wp-block-quote has-foreground-color has-text-color has-link-color has-extra-small-font-size wp-elements-508ad658b36292b48f478ed8d882e5a4 is-layout-flow wp-block-quote-is-layout-flow" style="padding-right:0;padding-left:0">
<h6 class="wp-block-heading has-raleway-font-family has-extra-small-font-size" style="padding-right:var(--wp--preset--spacing--40);padding-left:var(--wp--preset--spacing--40)">Contes merveilleux, Keith Haring, Warja Lavater, théâtre d’objets, musique<br>Âge : 3-7 ans, maternelle, élémentaire</h6>



<p></p>
</blockquote>



<p class="has-foreground-color has-text-color has-link-color wp-elements-c231034984007f1041f60d07aeea6ccc" style="padding-right:var(--wp--preset--spacing--40);padding-left:var(--wp--preset--spacing--40)"><br>« Un castelet de poche placé à hauteur d’enfants, des petites formes en bois aux graphismes ludiques et colorés. Du récit, du mouvement, du chant, des sons, de la musique, pour une revisite pétillante et fantaisiste de deux des plus grands classiques de la littérature orale enfantine. Nathalie Loizeau donne la part belle aux héroïnes, offre aux plus petits une passerelle « en-chantée » vers la lecture et le graphisme contemporain, en proposant une partition habile et inventive entre figuration et abstraction. »<br></p>



<p class="has-foreground-color has-text-color has-link-color wp-elements-ba1238313e84d32e61af7a13624464d4"></p>



<p class="has-foreground-color has-text-color has-link-color wp-elements-b976698041e31724b2aa247b410a9f8d" style="padding-right:var(--wp--preset--spacing--40);padding-left:var(--wp--preset--spacing--40)"><br><strong>Lieux de représentation&nbsp;</strong>: forme plateau et LND (lieux non-dédiés) (autonomie technique)</p>



<p class="has-foreground-color has-text-color has-link-color wp-elements-6bdf125a29623fc347781ead3fd454dc" style="padding-top:var(--wp--preset--spacing--40);padding-right:var(--wp--preset--spacing--40);padding-bottom:var(--wp--preset--spacing--40);padding-left:var(--wp--preset--spacing--40)"><strong>Équipe artiste&nbsp;au plateau</strong>&nbsp;: <a href="https://spectacles.lamaisonduconte.com/index.php/nathalie-loizeau-fiche-artiste/" data-type="page" data-id="582">Nathalie Loizeau</a></p>



<p class="has-foreground-color has-text-color has-link-color wp-elements-82c996f4047333eb22628ee0372a23ea" style="padding-top:var(--wp--preset--spacing--40);padding-right:var(--wp--preset--spacing--40);padding-bottom:var(--wp--preset--spacing--40);padding-left:var(--wp--preset--spacing--40)"><strong>Teaser</strong>&nbsp;: </p>



<figure class="wp-block-embed is-type-video is-provider-youtube wp-block-embed-youtube wp-embed-aspect-16-9 wp-has-aspect-ratio"><div class="wp-block-embed__wrapper">
<iframe loading="lazy" title="BOUCLE BLEUE ET LES 3 PETITS COCHONS TOUT RONDS - Spectacle Jeune public de  3 à 7 ans" width="500" height="281" src="https://www.youtube.com/embed/AAICAvIKGc8?feature=oembed" frameborder="0" allow="accelerometer; autoplay; clipboard-write; encrypted-media; gyroscope; picture-in-picture; web-share" referrerpolicy="strict-origin-when-cross-origin" allowfullscreen></iframe>
</div></figure>



<p class="has-foreground-color has-text-color has-link-color wp-elements-17f796b621a6582a2b4c6c9a83b8512f" style="padding-right:var(--wp--preset--spacing--40);padding-left:var(--wp--preset--spacing--40)"><br><strong>Production</strong>&nbsp;: L’Atelier des Songes / <strong>Coproduction</strong>&nbsp;: La Maison du Conte</p>



<p class="has-foreground-color has-text-color has-link-color wp-elements-4b9943a40f5816ba74f9591d1d1d6832" style="padding-right:var(--wp--preset--spacing--40);padding-left:var(--wp--preset--spacing--40)"></p>



<p class="has-foreground-color has-text-color has-link-color wp-elements-c4788af4502e5727d9d5ccda7e42d1b6" style="padding-top:var(--wp--preset--spacing--60);padding-right:var(--wp--preset--spacing--40);padding-bottom:var(--wp--preset--spacing--60);padding-left:var(--wp--preset--spacing--40)"><strong>Contact :</strong><br>e-mail : <a href="mailto:contact@atelierdessonges.com">contact@atelierdessonges.com</a></p>



<p class="has-foreground-color has-text-color has-link-color wp-elements-30bf4e10aca92140c7155282a4b72e3f" style="padding-top:var(--wp--preset--spacing--60);padding-right:var(--wp--preset--spacing--40);padding-bottom:var(--wp--preset--spacing--60);padding-left:var(--wp--preset--spacing--40)">Site web : <a href="https://www.atelierdessonges.com">www.atelierdessonges.com</a></p>

<p>BOUCLE BLEUE ET LES TROIS PETITS COCHONS TOUT RONDS Contes merveilleux, Keith Haring, Warja Lavater, théâtre d’objets, musiqueÂge : 3-7 ans, [&hellip;]</p>
