{"id":712,"date":"2024-12-02T15:55:45","date_gmt":"2024-12-02T14:55:45","guid":{"rendered":"https:\/\/spectacles.lamaisonduconte.com\/?page_id=712"},"modified":"2025-01-14T12:32:03","modified_gmt":"2025-01-14T11:32:03","slug":"helene-palardy-o-janis","status":"publish","type":"page","link":"https:\/\/spectacles.lamaisonduconte.com\/index.php\/helene-palardy-o-janis\/","title":{"rendered":"H\u00e9l\u00e8ne Palardy &#8211; \u00d4 Janis !"},"content":{"rendered":"\n<figure class=\"wp-block-image size-full is-resized\" style=\"margin-right:var(--wp--preset--spacing--40);margin-left:var(--wp--preset--spacing--40)\"><img loading=\"lazy\" decoding=\"async\" width=\"567\" height=\"700\" src=\"http:\/\/spectacles.lamaisonduconte.com\/wp-content\/uploads\/2024\/11\/SP-Palardy-janis.jpg\" alt=\"\" class=\"wp-image-269\" style=\"width:357px\" srcset=\"https:\/\/spectacles.lamaisonduconte.com\/wp-content\/uploads\/2024\/11\/SP-Palardy-janis.jpg 567w, https:\/\/spectacles.lamaisonduconte.com\/wp-content\/uploads\/2024\/11\/SP-Palardy-janis-243x300.jpg 243w\" sizes=\"auto, (max-width: 567px) 100vw, 567px\" \/><\/figure>\n\n\n\n<h2 class=\"wp-block-heading has-foreground-color has-text-color has-link-color wp-elements-467c6c9d1169c2cbc73fd9fd4a9f0ace\" style=\"padding-right:var(--wp--preset--spacing--40);padding-left:var(--wp--preset--spacing--40)\"><br>\u00d4 JANIS !<br><\/h2>\n\n\n\n<blockquote class=\"wp-block-quote has-foreground-color has-text-color has-link-color has-extra-small-font-size wp-elements-a595e737b12d1c8ec72f638615ba1233 is-layout-flow wp-block-quote-is-layout-flow\" style=\"padding-right:0;padding-left:0\">\n<h6 class=\"wp-block-heading has-raleway-font-family has-extra-small-font-size\" style=\"padding-right:var(--wp--preset--spacing--40);padding-left:var(--wp--preset--spacing--40)\">Rock, figure f\u00e9minine, chant, ann\u00e9es 60, Janis Joplin, concert<br>\u00c2ge\u00a0: 14 ans+, lyc\u00e9e, adultes<\/h6>\n\n\n\n<p><\/p>\n<\/blockquote>\n\n\n\n<p class=\"has-foreground-color has-text-color has-link-color wp-elements-125ebed1eacfdbe9fa57bb579c08b70e\" style=\"padding-right:var(--wp--preset--spacing--40);padding-left:var(--wp--preset--spacing--40)\"><br>\u00ab Dans les ann\u00e9es 60, Janis Joplin fait une entr\u00e9e fracassante dans le panth\u00e9on du rock et bouscule les normes. Com\u00e8te flamboyante, la chanteuse blanche \u00e0 la voix noire marque son \u00e9poque et devient une l\u00e9gende \u00e0 27 ans.<br>Entre r\u00e9cit et concert, H\u00e9l\u00e8ne Palardy partage l&rsquo;histoire et le lien qu&rsquo;elle a tiss\u00e9 avec cette ic\u00f4ne. Seule, \u00e0 la guitare, elle donne \u00e0 ce biopic chant\u00e9, intime et d\u00e9cal\u00e9, une \u00e9nergie survolt\u00e9e. \u00bb<\/p>\n\n\n\n<p class=\"has-foreground-color has-text-color has-link-color wp-elements-f89640d1b0f88be869f40aa6b829229b\" style=\"margin-top:var(--wp--preset--spacing--50);margin-bottom:var(--wp--preset--spacing--50);padding-right:var(--wp--preset--spacing--40);padding-left:var(--wp--preset--spacing--40)\"><\/p>\n\n\n\n<p class=\"has-foreground-color has-text-color has-link-color wp-elements-8fedf2f8eacbdb4a26ac156a46b90276\" style=\"margin-top:var(--wp--preset--spacing--40);margin-bottom:var(--wp--preset--spacing--40)\"><strong>Une phrase presse :<\/strong> \u00ab Tous les spectateurs sont pendus \u00e0 ses l\u00e8vres tant elle ravive les souvenirs de cette chanteuse unique. \u00bb <em>Le t\u00e9l\u00e9gramme<\/em><\/p>\n\n\n\n<p class=\"has-foreground-color has-text-color has-link-color wp-elements-3c12d69f8f0b77ae786d4cc557e0e261\" style=\"padding-right:var(--wp--preset--spacing--40);padding-left:var(--wp--preset--spacing--40)\"><br><strong>Lieux de repr\u00e9sentation&nbsp;<\/strong>: forme plateau (r\u00e9gie son et lumi\u00e8re), salles de concert ou salles peu \u00e9quip\u00e9es<\/p>\n\n\n\n<p class=\"has-foreground-color has-text-color has-link-color wp-elements-db38fcb84073926590ce1adcb1aba428\" style=\"padding-top:var(--wp--preset--spacing--40);padding-right:var(--wp--preset--spacing--40);padding-bottom:var(--wp--preset--spacing--40);padding-left:var(--wp--preset--spacing--40)\"><strong>\u00c9quipe artiste&nbsp;au plateau<\/strong>&nbsp;: <a href=\"https:\/\/spectacles.lamaisonduconte.com\/index.php\/helene-palardy-fiche-artiste\/\" data-type=\"page\" data-id=\"710\">H\u00e9l\u00e8ne Palardy<\/a><\/p>\n\n\n\n<p class=\"has-foreground-color has-text-color has-link-color wp-elements-991a4c78b03a41434daf3b92aeee445e\" style=\"padding-right:var(--wp--preset--spacing--40);padding-left:var(--wp--preset--spacing--40)\"><strong>Teaser <\/strong>:<\/p>\n\n\n\n<figure class=\"wp-block-embed is-type-video is-provider-youtube wp-block-embed-youtube wp-embed-aspect-16-9 wp-has-aspect-ratio\"><div class=\"wp-block-embed__wrapper\">\n<iframe loading=\"lazy\" title=\"\u00d4 Janis ! de H\u00e9l\u00e8ne Palardy\" width=\"500\" height=\"281\" src=\"https:\/\/www.youtube.com\/embed\/OpsvUxpGNm8?feature=oembed\" frameborder=\"0\" allow=\"accelerometer; autoplay; clipboard-write; encrypted-media; gyroscope; picture-in-picture; web-share\" referrerpolicy=\"strict-origin-when-cross-origin\" allowfullscreen><\/iframe>\n<\/div><\/figure>\n\n\n\n<p class=\"has-foreground-color has-text-color has-link-color wp-elements-c0966e74f137907ce2f0ff01d94530d4\" style=\"padding-top:var(--wp--preset--spacing--50);padding-right:var(--wp--preset--spacing--40);padding-bottom:var(--wp--preset--spacing--50);padding-left:var(--wp--preset--spacing--40)\"><strong>Production&nbsp;<\/strong>: Cie des 3 Pas \/ Coproductions et soutiens : Le Nombril du Monde, La Maison du Conte, Union R\u00e9gionale des Foyers Ruraux du Poitou-Charentes, Chiny cit\u00e9 des contes, Foyers Ruraux de Haute-Marne, Centre des Arts du R\u00e9cit en Is\u00e8re.<\/p>\n\n\n\n<p class=\"has-foreground-color has-text-color has-link-color wp-elements-321fbb9de58ee41dd5cbc91ad582584c\" style=\"padding-right:var(--wp--preset--spacing--40);padding-left:var(--wp--preset--spacing--40)\"><strong>Contact : <\/strong><\/p>\n\n\n\n<p class=\"has-foreground-color has-text-color has-link-color wp-elements-1daa7b6fdb856ae624af00bca527b38c\" style=\"padding-right:var(--wp--preset--spacing--60);padding-left:var(--wp--preset--spacing--60)\">e-mail : <a href=\"mailto:ciedes3pas@gmail.com\">ciedes3pas@gmail.com<\/a><\/p>\n\n\n\n<p class=\"has-foreground-color has-text-color has-link-color wp-elements-3132afacef09d1b955a32db0574abdf3\" style=\"padding-right:var(--wp--preset--spacing--60);padding-left:var(--wp--preset--spacing--60)\">Site web : <a href=\"https:\/\/www.helene-palardy.com\">www.helene-palardy.com<\/a><\/p>\n\n\n\n<p class=\"has-foreground-color has-text-color has-link-color wp-elements-c971cffce2ffbb4e3dc494333ac78149\" style=\"padding-top:var(--wp--preset--spacing--60);padding-right:var(--wp--preset--spacing--40);padding-bottom:var(--wp--preset--spacing--60);padding-left:var(--wp--preset--spacing--40)\"><\/p>\n","protected":false},"excerpt":{"rendered":"<p>\u00d4 JANIS ! Rock, figure f\u00e9minine, chant, ann\u00e9es 60, Janis Joplin, concert\u00c2ge\u00a0: 14 ans+, lyc\u00e9e, adultes \u00ab Dans les ann\u00e9es [&hellip;]<\/p>\n","protected":false},"author":1,"featured_media":269,"parent":0,"menu_order":0,"comment_status":"closed","ping_status":"closed","template":"","meta":{"footnotes":""},"class_list":["post-712","page","type-page","status-publish","has-post-thumbnail","hentry"],"_links":{"self":[{"href":"https:\/\/spectacles.lamaisonduconte.com\/index.php\/wp-json\/wp\/v2\/pages\/712","targetHints":{"allow":["GET"]}}],"collection":[{"href":"https:\/\/spectacles.lamaisonduconte.com\/index.php\/wp-json\/wp\/v2\/pages"}],"about":[{"href":"https:\/\/spectacles.lamaisonduconte.com\/index.php\/wp-json\/wp\/v2\/types\/page"}],"author":[{"embeddable":true,"href":"https:\/\/spectacles.lamaisonduconte.com\/index.php\/wp-json\/wp\/v2\/users\/1"}],"replies":[{"embeddable":true,"href":"https:\/\/spectacles.lamaisonduconte.com\/index.php\/wp-json\/wp\/v2\/comments?post=712"}],"version-history":[{"count":9,"href":"https:\/\/spectacles.lamaisonduconte.com\/index.php\/wp-json\/wp\/v2\/pages\/712\/revisions"}],"predecessor-version":[{"id":1506,"href":"https:\/\/spectacles.lamaisonduconte.com\/index.php\/wp-json\/wp\/v2\/pages\/712\/revisions\/1506"}],"wp:featuredmedia":[{"embeddable":true,"href":"https:\/\/spectacles.lamaisonduconte.com\/index.php\/wp-json\/wp\/v2\/media\/269"}],"wp:attachment":[{"href":"https:\/\/spectacles.lamaisonduconte.com\/index.php\/wp-json\/wp\/v2\/media?parent=712"}],"curies":[{"name":"wp","href":"https:\/\/api.w.org\/{rel}","templated":true}]}}