{"id":719,"date":"2024-12-02T16:04:17","date_gmt":"2024-12-02T15:04:17","guid":{"rendered":"https:\/\/spectacles.lamaisonduconte.com\/?page_id=719"},"modified":"2025-01-14T12:31:43","modified_gmt":"2025-01-14T11:31:43","slug":"alex-pattie-le-chat-et-le-bol-de-porridge","status":"publish","type":"page","link":"https:\/\/spectacles.lamaisonduconte.com\/index.php\/alex-pattie-le-chat-et-le-bol-de-porridge\/","title":{"rendered":"Alex Pattie &#8211; Le chat et le bol de porridge"},"content":{"rendered":"\n<figure class=\"wp-block-image size-full is-resized\" style=\"margin-right:var(--wp--preset--spacing--40);margin-left:var(--wp--preset--spacing--40)\"><img loading=\"lazy\" decoding=\"async\" width=\"567\" height=\"700\" src=\"http:\/\/spectacles.lamaisonduconte.com\/wp-content\/uploads\/2024\/11\/SP-Pattie-chat.jpg\" alt=\"\" class=\"wp-image-253\" style=\"width:357px\" srcset=\"https:\/\/spectacles.lamaisonduconte.com\/wp-content\/uploads\/2024\/11\/SP-Pattie-chat.jpg 567w, https:\/\/spectacles.lamaisonduconte.com\/wp-content\/uploads\/2024\/11\/SP-Pattie-chat-243x300.jpg 243w\" sizes=\"auto, (max-width: 567px) 100vw, 567px\" \/><\/figure>\n\n\n\n<h2 class=\"wp-block-heading has-foreground-color has-text-color has-link-color wp-elements-22f7d278322ae167c01ec84d6751def2\" style=\"padding-right:var(--wp--preset--spacing--40);padding-left:var(--wp--preset--spacing--40)\"><br>LE CHAT ET LE BOL DE PORRIDGE<br><\/h2>\n\n\n\n<blockquote class=\"wp-block-quote has-foreground-color has-text-color has-link-color has-extra-small-font-size wp-elements-984d76dea78be40eb7c7a6de2c78e403 is-layout-flow wp-block-quote-is-layout-flow\" style=\"padding-right:0;padding-left:0\">\n<h6 class=\"wp-block-heading has-raleway-font-family has-extra-small-font-size\" style=\"padding-right:var(--wp--preset--spacing--40);padding-left:var(--wp--preset--spacing--40)\">Cosmologie, science, conte de randonn\u00e9e, \u00e9cologie<br>\u00c2ge\u00a0: 6 ans+, \u00e9l\u00e9mentaire<\/h6>\n\n\n\n<p><\/p>\n<\/blockquote>\n\n\n\n<p class=\"has-foreground-color has-text-color has-link-color wp-elements-74bbb0eedb31ba454cbacf69c28d5593\" style=\"padding-right:var(--wp--preset--spacing--40);padding-left:var(--wp--preset--spacing--40)\"><br>\u00ab Nous sommes n\u00e9s d\u2019une \u00e9tincelle d\u2019\u00e9toile et nous vivons sur un grumeau de porridge, dans le ventre d\u2019un chat. Voil\u00e0 la th\u00e9orie d\u2019Alex Pattie pour expliquer l\u2019origine du monde. Une histoire \u00e0 l\u2019humour so british qui allie contes traditionnels sur les origines du monde et th\u00e9ories scientifiques sur le Big Bang. \u00bb<\/p>\n\n\n\n<p class=\"has-foreground-color has-text-color has-link-color wp-elements-4b9943a40f5816ba74f9591d1d1d6832\" style=\"padding-right:var(--wp--preset--spacing--40);padding-left:var(--wp--preset--spacing--40)\"><\/p>\n\n\n\n<p class=\"has-foreground-color has-text-color has-link-color wp-elements-ba1238313e84d32e61af7a13624464d4\"><\/p>\n\n\n\n<p class=\"has-foreground-color has-text-color has-link-color wp-elements-1bbd3377c0c799ce1692ccd6c5ca60c4\" style=\"padding-right:var(--wp--preset--spacing--40);padding-left:var(--wp--preset--spacing--40)\"><br><strong>Lieux de repr\u00e9sentation&nbsp;<\/strong>: forme pour plateau (r\u00e9gie son et lumi\u00e8re), forme LND (lieux non d\u00e9di\u00e9s), forme espace public<\/p>\n\n\n\n<p class=\"has-foreground-color has-text-color has-link-color wp-elements-c65491936cce31f6a36cc2fc6f02c392\" style=\"padding-top:var(--wp--preset--spacing--40);padding-right:var(--wp--preset--spacing--40);padding-bottom:var(--wp--preset--spacing--40);padding-left:var(--wp--preset--spacing--40)\"><strong>\u00c9quipe artiste&nbsp;au plateau<\/strong>&nbsp;: <a href=\"https:\/\/spectacles.lamaisonduconte.com\/index.php\/alex-pattie-fiche-artiste\/\" data-type=\"page\" data-id=\"717\">Alex Pattie<\/a><\/p>\n\n\n\n<p class=\"has-foreground-color has-text-color has-link-color wp-elements-a1938647efc50dc8a2256cd8e2b64eac\" style=\"padding-right:var(--wp--preset--spacing--40);padding-left:var(--wp--preset--spacing--40)\"><strong>Production&nbsp;<\/strong>: Ce projet est coproduit et soutenu dans le cadre du Programme H\u00e9lice, dispositif d\u2019accompagnement collectif \u00e0 la cr\u00e9ation, cor\u00e9alis\u00e9 par Le Th\u00e9\u00e2tre des Sources \u00e0 Fontenay-aux-Roses, Rumeurs Urbaines \/ Compagnie Le Temps de Vivre \u00e0 Colombes et La Maison du Conte de Chevilly-Larue, avec le soutien de la R\u00e9gion \u00cele-de-France.<\/p>\n\n\n\n<p class=\"has-foreground-color has-text-color has-link-color wp-elements-4861c563b4dadc57a0686e47d2c4b742\" style=\"padding-top:var(--wp--preset--spacing--60);padding-right:var(--wp--preset--spacing--40);padding-bottom:var(--wp--preset--spacing--60);padding-left:var(--wp--preset--spacing--40)\"><strong>Contact : <\/strong><\/p>\n\n\n\n<p class=\"has-foreground-color has-text-color has-link-color wp-elements-af0e873cf8c63ba714bd426ab6753ad4\" style=\"padding-right:var(--wp--preset--spacing--40);padding-left:var(--wp--preset--spacing--40)\">e-mail : <a href=\"mailto:enfindutangible@outlook.com\">enfindutangible@outlook.com<\/a><\/p>\n\n\n\n<p class=\"has-foreground-color has-text-color has-link-color wp-elements-60671bbc066dcb7acca74fe5e6fdbffb\" style=\"padding-right:var(--wp--preset--spacing--40);padding-left:var(--wp--preset--spacing--40)\">Site web : <a href=\"https:\/\/www.enfindutangible.com\">www.enfindutangible.com<\/a><\/p>\n","protected":false},"excerpt":{"rendered":"<p>LE CHAT ET LE BOL DE PORRIDGE Cosmologie, science, conte de randonn\u00e9e, \u00e9cologie\u00c2ge\u00a0: 6 ans+, \u00e9l\u00e9mentaire \u00ab Nous sommes n\u00e9s [&hellip;]<\/p>\n","protected":false},"author":1,"featured_media":253,"parent":0,"menu_order":0,"comment_status":"closed","ping_status":"closed","template":"","meta":{"footnotes":""},"class_list":["post-719","page","type-page","status-publish","has-post-thumbnail","hentry"],"_links":{"self":[{"href":"https:\/\/spectacles.lamaisonduconte.com\/index.php\/wp-json\/wp\/v2\/pages\/719","targetHints":{"allow":["GET"]}}],"collection":[{"href":"https:\/\/spectacles.lamaisonduconte.com\/index.php\/wp-json\/wp\/v2\/pages"}],"about":[{"href":"https:\/\/spectacles.lamaisonduconte.com\/index.php\/wp-json\/wp\/v2\/types\/page"}],"author":[{"embeddable":true,"href":"https:\/\/spectacles.lamaisonduconte.com\/index.php\/wp-json\/wp\/v2\/users\/1"}],"replies":[{"embeddable":true,"href":"https:\/\/spectacles.lamaisonduconte.com\/index.php\/wp-json\/wp\/v2\/comments?post=719"}],"version-history":[{"count":6,"href":"https:\/\/spectacles.lamaisonduconte.com\/index.php\/wp-json\/wp\/v2\/pages\/719\/revisions"}],"predecessor-version":[{"id":1505,"href":"https:\/\/spectacles.lamaisonduconte.com\/index.php\/wp-json\/wp\/v2\/pages\/719\/revisions\/1505"}],"wp:featuredmedia":[{"embeddable":true,"href":"https:\/\/spectacles.lamaisonduconte.com\/index.php\/wp-json\/wp\/v2\/media\/253"}],"wp:attachment":[{"href":"https:\/\/spectacles.lamaisonduconte.com\/index.php\/wp-json\/wp\/v2\/media?parent=719"}],"curies":[{"name":"wp","href":"https:\/\/api.w.org\/{rel}","templated":true}]}}