{"id":736,"date":"2024-12-02T17:32:34","date_gmt":"2024-12-02T16:32:34","guid":{"rendered":"https:\/\/spectacles.lamaisonduconte.com\/?page_id=736"},"modified":"2025-01-14T11:58:16","modified_gmt":"2025-01-14T10:58:16","slug":"fred-pougeard-metamorphoses","status":"publish","type":"page","link":"https:\/\/spectacles.lamaisonduconte.com\/index.php\/fred-pougeard-metamorphoses\/","title":{"rendered":"Fred Pougeard \/ Renaud Collet &#8211; M\u00e9tamorphoses"},"content":{"rendered":"\n<figure class=\"wp-block-image size-full is-resized\" style=\"margin-right:var(--wp--preset--spacing--40);margin-left:var(--wp--preset--spacing--40)\"><img loading=\"lazy\" decoding=\"async\" width=\"567\" height=\"700\" src=\"http:\/\/spectacles.lamaisonduconte.com\/wp-content\/uploads\/2024\/11\/SP-Pougeard-metamorphoses-1.jpg\" alt=\"\" class=\"wp-image-1126\" style=\"width:357px\" srcset=\"https:\/\/spectacles.lamaisonduconte.com\/wp-content\/uploads\/2024\/11\/SP-Pougeard-metamorphoses-1.jpg 567w, https:\/\/spectacles.lamaisonduconte.com\/wp-content\/uploads\/2024\/11\/SP-Pougeard-metamorphoses-1-243x300.jpg 243w\" sizes=\"auto, (max-width: 567px) 100vw, 567px\" \/><\/figure>\n\n\n\n<h2 class=\"wp-block-heading has-foreground-color has-text-color has-link-color wp-elements-c95f991b160923014a0c92a92c66131d\" style=\"padding-right:var(--wp--preset--spacing--40);padding-left:var(--wp--preset--spacing--40)\"><br>DES M\u00c9TAMORPHOSES<br><\/h2>\n\n\n\n<blockquote class=\"wp-block-quote has-foreground-color has-text-color has-link-color has-extra-small-font-size wp-elements-f7c801bd95abafbc91c52f423b53f436 is-layout-flow wp-block-quote-is-layout-flow\" style=\"padding-right:0;padding-left:0\">\n<h6 class=\"wp-block-heading has-raleway-font-family has-extra-small-font-size\" style=\"padding-right:var(--wp--preset--spacing--40);padding-left:var(--wp--preset--spacing--40)\">Mythologie, musique, monstre<br>\u00c2ge\u00a0: 11 ans+, coll\u00e8ge, lyc\u00e9e, adultes<\/h6>\n\n\n\n<p><\/p>\n<\/blockquote>\n\n\n\n<p class=\"has-foreground-color has-text-color has-link-color wp-elements-5bfbb47818ef55fbb7948a6c2808544f\" style=\"padding-right:var(--wp--preset--spacing--40);padding-left:var(--wp--preset--spacing--40)\"><br>\u00ab Un spectacle librement inspir\u00e9 de l\u2019\u0153uvre d\u2019Ovide, compos\u00e9 de r\u00e9cits comme des miroirs de nos propres mues qui \u00e9clairent nos intimes m\u00e9tamorphoses et ont ce doux pouvoir de r\u00e9enchanter le monde. \u00bb<\/p>\n\n\n\n<p class=\"has-foreground-color has-text-color has-link-color wp-elements-4b9943a40f5816ba74f9591d1d1d6832\" style=\"padding-right:var(--wp--preset--spacing--40);padding-left:var(--wp--preset--spacing--40)\"><\/p>\n\n\n\n<p class=\"has-foreground-color has-text-color has-link-color wp-elements-4b9943a40f5816ba74f9591d1d1d6832\" style=\"padding-right:var(--wp--preset--spacing--40);padding-left:var(--wp--preset--spacing--40)\"><\/p>\n\n\n\n<p class=\"has-foreground-color has-text-color has-link-color wp-elements-ba1238313e84d32e61af7a13624464d4\"><\/p>\n\n\n\n<p class=\"has-foreground-color has-text-color has-link-color wp-elements-f0feecc27699945b93550078c237bdb5\" style=\"padding-right:var(--wp--preset--spacing--40);padding-left:var(--wp--preset--spacing--40)\"><br><strong>Lieux de repr\u00e9sentation&nbsp;<\/strong>: forme plateau (r\u00e9gie son et lumi\u00e8re) ; forme LND (lieux non-d\u00e9di\u00e9s)<\/p>\n\n\n\n<p class=\"has-foreground-color has-text-color has-link-color wp-elements-dac79e9b20fecbb3505cd751adc8833d\" style=\"padding-top:var(--wp--preset--spacing--40);padding-right:var(--wp--preset--spacing--40);padding-bottom:var(--wp--preset--spacing--40);padding-left:var(--wp--preset--spacing--40)\"><strong>\u00c9quipe artiste&nbsp;au plateau<\/strong>&nbsp;: <a href=\"https:\/\/spectacles.lamaisonduconte.com\/index.php\/fred-pougeard-fiche-artiste\/\" data-type=\"page\" data-id=\"734\">Fred Pougeard<\/a> (r\u00e9cit) et Renaud Collet (instrumentarium)<\/p>\n\n\n\n<p class=\"has-foreground-color has-text-color has-link-color wp-elements-fd060a9680cc59aa7bc9249e7c4a1146\" style=\"padding-right:var(--wp--preset--spacing--40);padding-left:var(--wp--preset--spacing--40)\"><strong>Production&nbsp;<\/strong>: Cie L\u2019All\u00e9gresse du Pourpre \/ Coproductions : L\u2019Association Nova Villa \u2013 Festival M\u00e9li\u2019m\u00f4me, MJC Calonne de Sedan et le Centre des Arts du R\u00e9cit \u2013 Sc\u00e8ne conventionn\u00e9e d\u2019int\u00e9r\u00eat national \u00ab Art et Cr\u00e9ation \u00bb \/ Soutiens : La Maison du Conte<\/p>\n\n\n\n<p class=\"has-foreground-color has-text-color has-link-color wp-elements-4b9943a40f5816ba74f9591d1d1d6832\" style=\"padding-right:var(--wp--preset--spacing--40);padding-left:var(--wp--preset--spacing--40)\"><\/p>\n\n\n\n<p class=\"has-foreground-color has-text-color has-link-color wp-elements-4861c563b4dadc57a0686e47d2c4b742\" style=\"padding-top:var(--wp--preset--spacing--60);padding-right:var(--wp--preset--spacing--40);padding-bottom:var(--wp--preset--spacing--60);padding-left:var(--wp--preset--spacing--40)\"><strong>Contact : <\/strong><\/p>\n\n\n\n<p class=\"has-foreground-color has-text-color has-link-color wp-elements-12da66db3a86f1dc79def3b996e6b2b0\" style=\"padding-right:var(--wp--preset--spacing--40);padding-left:var(--wp--preset--spacing--40)\">e-mail : <a href=\"mailto:cie.allegresse@gmail.com\">cie.allegresse@gmail.com<\/a><\/p>\n\n\n\n<p class=\"has-foreground-color has-text-color has-link-color wp-elements-420ba1f3c37b06cc9a541179380ac0af\" style=\"padding-right:var(--wp--preset--spacing--40);padding-left:var(--wp--preset--spacing--40)\">Site web : <a href=\"https:\/\/www.allegressedupourpre.fr\">www.allegressedupourpre.fr<\/a><\/p>\n\n\n\n<p class=\"has-foreground-color has-text-color has-link-color wp-elements-4b9943a40f5816ba74f9591d1d1d6832\" style=\"padding-right:var(--wp--preset--spacing--40);padding-left:var(--wp--preset--spacing--40)\"><\/p>\n\n\n\n<p class=\"has-foreground-color has-text-color has-link-color wp-elements-4b9943a40f5816ba74f9591d1d1d6832\" style=\"padding-right:var(--wp--preset--spacing--40);padding-left:var(--wp--preset--spacing--40)\"><\/p>\n","protected":false},"excerpt":{"rendered":"<p>DES M\u00c9TAMORPHOSES Mythologie, musique, monstre\u00c2ge\u00a0: 11 ans+, coll\u00e8ge, lyc\u00e9e, adultes \u00ab Un spectacle librement inspir\u00e9 de l\u2019\u0153uvre d\u2019Ovide, compos\u00e9 de [&hellip;]<\/p>\n","protected":false},"author":1,"featured_media":1126,"parent":0,"menu_order":0,"comment_status":"closed","ping_status":"closed","template":"","meta":{"footnotes":""},"class_list":["post-736","page","type-page","status-publish","has-post-thumbnail","hentry"],"_links":{"self":[{"href":"https:\/\/spectacles.lamaisonduconte.com\/index.php\/wp-json\/wp\/v2\/pages\/736","targetHints":{"allow":["GET"]}}],"collection":[{"href":"https:\/\/spectacles.lamaisonduconte.com\/index.php\/wp-json\/wp\/v2\/pages"}],"about":[{"href":"https:\/\/spectacles.lamaisonduconte.com\/index.php\/wp-json\/wp\/v2\/types\/page"}],"author":[{"embeddable":true,"href":"https:\/\/spectacles.lamaisonduconte.com\/index.php\/wp-json\/wp\/v2\/users\/1"}],"replies":[{"embeddable":true,"href":"https:\/\/spectacles.lamaisonduconte.com\/index.php\/wp-json\/wp\/v2\/comments?post=736"}],"version-history":[{"count":10,"href":"https:\/\/spectacles.lamaisonduconte.com\/index.php\/wp-json\/wp\/v2\/pages\/736\/revisions"}],"predecessor-version":[{"id":1458,"href":"https:\/\/spectacles.lamaisonduconte.com\/index.php\/wp-json\/wp\/v2\/pages\/736\/revisions\/1458"}],"wp:featuredmedia":[{"embeddable":true,"href":"https:\/\/spectacles.lamaisonduconte.com\/index.php\/wp-json\/wp\/v2\/media\/1126"}],"wp:attachment":[{"href":"https:\/\/spectacles.lamaisonduconte.com\/index.php\/wp-json\/wp\/v2\/media?parent=736"}],"curies":[{"name":"wp","href":"https:\/\/api.w.org\/{rel}","templated":true}]}}

Fred Pougeard / Renaud Collet &#8211; Métamorphoses

<figure class="wp-block-image size-full is-resized" style="margin-right:var(--wp--preset--spacing--40);margin-left:var(--wp--preset--spacing--40)"><img loading="lazy" decoding="async" width="567" height="700" src="http://spectacles.lamaisonduconte.com/wp-content/uploads/2024/11/SP-Pougeard-metamorphoses-1.jpg" alt="" class="wp-image-1126" style="width:357px" srcset="https://spectacles.lamaisonduconte.com/wp-content/uploads/2024/11/SP-Pougeard-metamorphoses-1.jpg 567w, https://spectacles.lamaisonduconte.com/wp-content/uploads/2024/11/SP-Pougeard-metamorphoses-1-243x300.jpg 243w" sizes="auto, (max-width: 567px) 100vw, 567px" /></figure>



<h2 class="wp-block-heading has-foreground-color has-text-color has-link-color wp-elements-c95f991b160923014a0c92a92c66131d" style="padding-right:var(--wp--preset--spacing--40);padding-left:var(--wp--preset--spacing--40)"><br>DES MÉTAMORPHOSES<br></h2>



<blockquote class="wp-block-quote has-foreground-color has-text-color has-link-color has-extra-small-font-size wp-elements-f7c801bd95abafbc91c52f423b53f436 is-layout-flow wp-block-quote-is-layout-flow" style="padding-right:0;padding-left:0">
<h6 class="wp-block-heading has-raleway-font-family has-extra-small-font-size" style="padding-right:var(--wp--preset--spacing--40);padding-left:var(--wp--preset--spacing--40)">Mythologie, musique, monstre<br>Âge : 11 ans+, collège, lycée, adultes</h6>



<p></p>
</blockquote>



<p class="has-foreground-color has-text-color has-link-color wp-elements-5bfbb47818ef55fbb7948a6c2808544f" style="padding-right:var(--wp--preset--spacing--40);padding-left:var(--wp--preset--spacing--40)"><br>« Un spectacle librement inspiré de l’œuvre d’Ovide, composé de récits comme des miroirs de nos propres mues qui éclairent nos intimes métamorphoses et ont ce doux pouvoir de réenchanter le monde. »</p>



<p class="has-foreground-color has-text-color has-link-color wp-elements-4b9943a40f5816ba74f9591d1d1d6832" style="padding-right:var(--wp--preset--spacing--40);padding-left:var(--wp--preset--spacing--40)"></p>



<p class="has-foreground-color has-text-color has-link-color wp-elements-4b9943a40f5816ba74f9591d1d1d6832" style="padding-right:var(--wp--preset--spacing--40);padding-left:var(--wp--preset--spacing--40)"></p>



<p class="has-foreground-color has-text-color has-link-color wp-elements-ba1238313e84d32e61af7a13624464d4"></p>



<p class="has-foreground-color has-text-color has-link-color wp-elements-f0feecc27699945b93550078c237bdb5" style="padding-right:var(--wp--preset--spacing--40);padding-left:var(--wp--preset--spacing--40)"><br><strong>Lieux de représentation&nbsp;</strong>: forme plateau (régie son et lumière) ; forme LND (lieux non-dédiés)</p>



<p class="has-foreground-color has-text-color has-link-color wp-elements-dac79e9b20fecbb3505cd751adc8833d" style="padding-top:var(--wp--preset--spacing--40);padding-right:var(--wp--preset--spacing--40);padding-bottom:var(--wp--preset--spacing--40);padding-left:var(--wp--preset--spacing--40)"><strong>Équipe artiste&nbsp;au plateau</strong>&nbsp;: <a href="https://spectacles.lamaisonduconte.com/index.php/fred-pougeard-fiche-artiste/" data-type="page" data-id="734">Fred Pougeard</a> (récit) et Renaud Collet (instrumentarium)</p>



<p class="has-foreground-color has-text-color has-link-color wp-elements-fd060a9680cc59aa7bc9249e7c4a1146" style="padding-right:var(--wp--preset--spacing--40);padding-left:var(--wp--preset--spacing--40)"><strong>Production&nbsp;</strong>: Cie L’Allégresse du Pourpre / Coproductions : L’Association Nova Villa – Festival Méli’môme, MJC Calonne de Sedan et le Centre des Arts du Récit – Scène conventionnée d’intérêt national « Art et Création » / Soutiens : La Maison du Conte</p>



<p class="has-foreground-color has-text-color has-link-color wp-elements-4b9943a40f5816ba74f9591d1d1d6832" style="padding-right:var(--wp--preset--spacing--40);padding-left:var(--wp--preset--spacing--40)"></p>



<p class="has-foreground-color has-text-color has-link-color wp-elements-4861c563b4dadc57a0686e47d2c4b742" style="padding-top:var(--wp--preset--spacing--60);padding-right:var(--wp--preset--spacing--40);padding-bottom:var(--wp--preset--spacing--60);padding-left:var(--wp--preset--spacing--40)"><strong>Contact : </strong></p>



<p class="has-foreground-color has-text-color has-link-color wp-elements-12da66db3a86f1dc79def3b996e6b2b0" style="padding-right:var(--wp--preset--spacing--40);padding-left:var(--wp--preset--spacing--40)">e-mail : <a href="mailto:cie.allegresse@gmail.com">cie.allegresse@gmail.com</a></p>



<p class="has-foreground-color has-text-color has-link-color wp-elements-420ba1f3c37b06cc9a541179380ac0af" style="padding-right:var(--wp--preset--spacing--40);padding-left:var(--wp--preset--spacing--40)">Site web : <a href="https://www.allegressedupourpre.fr">www.allegressedupourpre.fr</a></p>



<p class="has-foreground-color has-text-color has-link-color wp-elements-4b9943a40f5816ba74f9591d1d1d6832" style="padding-right:var(--wp--preset--spacing--40);padding-left:var(--wp--preset--spacing--40)"></p>



<p class="has-foreground-color has-text-color has-link-color wp-elements-4b9943a40f5816ba74f9591d1d1d6832" style="padding-right:var(--wp--preset--spacing--40);padding-left:var(--wp--preset--spacing--40)"></p>

<p>DES MÉTAMORPHOSES Mythologie, musique, monstreÂge : 11 ans+, collège, lycée, adultes « Un spectacle librement inspiré de l’œuvre d’Ovide, composé de [&hellip;]</p>
