{"id":775,"date":"2024-12-02T18:39:25","date_gmt":"2024-12-02T17:39:25","guid":{"rendered":"https:\/\/spectacles.lamaisonduconte.com\/?page_id=775"},"modified":"2025-01-14T12:30:13","modified_gmt":"2025-01-14T11:30:13","slug":"marien-tillet-une-vampire-au-soleil","status":"publish","type":"page","link":"https:\/\/spectacles.lamaisonduconte.com\/index.php\/marien-tillet-une-vampire-au-soleil\/","title":{"rendered":"Marik Renner \/ Marien Tillet &#8211; Une vampire au soleil"},"content":{"rendered":"\n<figure class=\"wp-block-image size-full is-resized\" style=\"margin-right:var(--wp--preset--spacing--40);margin-left:var(--wp--preset--spacing--40)\"><img loading=\"lazy\" decoding=\"async\" width=\"567\" height=\"700\" src=\"http:\/\/spectacles.lamaisonduconte.com\/wp-content\/uploads\/2024\/11\/SP-Tillet-vampire-1.jpg\" alt=\"\" class=\"wp-image-1165\" style=\"width:357px\" srcset=\"https:\/\/spectacles.lamaisonduconte.com\/wp-content\/uploads\/2024\/11\/SP-Tillet-vampire-1.jpg 567w, https:\/\/spectacles.lamaisonduconte.com\/wp-content\/uploads\/2024\/11\/SP-Tillet-vampire-1-243x300.jpg 243w\" sizes=\"auto, (max-width: 567px) 100vw, 567px\" \/><\/figure>\n\n\n\n<h2 class=\"wp-block-heading has-foreground-color has-text-color has-link-color wp-elements-f0a57a24d051d375cfd599c3b84217e4\" style=\"padding-right:var(--wp--preset--spacing--40);padding-left:var(--wp--preset--spacing--40)\"><br>UNE VAMPIRE AU SOLEIL<br><\/h2>\n\n\n\n<blockquote class=\"wp-block-quote has-foreground-color has-text-color has-link-color has-extra-small-font-size wp-elements-32dad59676932fea55fc2eadc8d2adc3 is-layout-flow wp-block-quote-is-layout-flow\" style=\"padding-right:0;padding-left:0\">\n<h6 class=\"wp-block-heading has-raleway-font-family has-extra-small-font-size\" style=\"padding-right:var(--wp--preset--spacing--40);padding-left:var(--wp--preset--spacing--40)\">Histoire fantastique, vampire, emprise, musique, folie<br>\u00c2ge\u00a0: 13 ans+, coll\u00e8ge, lyc\u00e9e, adultes<\/h6>\n\n\n\n<p><\/p>\n<\/blockquote>\n\n\n\n<p class=\"has-foreground-color has-text-color has-link-color wp-elements-b8fb5f9b82450e7158c8c64f6433740a\" style=\"padding-right:var(--wp--preset--spacing--40);padding-left:var(--wp--preset--spacing--40)\"><br>\u00ab Une vampire prend la parole. Loin du glamour des films et s\u00e9ries am\u00e9ricaines, loin des clich\u00e9s d&rsquo;ail, de pieux et autres crucifix, elle raconte ses souvenirs. Mais la m\u00e9moire lui fait d\u00e9faut. Mais est-elle vraiment vampire ? Le r\u00e9cit instable et sinueux d&rsquo;une femme sous emprise, prenant le risque de l&rsquo;exposition, de la br\u00fblure irr\u00e9m\u00e9diable. \u00bb<\/p>\n\n\n\n<p class=\"has-foreground-color has-text-color has-link-color wp-elements-4b9943a40f5816ba74f9591d1d1d6832\" style=\"padding-right:var(--wp--preset--spacing--40);padding-left:var(--wp--preset--spacing--40)\"><\/p>\n\n\n\n<p class=\"has-foreground-color has-text-color has-link-color wp-elements-ba1238313e84d32e61af7a13624464d4\"><\/p>\n\n\n\n<p class=\"has-foreground-color has-text-color has-link-color wp-elements-b245ad21586fd04584a3d60ea37708b3\" style=\"padding-right:var(--wp--preset--spacing--40);padding-left:var(--wp--preset--spacing--40)\"><br><strong>Lieux de repr\u00e9sentation&nbsp;<\/strong>: forme plateau (r\u00e9gie son et lumi\u00e8re)<\/p>\n\n\n\n<p class=\"has-foreground-color has-text-color has-link-color wp-elements-69208d1b4d6856960a2aafd6c751af00\" style=\"padding-top:var(--wp--preset--spacing--40);padding-right:var(--wp--preset--spacing--40);padding-bottom:var(--wp--preset--spacing--40);padding-left:var(--wp--preset--spacing--40)\"><strong>\u00c9quipe artiste&nbsp;au plateau<\/strong>&nbsp;: Marik Renner (jeu) et <a href=\"https:\/\/spectacles.lamaisonduconte.com\/index.php\/marien-tillet-fiche-artiste\/\" data-type=\"page\" data-id=\"773\">Marien Tillet<\/a> (jeu et musique)<\/p>\n\n\n\n<p class=\"has-foreground-color has-text-color has-link-color wp-elements-00f97c7b74e1e07a7f5556c2c16569e0\" style=\"padding-right:var(--wp--preset--spacing--40);padding-left:var(--wp--preset--spacing--40)\"><strong>Teaser<\/strong> :<\/p>\n\n\n\n<figure class=\"wp-block-embed is-type-video is-provider-vimeo wp-block-embed-vimeo wp-embed-aspect-16-9 wp-has-aspect-ratio\"><div class=\"wp-block-embed__wrapper\">\n<iframe loading=\"lazy\" title=\"Une Vampire au Soleil - teaser\" src=\"https:\/\/player.vimeo.com\/video\/809054657?dnt=1&amp;app_id=122963\" width=\"500\" height=\"281\" frameborder=\"0\" allow=\"autoplay; fullscreen; picture-in-picture; clipboard-write\"><\/iframe>\n<\/div><\/figure>\n\n\n\n<p class=\"has-foreground-color has-text-color has-link-color wp-elements-1c79c1fc3293c927e9c5b23573300450\" style=\"padding-right:var(--wp--preset--spacing--40);padding-left:var(--wp--preset--spacing--40)\"><strong>Production&nbsp;<\/strong>: <\/p>\n\n\n\n<p class=\"has-foreground-color has-text-color has-link-color wp-elements-56919efd11a7211a2ef42837e08c511e\" style=\"padding-right:var(--wp--preset--spacing--40);padding-left:var(--wp--preset--spacing--40)\">Cie Le Cri de l\u2019Armoire \/ Coproductions : La Maison du Conte, La Manekine \/ Soutiens et r\u00e9sidences : les Tr\u00e9teaux de France, Le T.A.G. Grigny, P\u00f4le culturel de Chorges, Centre culturel de Gonesse, La Manufacture \u2013 Avignon \/ Cor\u00e9alisation : Le Th\u00e9\u00e2tre Dunois (Paris) \/ Ce spectacle a b\u00e9n\u00e9fici\u00e9 de l&rsquo;aide \u00e0 la diffusion de la SPEDIDAM.<\/p>\n\n\n\n<p class=\"has-foreground-color has-text-color has-link-color wp-elements-4861c563b4dadc57a0686e47d2c4b742\" style=\"padding-top:var(--wp--preset--spacing--60);padding-right:var(--wp--preset--spacing--40);padding-bottom:var(--wp--preset--spacing--60);padding-left:var(--wp--preset--spacing--40)\"><strong>Contact : <\/strong><\/p>\n\n\n\n<p class=\"has-foreground-color has-text-color has-link-color wp-elements-f4d1f6c9144e718af439459a6833200e\" style=\"margin-top:var(--wp--preset--spacing--30);margin-right:0;margin-bottom:var(--wp--preset--spacing--30);margin-left:var(--wp--preset--spacing--60);padding-right:var(--wp--preset--spacing--40);padding-left:var(--wp--preset--spacing--40)\">e-mail : <a href=\"mailto:marien.tillet@gmail.com\">marien.tillet@gmail.com<\/a><\/p>\n\n\n\n<p class=\"has-foreground-color has-text-color has-link-color wp-elements-02ee47aa436d180e221657962ba4c880\" style=\"padding-right:var(--wp--preset--spacing--40);padding-left:var(--wp--preset--spacing--40)\">Site web : <a href=\"https:\/\/www.lecridelarmoire.fr\">www.lecridelarmoire.fr<\/a><\/p>\n","protected":false},"excerpt":{"rendered":"<p>UNE VAMPIRE AU SOLEIL Histoire fantastique, vampire, emprise, musique, folie\u00c2ge\u00a0: 13 ans+, coll\u00e8ge, lyc\u00e9e, adultes \u00ab Une vampire prend la [&hellip;]<\/p>\n","protected":false},"author":1,"featured_media":1165,"parent":0,"menu_order":0,"comment_status":"closed","ping_status":"closed","template":"","meta":{"footnotes":""},"class_list":["post-775","page","type-page","status-publish","has-post-thumbnail","hentry"],"_links":{"self":[{"href":"https:\/\/spectacles.lamaisonduconte.com\/index.php\/wp-json\/wp\/v2\/pages\/775","targetHints":{"allow":["GET"]}}],"collection":[{"href":"https:\/\/spectacles.lamaisonduconte.com\/index.php\/wp-json\/wp\/v2\/pages"}],"about":[{"href":"https:\/\/spectacles.lamaisonduconte.com\/index.php\/wp-json\/wp\/v2\/types\/page"}],"author":[{"embeddable":true,"href":"https:\/\/spectacles.lamaisonduconte.com\/index.php\/wp-json\/wp\/v2\/users\/1"}],"replies":[{"embeddable":true,"href":"https:\/\/spectacles.lamaisonduconte.com\/index.php\/wp-json\/wp\/v2\/comments?post=775"}],"version-history":[{"count":7,"href":"https:\/\/spectacles.lamaisonduconte.com\/index.php\/wp-json\/wp\/v2\/pages\/775\/revisions"}],"predecessor-version":[{"id":1502,"href":"https:\/\/spectacles.lamaisonduconte.com\/index.php\/wp-json\/wp\/v2\/pages\/775\/revisions\/1502"}],"wp:featuredmedia":[{"embeddable":true,"href":"https:\/\/spectacles.lamaisonduconte.com\/index.php\/wp-json\/wp\/v2\/media\/1165"}],"wp:attachment":[{"href":"https:\/\/spectacles.lamaisonduconte.com\/index.php\/wp-json\/wp\/v2\/media?parent=775"}],"curies":[{"name":"wp","href":"https:\/\/api.w.org\/{rel}","templated":true}]}}

<figure class="wp-block-image size-full is-resized" style="margin-right:var(--wp--preset--spacing--40);margin-left:var(--wp--preset--spacing--40)"><img loading="lazy" decoding="async" width="567" height="700" src="http://spectacles.lamaisonduconte.com/wp-content/uploads/2024/11/SP-Tillet-vampire-1.jpg" alt="" class="wp-image-1165" style="width:357px" srcset="https://spectacles.lamaisonduconte.com/wp-content/uploads/2024/11/SP-Tillet-vampire-1.jpg 567w, https://spectacles.lamaisonduconte.com/wp-content/uploads/2024/11/SP-Tillet-vampire-1-243x300.jpg 243w" sizes="auto, (max-width: 567px) 100vw, 567px" /></figure>



<h2 class="wp-block-heading has-foreground-color has-text-color has-link-color wp-elements-f0a57a24d051d375cfd599c3b84217e4" style="padding-right:var(--wp--preset--spacing--40);padding-left:var(--wp--preset--spacing--40)"><br>UNE VAMPIRE AU SOLEIL<br></h2>



<blockquote class="wp-block-quote has-foreground-color has-text-color has-link-color has-extra-small-font-size wp-elements-32dad59676932fea55fc2eadc8d2adc3 is-layout-flow wp-block-quote-is-layout-flow" style="padding-right:0;padding-left:0">
<h6 class="wp-block-heading has-raleway-font-family has-extra-small-font-size" style="padding-right:var(--wp--preset--spacing--40);padding-left:var(--wp--preset--spacing--40)">Histoire fantastique, vampire, emprise, musique, folie<br>Âge : 13 ans+, collège, lycée, adultes</h6>



<p></p>
</blockquote>



<p class="has-foreground-color has-text-color has-link-color wp-elements-b8fb5f9b82450e7158c8c64f6433740a" style="padding-right:var(--wp--preset--spacing--40);padding-left:var(--wp--preset--spacing--40)"><br>« Une vampire prend la parole. Loin du glamour des films et séries américaines, loin des clichés d&rsquo;ail, de pieux et autres crucifix, elle raconte ses souvenirs. Mais la mémoire lui fait défaut. Mais est-elle vraiment vampire ? Le récit instable et sinueux d&rsquo;une femme sous emprise, prenant le risque de l&rsquo;exposition, de la brûlure irrémédiable. »</p>



<p class="has-foreground-color has-text-color has-link-color wp-elements-4b9943a40f5816ba74f9591d1d1d6832" style="padding-right:var(--wp--preset--spacing--40);padding-left:var(--wp--preset--spacing--40)"></p>



<p class="has-foreground-color has-text-color has-link-color wp-elements-ba1238313e84d32e61af7a13624464d4"></p>



<p class="has-foreground-color has-text-color has-link-color wp-elements-b245ad21586fd04584a3d60ea37708b3" style="padding-right:var(--wp--preset--spacing--40);padding-left:var(--wp--preset--spacing--40)"><br><strong>Lieux de représentation&nbsp;</strong>: forme plateau (régie son et lumière)</p>



<p class="has-foreground-color has-text-color has-link-color wp-elements-69208d1b4d6856960a2aafd6c751af00" style="padding-top:var(--wp--preset--spacing--40);padding-right:var(--wp--preset--spacing--40);padding-bottom:var(--wp--preset--spacing--40);padding-left:var(--wp--preset--spacing--40)"><strong>Équipe artiste&nbsp;au plateau</strong>&nbsp;: Marik Renner (jeu) et <a href="https://spectacles.lamaisonduconte.com/index.php/marien-tillet-fiche-artiste/" data-type="page" data-id="773">Marien Tillet</a> (jeu et musique)</p>



<p class="has-foreground-color has-text-color has-link-color wp-elements-00f97c7b74e1e07a7f5556c2c16569e0" style="padding-right:var(--wp--preset--spacing--40);padding-left:var(--wp--preset--spacing--40)"><strong>Teaser</strong> :</p>



<figure class="wp-block-embed is-type-video is-provider-vimeo wp-block-embed-vimeo wp-embed-aspect-16-9 wp-has-aspect-ratio"><div class="wp-block-embed__wrapper">
<iframe loading="lazy" title="Une Vampire au Soleil - teaser" src="https://player.vimeo.com/video/809054657?dnt=1&amp;app_id=122963" width="500" height="281" frameborder="0" allow="autoplay; fullscreen; picture-in-picture; clipboard-write"></iframe>
</div></figure>



<p class="has-foreground-color has-text-color has-link-color wp-elements-1c79c1fc3293c927e9c5b23573300450" style="padding-right:var(--wp--preset--spacing--40);padding-left:var(--wp--preset--spacing--40)"><strong>Production&nbsp;</strong>: </p>



<p class="has-foreground-color has-text-color has-link-color wp-elements-56919efd11a7211a2ef42837e08c511e" style="padding-right:var(--wp--preset--spacing--40);padding-left:var(--wp--preset--spacing--40)">Cie Le Cri de l’Armoire / Coproductions : La Maison du Conte, La Manekine / Soutiens et résidences : les Tréteaux de France, Le T.A.G. Grigny, Pôle culturel de Chorges, Centre culturel de Gonesse, La Manufacture – Avignon / Coréalisation : Le Théâtre Dunois (Paris) / Ce spectacle a bénéficié de l&rsquo;aide à la diffusion de la SPEDIDAM.</p>



<p class="has-foreground-color has-text-color has-link-color wp-elements-4861c563b4dadc57a0686e47d2c4b742" style="padding-top:var(--wp--preset--spacing--60);padding-right:var(--wp--preset--spacing--40);padding-bottom:var(--wp--preset--spacing--60);padding-left:var(--wp--preset--spacing--40)"><strong>Contact : </strong></p>



<p class="has-foreground-color has-text-color has-link-color wp-elements-f4d1f6c9144e718af439459a6833200e" style="margin-top:var(--wp--preset--spacing--30);margin-right:0;margin-bottom:var(--wp--preset--spacing--30);margin-left:var(--wp--preset--spacing--60);padding-right:var(--wp--preset--spacing--40);padding-left:var(--wp--preset--spacing--40)">e-mail : <a href="mailto:marien.tillet@gmail.com">marien.tillet@gmail.com</a></p>



<p class="has-foreground-color has-text-color has-link-color wp-elements-02ee47aa436d180e221657962ba4c880" style="padding-right:var(--wp--preset--spacing--40);padding-left:var(--wp--preset--spacing--40)">Site web : <a href="https://www.lecridelarmoire.fr">www.lecridelarmoire.fr</a></p>

<p>UNE VAMPIRE AU SOLEIL Histoire fantastique, vampire, emprise, musique, folieÂge : 13 ans+, collège, lycée, adultes « Une vampire prend la [&hellip;]</p>
