{"id":784,"date":"2024-12-02T18:54:41","date_gmt":"2024-12-02T17:54:41","guid":{"rendered":"https:\/\/spectacles.lamaisonduconte.com\/?page_id=784"},"modified":"2026-03-24T09:40:21","modified_gmt":"2026-03-24T08:40:21","slug":"francine-vidal-fiche-artiste","status":"publish","type":"page","link":"https:\/\/spectacles.lamaisonduconte.com\/index.php\/francine-vidal-fiche-artiste\/","title":{"rendered":"Francine Vidal &#8211; Fiche artiste"},"content":{"rendered":"\n<p class=\"has-foreground-color has-text-color has-link-color has-extra-large-font-size wp-elements-b3fcc116a85e468b1501354d3c4975ed\" style=\"padding-right:var(--wp--preset--spacing--60);padding-left:var(--wp--preset--spacing--60)\"><strong>FRANCINE VIDAL<\/strong><br><\/p>\n\n\n\n<figure class=\"wp-block-image size-full is-resized is-style-rounded\" style=\"margin-top:var(--wp--preset--spacing--40);margin-right:var(--wp--preset--spacing--50);margin-bottom:var(--wp--preset--spacing--40);margin-left:var(--wp--preset--spacing--50)\"><img loading=\"lazy\" decoding=\"async\" width=\"567\" height=\"567\" src=\"http:\/\/spectacles.lamaisonduconte.com\/wp-content\/uploads\/2024\/11\/VIDAL-Francine.jpg\" alt=\"\" class=\"wp-image-96\" style=\"width:auto;height:250px\" srcset=\"https:\/\/spectacles.lamaisonduconte.com\/wp-content\/uploads\/2024\/11\/VIDAL-Francine.jpg 567w, https:\/\/spectacles.lamaisonduconte.com\/wp-content\/uploads\/2024\/11\/VIDAL-Francine-300x300.jpg 300w, https:\/\/spectacles.lamaisonduconte.com\/wp-content\/uploads\/2024\/11\/VIDAL-Francine-150x150.jpg 150w\" sizes=\"auto, (max-width: 567px) 100vw, 567px\" \/><\/figure>\n\n\n\n<p><\/p>\n\n\n\n<p class=\"has-foreground-color has-text-color has-link-color wp-elements-04fa2b4bf03ca7cfda2e26e1c527c3ae\" style=\"padding-right:var(--wp--preset--spacing--60);padding-left:var(--wp--preset--spacing--60)\"><br><strong>Lien avec La Maison du Conte :<\/strong><br>Artiste soutenue en cr\u00e9ation<\/p>\n\n\n\n<p class=\"has-foreground-color has-text-color has-link-color wp-elements-057ae605174ca82c3cc35f07fb788bdf\" style=\"padding-right:var(--wp--preset--spacing--60);padding-left:var(--wp--preset--spacing--60)\"><br><strong>Situation g\u00e9ographique :<\/strong><br>Bourgogne-Franche-Comt\u00e9<\/p>\n\n\n\n<p><\/p>\n\n\n\n<p class=\"has-foreground-color has-text-color has-link-color wp-elements-dc2034cadb1987457404aa72bd910b2a\" style=\"padding-top:var(--wp--preset--spacing--40);padding-right:var(--wp--preset--spacing--60);padding-bottom:var(--wp--preset--spacing--40);padding-left:var(--wp--preset--spacing--60)\"><strong>Compagnie :<\/strong> Cie Caracol<\/p>\n\n\n\n<p><\/p>\n\n\n\n<p class=\"has-foreground-color has-text-color has-link-color wp-elements-cf014018ed3bda8de3aa14281e68ca58\" style=\"padding-right:var(--wp--preset--spacing--60);padding-left:var(--wp--preset--spacing--60)\"><br><strong>Contact : <\/strong><\/p>\n\n\n\n<p class=\"has-foreground-color has-text-color has-link-color wp-elements-367b5134df800ad1076b6c117eca0125\" style=\"margin-top:var(--wp--preset--spacing--30);margin-right:var(--wp--preset--spacing--60);margin-bottom:var(--wp--preset--spacing--30);margin-left:var(--wp--preset--spacing--60)\"><\/p>\n\n\n\n<p class=\"has-foreground-color has-text-color has-link-color wp-elements-c2325268c242bd9054d4b5fd85e26d34\" style=\"padding-right:var(--wp--preset--spacing--60);padding-left:var(--wp--preset--spacing--60)\">e-mail : <a href=\"mailto:bonjour@parolesenjeu.fr\">bonjour@parolesenjeu.fr<\/a><\/p>\n\n\n\n<p class=\"has-foreground-color has-text-color has-link-color wp-elements-eb8f1db9f649560d9eb437c3ac6f3a05\" style=\"padding-right:var(--wp--preset--spacing--60);padding-left:var(--wp--preset--spacing--60)\">Site web : <a href=\"https:\/\/www.parolesenjeu.fr\/\">parolesenjeu.fr<\/a><\/p>\n\n\n\n<p><\/p>\n\n\n\n<p><\/p>\n\n\n\n<p class=\"has-foreground-color has-text-color has-link-color wp-elements-26e5fc7a46fe0ff3425cd132b63fbcaf\" style=\"padding-top:var(--wp--preset--spacing--40);padding-right:var(--wp--preset--spacing--60);padding-bottom:var(--wp--preset--spacing--40);padding-left:var(--wp--preset--spacing--60)\"><strong>Spectacles produits\/Co-produits\/Accompagn\u00e9s<\/strong><\/p>\n\n\n\n<p><\/p>\n\n\n\n<p class=\"has-foreground-color has-text-color has-link-color wp-elements-8e6588f478b5effed3400c2f2bebc8ca\" style=\"padding-right:var(--wp--preset--spacing--60);padding-left:var(--wp--preset--spacing--60)\"><\/p>\n\n\n\n<div class=\"wp-block-group is-nowrap is-layout-flex wp-container-core-group-is-layout-6c531013 wp-block-group-is-layout-flex\">\n<div class=\"wp-block-group is-nowrap is-layout-flex wp-container-core-group-is-layout-5b9859e8 wp-block-group-is-layout-flex\" style=\"padding-top:0;padding-right:var(--wp--preset--spacing--60);padding-bottom:0;padding-left:var(--wp--preset--spacing--60)\">\n<figure class=\"wp-block-image size-full is-resized\"><a href=\"https:\/\/spectacles.lamaisonduconte.com\/index.php\/francine-vidal-ta-langue-est-ton-cheval\/\"><img loading=\"lazy\" decoding=\"async\" width=\"567\" height=\"700\" src=\"http:\/\/spectacles.lamaisonduconte.com\/wp-content\/uploads\/2024\/11\/SP-Vidal-cheval.jpg\" alt=\"\" class=\"wp-image-264\" style=\"width:217px;height:auto\" srcset=\"https:\/\/spectacles.lamaisonduconte.com\/wp-content\/uploads\/2024\/11\/SP-Vidal-cheval.jpg 567w, https:\/\/spectacles.lamaisonduconte.com\/wp-content\/uploads\/2024\/11\/SP-Vidal-cheval-243x300.jpg 243w\" sizes=\"auto, (max-width: 567px) 100vw, 567px\" \/><\/a><\/figure>\n<\/div>\n\n\n\n<figure class=\"wp-block-image size-full is-resized\"><a href=\"https:\/\/spectacles.lamaisonduconte.com\/index.php\/francine-vidal-cafe-ulysse\/\"><img loading=\"lazy\" decoding=\"async\" width=\"567\" height=\"700\" src=\"http:\/\/spectacles.lamaisonduconte.com\/wp-content\/uploads\/2025\/01\/SP-Vidal-cafe-Ulysse.jpg\" alt=\"\" class=\"wp-image-1290\" style=\"width:217px\" srcset=\"https:\/\/spectacles.lamaisonduconte.com\/wp-content\/uploads\/2025\/01\/SP-Vidal-cafe-Ulysse.jpg 567w, https:\/\/spectacles.lamaisonduconte.com\/wp-content\/uploads\/2025\/01\/SP-Vidal-cafe-Ulysse-243x300.jpg 243w\" sizes=\"auto, (max-width: 567px) 100vw, 567px\" \/><\/a><\/figure>\n<\/div>\n","protected":false},"excerpt":{"rendered":"<p>FRANCINE VIDAL Lien avec La Maison du Conte :Artiste soutenue en cr\u00e9ation Situation g\u00e9ographique :Bourgogne-Franche-Comt\u00e9 Compagnie : Cie Caracol Contact [&hellip;]<\/p>\n","protected":false},"author":1,"featured_media":96,"parent":0,"menu_order":0,"comment_status":"closed","ping_status":"closed","template":"","meta":{"footnotes":""},"class_list":["post-784","page","type-page","status-publish","has-post-thumbnail","hentry"],"_links":{"self":[{"href":"https:\/\/spectacles.lamaisonduconte.com\/index.php\/wp-json\/wp\/v2\/pages\/784","targetHints":{"allow":["GET"]}}],"collection":[{"href":"https:\/\/spectacles.lamaisonduconte.com\/index.php\/wp-json\/wp\/v2\/pages"}],"about":[{"href":"https:\/\/spectacles.lamaisonduconte.com\/index.php\/wp-json\/wp\/v2\/types\/page"}],"author":[{"embeddable":true,"href":"https:\/\/spectacles.lamaisonduconte.com\/index.php\/wp-json\/wp\/v2\/users\/1"}],"replies":[{"embeddable":true,"href":"https:\/\/spectacles.lamaisonduconte.com\/index.php\/wp-json\/wp\/v2\/comments?post=784"}],"version-history":[{"count":5,"href":"https:\/\/spectacles.lamaisonduconte.com\/index.php\/wp-json\/wp\/v2\/pages\/784\/revisions"}],"predecessor-version":[{"id":1811,"href":"https:\/\/spectacles.lamaisonduconte.com\/index.php\/wp-json\/wp\/v2\/pages\/784\/revisions\/1811"}],"wp:featuredmedia":[{"embeddable":true,"href":"https:\/\/spectacles.lamaisonduconte.com\/index.php\/wp-json\/wp\/v2\/media\/96"}],"wp:attachment":[{"href":"https:\/\/spectacles.lamaisonduconte.com\/index.php\/wp-json\/wp\/v2\/media?parent=784"}],"curies":[{"name":"wp","href":"https:\/\/api.w.org\/{rel}","templated":true}]}}

<p class="has-foreground-color has-text-color has-link-color has-extra-large-font-size wp-elements-b3fcc116a85e468b1501354d3c4975ed" style="padding-right:var(--wp--preset--spacing--60);padding-left:var(--wp--preset--spacing--60)"><strong>FRANCINE VIDAL</strong><br></p>



<figure class="wp-block-image size-full is-resized is-style-rounded" style="margin-top:var(--wp--preset--spacing--40);margin-right:var(--wp--preset--spacing--50);margin-bottom:var(--wp--preset--spacing--40);margin-left:var(--wp--preset--spacing--50)"><img loading="lazy" decoding="async" width="567" height="567" src="http://spectacles.lamaisonduconte.com/wp-content/uploads/2024/11/VIDAL-Francine.jpg" alt="" class="wp-image-96" style="width:auto;height:250px" srcset="https://spectacles.lamaisonduconte.com/wp-content/uploads/2024/11/VIDAL-Francine.jpg 567w, https://spectacles.lamaisonduconte.com/wp-content/uploads/2024/11/VIDAL-Francine-300x300.jpg 300w, https://spectacles.lamaisonduconte.com/wp-content/uploads/2024/11/VIDAL-Francine-150x150.jpg 150w" sizes="auto, (max-width: 567px) 100vw, 567px" /></figure>



<p></p>



<p class="has-foreground-color has-text-color has-link-color wp-elements-04fa2b4bf03ca7cfda2e26e1c527c3ae" style="padding-right:var(--wp--preset--spacing--60);padding-left:var(--wp--preset--spacing--60)"><br><strong>Lien avec La Maison du Conte :</strong><br>Artiste soutenue en création</p>



<p class="has-foreground-color has-text-color has-link-color wp-elements-057ae605174ca82c3cc35f07fb788bdf" style="padding-right:var(--wp--preset--spacing--60);padding-left:var(--wp--preset--spacing--60)"><br><strong>Situation géographique :</strong><br>Bourgogne-Franche-Comté</p>



<p></p>



<p class="has-foreground-color has-text-color has-link-color wp-elements-dc2034cadb1987457404aa72bd910b2a" style="padding-top:var(--wp--preset--spacing--40);padding-right:var(--wp--preset--spacing--60);padding-bottom:var(--wp--preset--spacing--40);padding-left:var(--wp--preset--spacing--60)"><strong>Compagnie :</strong> Cie Caracol</p>



<p></p>



<p class="has-foreground-color has-text-color has-link-color wp-elements-cf014018ed3bda8de3aa14281e68ca58" style="padding-right:var(--wp--preset--spacing--60);padding-left:var(--wp--preset--spacing--60)"><br><strong>Contact : </strong></p>



<p class="has-foreground-color has-text-color has-link-color wp-elements-367b5134df800ad1076b6c117eca0125" style="margin-top:var(--wp--preset--spacing--30);margin-right:var(--wp--preset--spacing--60);margin-bottom:var(--wp--preset--spacing--30);margin-left:var(--wp--preset--spacing--60)"></p>



<p class="has-foreground-color has-text-color has-link-color wp-elements-c2325268c242bd9054d4b5fd85e26d34" style="padding-right:var(--wp--preset--spacing--60);padding-left:var(--wp--preset--spacing--60)">e-mail : <a href="mailto:bonjour@parolesenjeu.fr">bonjour@parolesenjeu.fr</a></p>



<p class="has-foreground-color has-text-color has-link-color wp-elements-eb8f1db9f649560d9eb437c3ac6f3a05" style="padding-right:var(--wp--preset--spacing--60);padding-left:var(--wp--preset--spacing--60)">Site web : <a href="https://www.parolesenjeu.fr/">parolesenjeu.fr</a></p>



<p></p>



<p></p>



<p class="has-foreground-color has-text-color has-link-color wp-elements-26e5fc7a46fe0ff3425cd132b63fbcaf" style="padding-top:var(--wp--preset--spacing--40);padding-right:var(--wp--preset--spacing--60);padding-bottom:var(--wp--preset--spacing--40);padding-left:var(--wp--preset--spacing--60)"><strong>Spectacles produits/Co-produits/Accompagnés</strong></p>



<p></p>



<p class="has-foreground-color has-text-color has-link-color wp-elements-8e6588f478b5effed3400c2f2bebc8ca" style="padding-right:var(--wp--preset--spacing--60);padding-left:var(--wp--preset--spacing--60)"></p>



<div class="wp-block-group is-nowrap is-layout-flex wp-container-core-group-is-layout-6c531013 wp-block-group-is-layout-flex">
<div class="wp-block-group is-nowrap is-layout-flex wp-container-core-group-is-layout-5b9859e8 wp-block-group-is-layout-flex" style="padding-top:0;padding-right:var(--wp--preset--spacing--60);padding-bottom:0;padding-left:var(--wp--preset--spacing--60)">
<figure class="wp-block-image size-full is-resized"><a href="https://spectacles.lamaisonduconte.com/index.php/francine-vidal-ta-langue-est-ton-cheval/"><img loading="lazy" decoding="async" width="567" height="700" src="http://spectacles.lamaisonduconte.com/wp-content/uploads/2024/11/SP-Vidal-cheval.jpg" alt="" class="wp-image-264" style="width:217px;height:auto" srcset="https://spectacles.lamaisonduconte.com/wp-content/uploads/2024/11/SP-Vidal-cheval.jpg 567w, https://spectacles.lamaisonduconte.com/wp-content/uploads/2024/11/SP-Vidal-cheval-243x300.jpg 243w" sizes="auto, (max-width: 567px) 100vw, 567px" /></a></figure>
</div>



<figure class="wp-block-image size-full is-resized"><a href="https://spectacles.lamaisonduconte.com/index.php/francine-vidal-cafe-ulysse/"><img loading="lazy" decoding="async" width="567" height="700" src="http://spectacles.lamaisonduconte.com/wp-content/uploads/2025/01/SP-Vidal-cafe-Ulysse.jpg" alt="" class="wp-image-1290" style="width:217px" srcset="https://spectacles.lamaisonduconte.com/wp-content/uploads/2025/01/SP-Vidal-cafe-Ulysse.jpg 567w, https://spectacles.lamaisonduconte.com/wp-content/uploads/2025/01/SP-Vidal-cafe-Ulysse-243x300.jpg 243w" sizes="auto, (max-width: 567px) 100vw, 567px" /></a></figure>
</div>

<p>FRANCINE VIDAL Lien avec La Maison du Conte :Artiste soutenue en création Situation géographique :Bourgogne-Franche-Comté Compagnie : Cie Caracol Contact [&hellip;]</p>
