{"id":793,"date":"2024-12-02T19:16:46","date_gmt":"2024-12-02T18:16:46","guid":{"rendered":"https:\/\/spectacles.lamaisonduconte.com\/?page_id=793"},"modified":"2025-01-22T10:23:07","modified_gmt":"2025-01-22T09:23:07","slug":"sophie-wilhelm-la-bete-a-sept-tetes","status":"publish","type":"page","link":"https:\/\/spectacles.lamaisonduconte.com\/index.php\/sophie-wilhelm-la-bete-a-sept-tetes\/","title":{"rendered":"Sophie Wilhelm \/ Jean-Fran\u00e7ois Vrod &#8211; La b\u00eate \u00e0 sept t\u00eates"},"content":{"rendered":"\n<figure class=\"wp-block-image size-full is-resized\" style=\"margin-right:var(--wp--preset--spacing--40);margin-left:var(--wp--preset--spacing--40)\"><img loading=\"lazy\" decoding=\"async\" width=\"567\" height=\"700\" src=\"https:\/\/spectacles.lamaisonduconte.com\/wp-content\/uploads\/2025\/01\/SP-Wilhelm-sept-1.jpg\" alt=\"\" class=\"wp-image-1609\" style=\"width:357px\" srcset=\"https:\/\/spectacles.lamaisonduconte.com\/wp-content\/uploads\/2025\/01\/SP-Wilhelm-sept-1.jpg 567w, https:\/\/spectacles.lamaisonduconte.com\/wp-content\/uploads\/2025\/01\/SP-Wilhelm-sept-1-243x300.jpg 243w\" sizes=\"auto, (max-width: 567px) 100vw, 567px\" \/><\/figure>\n\n\n\n<h2 class=\"wp-block-heading has-foreground-color has-text-color has-link-color wp-elements-3e9a5e39714c9a4980be5b835117ca2a\" style=\"padding-right:var(--wp--preset--spacing--40);padding-left:var(--wp--preset--spacing--40)\"><br>LA B\u00caTE \u00c0 7 T\u00caTES<br><\/h2>\n\n\n\n<blockquote class=\"wp-block-quote has-foreground-color has-text-color has-link-color has-extra-small-font-size wp-elements-88ed5bb8e883e5f89a6cf6c8c629e134 is-layout-flow wp-block-quote-is-layout-flow\" style=\"padding-right:0;padding-left:0\">\n<h6 class=\"wp-block-heading has-raleway-font-family has-extra-small-font-size\" style=\"padding-right:var(--wp--preset--spacing--40);padding-left:var(--wp--preset--spacing--40)\">\u00c9cologie, conte merveilleux, eau, musique, chant<br>\u00c2ge&nbsp;: 9 ans+, \u00e9l\u00e9mentaire, coll\u00e8ge, lyc\u00e9e, adultes<\/h6>\n\n\n\n<p><\/p>\n<\/blockquote>\n\n\n\n<p class=\"has-foreground-color has-text-color has-link-color wp-elements-00b78d5150063a2a9f8c5e66796b6c75\" style=\"padding-right:var(--wp--preset--spacing--40);padding-left:var(--wp--preset--spacing--40)\"><br>\u00ab Un fr\u00e8re. Une s\u0153ur. Dans cette histoire inspir\u00e9e d\u2019un conte traditionnel, les deux h\u00e9ros veulent comprendre pourquoi la rivi\u00e8re qui fait vivre -leur pays s\u2019ass\u00e8che. Ils d\u00e9couvrent qu\u2019une b\u00eate f\u00e9roce terrorise la contr\u00e9e voisine : elle d\u00e9vore les jeunes gens et s\u2019accapare l\u2019eau. Fr\u00e8re et s\u0153ur sont d\u00e9termin\u00e9s \u00e0 tout faire pour d\u00e9fendre la pr\u00e9cieuse ressource. Cette aventure riche en rebondissements o\u00f9 la narration, la musique et le mouvement s\u2019entrelacent, devient une r\u00e9jouissante fable \u00e9cologique. \u00bb<\/p>\n\n\n\n<p class=\"has-foreground-color has-text-color has-link-color wp-elements-4b9943a40f5816ba74f9591d1d1d6832\" style=\"padding-right:var(--wp--preset--spacing--40);padding-left:var(--wp--preset--spacing--40)\"><\/p>\n\n\n\n<p class=\"has-foreground-color has-text-color has-link-color wp-elements-ba1238313e84d32e61af7a13624464d4\"><\/p>\n\n\n\n<p class=\"has-foreground-color has-text-color has-link-color wp-elements-443aa8d40380f92638b4cabda049530d\" style=\"padding-right:var(--wp--preset--spacing--40);padding-left:var(--wp--preset--spacing--40)\"><br><strong>Lieux de repr\u00e9sentation&nbsp;<\/strong>: forme plateau (r\u00e9gie son et lumi\u00e8re), forme LND (lieux non-d\u00e9di\u00e9s)<\/p>\n\n\n\n<p class=\"has-foreground-color has-text-color has-link-color wp-elements-cb1daea7beac6bf1183d85767949b91e\" style=\"padding-top:var(--wp--preset--spacing--40);padding-right:var(--wp--preset--spacing--40);padding-bottom:var(--wp--preset--spacing--40);padding-left:var(--wp--preset--spacing--40)\"><strong>\u00c9quipe artiste&nbsp;au plateau<\/strong>&nbsp;: <a href=\"https:\/\/spectacles.lamaisonduconte.com\/index.php\/sophie-wilhelm-fiche-artiste\/\" data-type=\"page\" data-id=\"790\">Sophie Wilhelm<\/a> (narration, objets) et Jean-Fran\u00e7ois Vrod (violon, voix, objets)<\/p>\n\n\n\n<p class=\"has-foreground-color has-text-color has-link-color wp-elements-00f97c7b74e1e07a7f5556c2c16569e0\" style=\"padding-right:var(--wp--preset--spacing--40);padding-left:var(--wp--preset--spacing--40)\"><strong>Teaser<\/strong> :<\/p>\n\n\n\n<figure class=\"wp-block-embed is-type-video is-provider-vimeo wp-block-embed-vimeo wp-embed-aspect-16-9 wp-has-aspect-ratio\"><div class=\"wp-block-embed__wrapper\">\n<iframe loading=\"lazy\" title=\"La b\u00eate \u00e0 7 t\u00eates\" src=\"https:\/\/player.vimeo.com\/video\/917176972?dnt=1&amp;app_id=122963\" width=\"500\" height=\"281\" frameborder=\"0\" allow=\"autoplay; fullscreen; picture-in-picture; clipboard-write; encrypted-media\"><\/iframe>\n<\/div><\/figure>\n\n\n\n<p class=\"has-foreground-color has-text-color has-link-color wp-elements-1c79c1fc3293c927e9c5b23573300450\" style=\"padding-right:var(--wp--preset--spacing--40);padding-left:var(--wp--preset--spacing--40)\"><strong>Production&nbsp;<\/strong>: <\/p>\n\n\n\n<p class=\"has-foreground-color has-text-color has-link-color wp-elements-94fd641c9a42959a84dbc8aeecd5b243\" style=\"padding-right:var(--wp--preset--spacing--40);padding-left:var(--wp--preset--spacing--40)\">Cie Les Mots du vent \/ Coproductions : Ath\u00e9nor \u2013 Sc\u00e8ne nomade-CNCM de Saint-Nazaire ; La Maison de l\u2019Oralit\u00e9 et du Patrimoine de Capbreton ; Centre des Arts du R\u00e9cit ; Compagnie Vrod&amp;Co \/ Accueil en r\u00e9sidence : La Maison du Conte de Chevilly-Larue (94) ; Le Parc Naturel de Bri\u00e8re (44) ; La Maison de la Musique \u2013 CRC de Meylan (38) ; Chez Lily (64) \/ Avec le soutien de la SACEM, du d\u00e9partement de Val de Marne (94), l\u2019aide \u00e0 la cr\u00e9ation de la R\u00e9gion Grand Est et du D\u00e9partement de la Meuse (55).<\/p>\n\n\n\n<p class=\"has-foreground-color has-text-color has-link-color wp-elements-4861c563b4dadc57a0686e47d2c4b742\" style=\"padding-top:var(--wp--preset--spacing--60);padding-right:var(--wp--preset--spacing--40);padding-bottom:var(--wp--preset--spacing--60);padding-left:var(--wp--preset--spacing--40)\"><strong>Contact : <\/strong><\/p>\n\n\n\n<p class=\"has-foreground-color has-text-color has-link-color wp-elements-5bdd0c825e46186a6cca9455d29d5672\" style=\"margin-top:var(--wp--preset--spacing--30);margin-right:0;margin-bottom:var(--wp--preset--spacing--30);margin-left:var(--wp--preset--spacing--60);padding-right:var(--wp--preset--spacing--40);padding-left:var(--wp--preset--spacing--40)\">e-mail : <a href=\"mailto:sophie.wilhelm@lesmotsduvent.org\">sophie.wilhelm@lesmotsduvent.org<\/a><\/p>\n\n\n\n<p class=\"has-foreground-color has-text-color has-link-color wp-elements-2f1bae52f01df1dd5f0fcec006b5d3ab\" style=\"padding-right:var(--wp--preset--spacing--40);padding-left:var(--wp--preset--spacing--40)\">Site web : <a href=\"https:\/\/lesmotsduvent.org\/\">lesmotsduvent.org<\/a><\/p>\n","protected":false},"excerpt":{"rendered":"<p>LA B\u00caTE \u00c0 7 T\u00caTES \u00c9cologie, conte merveilleux, eau, musique, chant\u00c2ge&nbsp;: 9 ans+, \u00e9l\u00e9mentaire, coll\u00e8ge, lyc\u00e9e, adultes \u00ab Un fr\u00e8re. [&hellip;]<\/p>\n","protected":false},"author":1,"featured_media":1609,"parent":0,"menu_order":0,"comment_status":"closed","ping_status":"closed","template":"","meta":{"footnotes":""},"class_list":["post-793","page","type-page","status-publish","has-post-thumbnail","hentry"],"_links":{"self":[{"href":"https:\/\/spectacles.lamaisonduconte.com\/index.php\/wp-json\/wp\/v2\/pages\/793","targetHints":{"allow":["GET"]}}],"collection":[{"href":"https:\/\/spectacles.lamaisonduconte.com\/index.php\/wp-json\/wp\/v2\/pages"}],"about":[{"href":"https:\/\/spectacles.lamaisonduconte.com\/index.php\/wp-json\/wp\/v2\/types\/page"}],"author":[{"embeddable":true,"href":"https:\/\/spectacles.lamaisonduconte.com\/index.php\/wp-json\/wp\/v2\/users\/1"}],"replies":[{"embeddable":true,"href":"https:\/\/spectacles.lamaisonduconte.com\/index.php\/wp-json\/wp\/v2\/comments?post=793"}],"version-history":[{"count":10,"href":"https:\/\/spectacles.lamaisonduconte.com\/index.php\/wp-json\/wp\/v2\/pages\/793\/revisions"}],"predecessor-version":[{"id":1610,"href":"https:\/\/spectacles.lamaisonduconte.com\/index.php\/wp-json\/wp\/v2\/pages\/793\/revisions\/1610"}],"wp:featuredmedia":[{"embeddable":true,"href":"https:\/\/spectacles.lamaisonduconte.com\/index.php\/wp-json\/wp\/v2\/media\/1609"}],"wp:attachment":[{"href":"https:\/\/spectacles.lamaisonduconte.com\/index.php\/wp-json\/wp\/v2\/media?parent=793"}],"curies":[{"name":"wp","href":"https:\/\/api.w.org\/{rel}","templated":true}]}}